{"id":2572,"date":"2022-04-15T09:38:26","date_gmt":"2022-04-15T07:38:26","guid":{"rendered":"https:\/\/www.parthages.be\/eboutique\/?post_type=product&#038;p=2572"},"modified":"2022-04-15T09:38:27","modified_gmt":"2022-04-15T07:38:27","slug":"ladulte-handicape-mental-un-etre-competent-un-etre-competent-dans-la-vie-relationnelle-vol-2","status":"publish","type":"product","link":"https:\/\/www.parthages.be\/eboutique\/produit\/ladulte-handicape-mental-un-etre-competent-un-etre-competent-dans-la-vie-relationnelle-vol-2\/","title":{"rendered":"L&rsquo;adulte handicap\u00e9 mental: un \u00eatre comp\u00e9tent : un \u00eatre comp\u00e9tent dans la vie relationnelle Vol 2"},"content":{"rendered":"<p>Actes de conf\u00e9rences:<\/p>\n<p>-vie et t\u00e9moignage de la personne handicap\u00e9e dans la soci\u00e9t\u00e9 et la communaut\u00e9 chr\u00e9tienne &#8211; Galeran G.<\/p>\n<p>-problems of mentally handicapped parents with normal children &#8211; Fauerholm J.<\/p>\n<p>-la capacit\u00e9 de l&rsquo;adulte handicap\u00e9 mental \u00e0 se mettre au service des autres, et plus particuli\u00e8rement des personnes \u00e2g\u00e9es &#8211; Le Pecheur P<\/p>\n<p>-en wat als ik ouder wordt? &#8211; Groenendaal H.<\/p>\n<p>-Identit\u00e9 et r\u00f4le du travailleur handicap\u00e9 mental &#8211; Montobbio E.<\/p>\n<p>-helping people with intellectual disabilities when they want to get married &#8211; de Ramon &#8211; Laca M.L.<\/p>\n<p>-pour une lecture \u00e0 trois \u00e9tages: famille, personne handicap\u00e9e, institution &#8211; Gergnion X., Masure J., Morales E<\/p>\n<p>S\u00e9minaires:<\/p>\n<p>-l&rsquo;accompagnement des personnes vieillissantes<\/p>\n<p>-le d\u00e9fi des personnes handicap\u00e9es mentales et leur vie affective<\/p>\n<p>CARREFOUR 88<\/p>\n<p>Congr\u00e8s de \u00ab\u00a0l&rsquo;adulte handicap\u00e9 mental : un \u00eatre comp\u00e9tent\u00a0\u00bb, Bruxelles, 3-4-5&#8211; octobre 1988<\/p>\n<p>Cote doc : 2-40-CAR-A2<\/p>\n<p><strong><em>Uniquement \u00e0 la location<\/em><\/strong><\/p>\n<span class=\"et_bloom_bottom_trigger\"><\/span>","protected":false},"excerpt":{"rendered":"<p>Actes de conf\u00e9rences: -vie et t\u00e9moignage de la personne handicap\u00e9e dans la soci\u00e9t\u00e9 et la communaut\u00e9 chr\u00e9tienne &#8211; Galeran G. -problems of mentally handicapped parents with normal children &#8211; Fauerholm J. -la capacit\u00e9 de l&rsquo;adulte handicap\u00e9 mental \u00e0 se mettre au service des autres, et plus particuli\u00e8rement des personnes \u00e2g\u00e9es &#8211; Le Pecheur P -en [&hellip;]<\/p>\n","protected":false},"featured_media":2573,"comment_status":"closed","ping_status":"closed","template":"","meta":{"_et_pb_use_builder":"","_et_pb_old_content":"","_et_gb_content_width":"","spay_email":""},"class_list":["post-2572","product","type-product","status-publish","has-post-thumbnail","hentry","product_cat-livres","product_tag-adulte","product_tag-bruxelles","product_tag-congres","product_tag-deficience","product_tag-deficience-intellectuelle","product_tag-famille","product_tag-identite-sociale","product_tag-integration-sociale","product_tag-mariage","product_tag-organisme","product_tag-personne-handicapee","product_tag-relation","product_tag-role-social","product_tag-sexualite","product_tag-societe","product_tag-troisieme-age","product_tag-vie-affective","product_tag-vie-en-societe","product_tag-vieillissement"],"jetpack_sharing_enabled":true,"jetpack_likes_enabled":true,"_links":{"self":[{"href":"https:\/\/www.parthages.be\/eboutique\/wp-json\/wp\/v2\/product\/2572","targetHints":{"allow":["GET"]}}],"collection":[{"href":"https:\/\/www.parthages.be\/eboutique\/wp-json\/wp\/v2\/product"}],"about":[{"href":"https:\/\/www.parthages.be\/eboutique\/wp-json\/wp\/v2\/types\/product"}],"replies":[{"embeddable":true,"href":"https:\/\/www.parthages.be\/eboutique\/wp-json\/wp\/v2\/comments?post=2572"}],"wp:featuredmedia":[{"embeddable":true,"href":"https:\/\/www.parthages.be\/eboutique\/wp-json\/wp\/v2\/media\/2573"}],"wp:attachment":[{"href":"https:\/\/www.parthages.be\/eboutique\/wp-json\/wp\/v2\/media?parent=2572"}],"curies":[{"name":"wp","href":"https:\/\/api.w.org\/{rel}","templated":true}]}}

L&rsquo;adulte handicapé mental: un être compétent : un être compétent dans la vie relationnelle Vol 2

<p>Actes de conférences:</p>
<p>-vie et témoignage de la personne handicapée dans la société et la communauté chrétienne &#8211; Galeran G.</p>
<p>-problems of mentally handicapped parents with normal children &#8211; Fauerholm J.</p>
<p>-la capacité de l&rsquo;adulte handicapé mental à se mettre au service des autres, et plus particulièrement des personnes âgées &#8211; Le Pecheur P</p>
<p>-en wat als ik ouder wordt? &#8211; Groenendaal H.</p>
<p>-Identité et rôle du travailleur handicapé mental &#8211; Montobbio E.</p>
<p>-helping people with intellectual disabilities when they want to get married &#8211; de Ramon &#8211; Laca M.L.</p>
<p>-pour une lecture à trois étages: famille, personne handicapée, institution &#8211; Gergnion X., Masure J., Morales E</p>
<p>Séminaires:</p>
<p>-l&rsquo;accompagnement des personnes vieillissantes</p>
<p>-le défi des personnes handicapées mentales et leur vie affective</p>
<p>CARREFOUR 88</p>
<p>Congrès de « l&rsquo;adulte handicapé mental : un être compétent », Bruxelles, 3-4-5&#8211; octobre 1988</p>
<p>Cote doc : 2-40-CAR-A2</p>
<p><strong><em>Uniquement à la location</em></strong></p>
<span class="et_bloom_bottom_trigger"></span>

<p>Actes de conférences: -vie et témoignage de la personne handicapée dans la société et la communauté chrétienne &#8211; Galeran G. -problems of mentally handicapped parents with normal children &#8211; Fauerholm J. -la capacité de l&rsquo;adulte handicapé mental à se mettre au service des autres, et plus particulièrement des personnes âgées &#8211; Le Pecheur P -en [&hellip;]</p>
