{"id":2574,"date":"2022-04-15T09:39:17","date_gmt":"2022-04-15T07:39:17","guid":{"rendered":"https:\/\/www.parthages.be\/eboutique\/?post_type=product&#038;p=2574"},"modified":"2022-04-15T09:39:17","modified_gmt":"2022-04-15T07:39:17","slug":"ladulte-handicape-mental-un-etre-competent-dans-la-vie-creative-vol-1","status":"publish","type":"product","link":"https:\/\/www.parthages.be\/eboutique\/produit\/ladulte-handicape-mental-un-etre-competent-dans-la-vie-creative-vol-1\/","title":{"rendered":"L&rsquo;adulte handicap\u00e9 mental : un \u00eatre comp\u00e9tent dans la vie cr\u00e9ative Vol 1"},"content":{"rendered":"<p>Actes de conf\u00e9rences:<\/p>\n<p>-De creativiteit als hulp bij de ontwikkeling van mentaal<\/p>\n<p>mindervaliden &#8211; Benigh J.<\/p>\n<p>-Cr\u00e9ativit\u00e9 et handicap mental &#8211; Heintz N.<\/p>\n<p>-Une exp\u00e9rience ou les mots rigueur, professionnalisme, exigence riment avec \u00e9panouissement, reconnaissance et plaisir &#8211; G\u00e9rard B.<\/p>\n<p>-Cr\u00e9ations et images &#8211; Soulages F.<\/p>\n<p>-Etre et devenir par la musique active &#8211; Buffet J.<\/p>\n<p>-Freizeitarbeit mit geistig Behinderten im landlichen Raum &#8211; B\u00e4chle H.<\/p>\n<p>&nbsp;<\/p>\n<p>S\u00e9minaires:<\/p>\n<p>-Les enjeux du th\u00e9\u00e2tre<\/p>\n<p>-L&rsquo;art comme d\u00e9livrance des comp\u00e9tences<\/p>\n<p>CARREFOUR 88<\/p>\n<p>Congr\u00e8s de \u00ab\u00a0l&rsquo;adulte handicap\u00e9 mental : un \u00eatre comp\u00e9tent\u00a0\u00bb, Bruxelles, 3-4-5&#8211; octobre 1988<\/p>\n<p>Cote doc : 2-40-CAR-A1<\/p>\n<p><strong><em>Uniquement \u00e0 la location<\/em><\/strong><\/p>\n<span class=\"et_bloom_bottom_trigger\"><\/span>","protected":false},"excerpt":{"rendered":"<p>Actes de conf\u00e9rences: -De creativiteit als hulp bij de ontwikkeling van mentaal mindervaliden &#8211; Benigh J. -Cr\u00e9ativit\u00e9 et handicap mental &#8211; Heintz N. -Une exp\u00e9rience ou les mots rigueur, professionnalisme, exigence riment avec \u00e9panouissement, reconnaissance et plaisir &#8211; G\u00e9rard B. -Cr\u00e9ations et images &#8211; Soulages F. -Etre et devenir par la musique active &#8211; Buffet [&hellip;]<\/p>\n","protected":false},"featured_media":2575,"comment_status":"closed","ping_status":"closed","template":"","meta":{"_et_pb_use_builder":"","_et_pb_old_content":"","_et_gb_content_width":"","spay_email":""},"class_list":["post-2574","product","type-product","status-publish","has-post-thumbnail","hentry","product_cat-livres","product_tag-adulte","product_tag-art","product_tag-bien-etre","product_tag-bruxelles","product_tag-congres","product_tag-creativite","product_tag-deficience","product_tag-deficience-intellectuelle","product_tag-musique","product_tag-personne-handicapee","product_tag-spectacle"],"jetpack_sharing_enabled":true,"jetpack_likes_enabled":true,"_links":{"self":[{"href":"https:\/\/www.parthages.be\/eboutique\/wp-json\/wp\/v2\/product\/2574","targetHints":{"allow":["GET"]}}],"collection":[{"href":"https:\/\/www.parthages.be\/eboutique\/wp-json\/wp\/v2\/product"}],"about":[{"href":"https:\/\/www.parthages.be\/eboutique\/wp-json\/wp\/v2\/types\/product"}],"replies":[{"embeddable":true,"href":"https:\/\/www.parthages.be\/eboutique\/wp-json\/wp\/v2\/comments?post=2574"}],"wp:featuredmedia":[{"embeddable":true,"href":"https:\/\/www.parthages.be\/eboutique\/wp-json\/wp\/v2\/media\/2575"}],"wp:attachment":[{"href":"https:\/\/www.parthages.be\/eboutique\/wp-json\/wp\/v2\/media?parent=2574"}],"curies":[{"name":"wp","href":"https:\/\/api.w.org\/{rel}","templated":true}]}}

L&rsquo;adulte handicapé mental : un être compétent dans la vie créative Vol 1

<p>Actes de conférences:</p>
<p>-De creativiteit als hulp bij de ontwikkeling van mentaal</p>
<p>mindervaliden &#8211; Benigh J.</p>
<p>-Créativité et handicap mental &#8211; Heintz N.</p>
<p>-Une expérience ou les mots rigueur, professionnalisme, exigence riment avec épanouissement, reconnaissance et plaisir &#8211; Gérard B.</p>
<p>-Créations et images &#8211; Soulages F.</p>
<p>-Etre et devenir par la musique active &#8211; Buffet J.</p>
<p>-Freizeitarbeit mit geistig Behinderten im landlichen Raum &#8211; Bächle H.</p>
<p>&nbsp;</p>
<p>Séminaires:</p>
<p>-Les enjeux du théâtre</p>
<p>-L&rsquo;art comme délivrance des compétences</p>
<p>CARREFOUR 88</p>
<p>Congrès de « l&rsquo;adulte handicapé mental : un être compétent », Bruxelles, 3-4-5&#8211; octobre 1988</p>
<p>Cote doc : 2-40-CAR-A1</p>
<p><strong><em>Uniquement à la location</em></strong></p>
<span class="et_bloom_bottom_trigger"></span>

<p>Actes de conférences: -De creativiteit als hulp bij de ontwikkeling van mentaal mindervaliden &#8211; Benigh J. -Créativité et handicap mental &#8211; Heintz N. -Une expérience ou les mots rigueur, professionnalisme, exigence riment avec épanouissement, reconnaissance et plaisir &#8211; Gérard B. -Créations et images &#8211; Soulages F. -Etre et devenir par la musique active &#8211; Buffet [&hellip;]</p>
