{"id":2578,"date":"2022-04-15T09:45:56","date_gmt":"2022-04-15T07:45:56","guid":{"rendered":"https:\/\/www.parthages.be\/eboutique\/?post_type=product&#038;p=2578"},"modified":"2022-04-15T09:46:12","modified_gmt":"2022-04-15T07:46:12","slug":"cest-ma-vie","status":"publish","type":"product","link":"https:\/\/www.parthages.be\/eboutique\/produit\/cest-ma-vie\/","title":{"rendered":"C&rsquo;est ma vie"},"content":{"rendered":"<p><strong>Actes des journ\u00e9es du 25e anniversaire de l&rsquo;APEM-T21 : 2002-2003<\/strong><\/p>\n<p>Actes consacr\u00e9s \u00e0 la trisomie 21 qui est abord\u00e9e au travers de t\u00e9moignages et de divers th\u00e8mes: l&rsquo;\u00e9cole, les loisirs, le travail, la vie affective, la sexualit\u00e9, l&rsquo;accueil et l&rsquo;h\u00e9bergement de l&rsquo;enfance \u00e0 l&rsquo;\u00e2ge adulte, les probl\u00e8mes m\u00e9dicaux et pathologie inh\u00e9rentes \u00e0 la trisomie 21, l&rsquo;aide pr\u00e9coce et la formation apr\u00e8s-\u00e9cole.<\/p>\n<p>APEM-T21<\/p>\n<p>ASSOCIATION DE PARENTS ET DE PERSONNES TRISOMIQUES 21<\/p>\n<p>2003-307p.<\/p>\n<p>Cote doc : 2-40-APE-C<\/p>\n<p><strong><em>Uniquement \u00e0 la location<\/em><\/strong><\/p>\n<span class=\"et_bloom_bottom_trigger\"><\/span>","protected":false},"excerpt":{"rendered":"<p>Actes des journ\u00e9es du 25e anniversaire de l&rsquo;APEM-T21 : 2002-2003 Actes consacr\u00e9s \u00e0 la trisomie 21 qui est abord\u00e9e au travers de t\u00e9moignages et de divers th\u00e8mes: l&rsquo;\u00e9cole, les loisirs, le travail, la vie affective, la sexualit\u00e9, l&rsquo;accueil et l&rsquo;h\u00e9bergement de l&rsquo;enfance \u00e0 l&rsquo;\u00e2ge adulte, les probl\u00e8mes m\u00e9dicaux et pathologie inh\u00e9rentes \u00e0 la trisomie 21, [&hellip;]<\/p>\n","protected":false},"featured_media":2579,"comment_status":"closed","ping_status":"closed","template":"","meta":{"_et_pb_use_builder":"","_et_pb_old_content":"","_et_gb_content_width":"","spay_email":""},"class_list":["post-2578","product","type-product","status-publish","has-post-thumbnail","hentry","product_cat-livres","product_tag-accompagnement","product_tag-accueil","product_tag-adolescence","product_tag-adulte","product_tag-aide","product_tag-audition","product_tag-autonomie","product_tag-citoyennete","product_tag-dietetique","product_tag-ecole","product_tag-enfance","product_tag-famille","product_tag-formation","product_tag-hebergement","product_tag-integration","product_tag-logement","product_tag-logement-protege","product_tag-loisir","product_tag-maladie","product_tag-obesite","product_tag-personne-handicapee","product_tag-sexualite","product_tag-systeme-digestif","product_tag-thyroide","product_tag-travail","product_tag-trisomie-21","product_tag-vie-affective","product_tag-vie-professionnelle"],"jetpack_sharing_enabled":true,"jetpack_likes_enabled":true,"_links":{"self":[{"href":"https:\/\/www.parthages.be\/eboutique\/wp-json\/wp\/v2\/product\/2578","targetHints":{"allow":["GET"]}}],"collection":[{"href":"https:\/\/www.parthages.be\/eboutique\/wp-json\/wp\/v2\/product"}],"about":[{"href":"https:\/\/www.parthages.be\/eboutique\/wp-json\/wp\/v2\/types\/product"}],"replies":[{"embeddable":true,"href":"https:\/\/www.parthages.be\/eboutique\/wp-json\/wp\/v2\/comments?post=2578"}],"wp:featuredmedia":[{"embeddable":true,"href":"https:\/\/www.parthages.be\/eboutique\/wp-json\/wp\/v2\/media\/2579"}],"wp:attachment":[{"href":"https:\/\/www.parthages.be\/eboutique\/wp-json\/wp\/v2\/media?parent=2578"}],"curies":[{"name":"wp","href":"https:\/\/api.w.org\/{rel}","templated":true}]}}

<p><strong>Actes des journées du 25e anniversaire de l&rsquo;APEM-T21 : 2002-2003</strong></p>
<p>Actes consacrés à la trisomie 21 qui est abordée au travers de témoignages et de divers thèmes: l&rsquo;école, les loisirs, le travail, la vie affective, la sexualité, l&rsquo;accueil et l&rsquo;hébergement de l&rsquo;enfance à l&rsquo;âge adulte, les problèmes médicaux et pathologie inhérentes à la trisomie 21, l&rsquo;aide précoce et la formation après-école.</p>
<p>APEM-T21</p>
<p>ASSOCIATION DE PARENTS ET DE PERSONNES TRISOMIQUES 21</p>
<p>2003-307p.</p>
<p>Cote doc : 2-40-APE-C</p>
<p><strong><em>Uniquement à la location</em></strong></p>
<span class="et_bloom_bottom_trigger"></span>

<p>Actes des journées du 25e anniversaire de l&rsquo;APEM-T21 : 2002-2003 Actes consacrés à la trisomie 21 qui est abordée au travers de témoignages et de divers thèmes: l&rsquo;école, les loisirs, le travail, la vie affective, la sexualité, l&rsquo;accueil et l&rsquo;hébergement de l&rsquo;enfance à l&rsquo;âge adulte, les problèmes médicaux et pathologie inhérentes à la trisomie 21, [&hellip;]</p>
