{"id":2580,"date":"2022-04-15T09:47:01","date_gmt":"2022-04-15T07:47:01","guid":{"rendered":"https:\/\/www.parthages.be\/eboutique\/?post_type=product&#038;p=2580"},"modified":"2022-04-15T09:47:02","modified_gmt":"2022-04-15T07:47:02","slug":"etat-de-la-recherche-en-deficience-mentale","status":"publish","type":"product","link":"https:\/\/www.parthages.be\/eboutique\/produit\/etat-de-la-recherche-en-deficience-mentale\/","title":{"rendered":"Etat de la recherche en d\u00e9ficience mentale"},"content":{"rendered":"<p>Ce congr\u00e8s est l&rsquo;occasion d&rsquo;un \u00e9change entre chercheurs et praticiens convaincus de la n\u00e9cessit\u00e9 d&rsquo;une alliance de la recherche fondamentale et de la recherche de terrain, de la vari\u00e9t\u00e9 et de la richesse des questions soulev\u00e9es par la d\u00e9ficience intellectuelle et de l&rsquo;importance d&rsquo;y r\u00e9pondre aussi compl\u00e8tement que possible pour am\u00e9liorer l&rsquo;efficacit\u00e9 des interventions et sauvegarder leur caract\u00e8re humain.<\/p>\n<ol>\n<li>D\u00e9finition et image de la d\u00e9ficience mentale<\/li>\n<li>Pr\u00e9vention et \u00e9valuation<\/li>\n<li>Etiologie, diagnostic, troubles associ\u00e9s, polyhandicap<\/li>\n<li>L&rsquo;intervention: &#8211; exp\u00e9riences et pratiques<\/li>\n<\/ol>\n<p>&#8211; recherches<\/p>\n<p>&nbsp;<\/p>\n<p>MAGEROTTE G.- KORPES P.- SALBREUX R.<\/p>\n<p>ASSOCIATION INTERNATIONALE DE RECHERCHE SCIENTIFIQUE EN FAVEUR DES PERSONNES HANDICAPEES MENTALES<\/p>\n<p>1992-530p.<\/p>\n<p>Cote doc\u00a0: 2-40-AIR-E<\/p>\n<p><strong><em>Uniquement \u00e0 la location<\/em><\/strong><\/p>\n<span class=\"et_bloom_bottom_trigger\"><\/span>","protected":false},"excerpt":{"rendered":"<p>Ce congr\u00e8s est l&rsquo;occasion d&rsquo;un \u00e9change entre chercheurs et praticiens convaincus de la n\u00e9cessit\u00e9 d&rsquo;une alliance de la recherche fondamentale et de la recherche de terrain, de la vari\u00e9t\u00e9 et de la richesse des questions soulev\u00e9es par la d\u00e9ficience intellectuelle et de l&rsquo;importance d&rsquo;y r\u00e9pondre aussi compl\u00e8tement que possible pour am\u00e9liorer l&rsquo;efficacit\u00e9 des interventions et [&hellip;]<\/p>\n","protected":false},"featured_media":2581,"comment_status":"closed","ping_status":"closed","template":"","meta":{"_et_pb_use_builder":"","_et_pb_old_content":"","_et_gb_content_width":"","spay_email":""},"class_list":["post-2580","product","type-product","status-publish","has-post-thumbnail","hentry","product_cat-livres","product_tag-belgique","product_tag-communication","product_tag-congres","product_tag-deficience-intellectuelle","product_tag-deficience-multiple","product_tag-definition","product_tag-diagnostic","product_tag-etiologie","product_tag-evaluation","product_tag-integration","product_tag-intervention","product_tag-personne-handicapee","product_tag-pratique","product_tag-prevention","product_tag-recherche","product_tag-representation"],"jetpack_sharing_enabled":true,"jetpack_likes_enabled":true,"_links":{"self":[{"href":"https:\/\/www.parthages.be\/eboutique\/wp-json\/wp\/v2\/product\/2580","targetHints":{"allow":["GET"]}}],"collection":[{"href":"https:\/\/www.parthages.be\/eboutique\/wp-json\/wp\/v2\/product"}],"about":[{"href":"https:\/\/www.parthages.be\/eboutique\/wp-json\/wp\/v2\/types\/product"}],"replies":[{"embeddable":true,"href":"https:\/\/www.parthages.be\/eboutique\/wp-json\/wp\/v2\/comments?post=2580"}],"wp:featuredmedia":[{"embeddable":true,"href":"https:\/\/www.parthages.be\/eboutique\/wp-json\/wp\/v2\/media\/2581"}],"wp:attachment":[{"href":"https:\/\/www.parthages.be\/eboutique\/wp-json\/wp\/v2\/media?parent=2580"}],"curies":[{"name":"wp","href":"https:\/\/api.w.org\/{rel}","templated":true}]}}

Etat de la recherche en déficience mentale

<p>Ce congrès est l&rsquo;occasion d&rsquo;un échange entre chercheurs et praticiens convaincus de la nécessité d&rsquo;une alliance de la recherche fondamentale et de la recherche de terrain, de la variété et de la richesse des questions soulevées par la déficience intellectuelle et de l&rsquo;importance d&rsquo;y répondre aussi complètement que possible pour améliorer l&rsquo;efficacité des interventions et sauvegarder leur caractère humain.</p>
<ol>
<li>Définition et image de la déficience mentale</li>
<li>Prévention et évaluation</li>
<li>Etiologie, diagnostic, troubles associés, polyhandicap</li>
<li>L&rsquo;intervention: &#8211; expériences et pratiques</li>
</ol>
<p>&#8211; recherches</p>
<p>&nbsp;</p>
<p>MAGEROTTE G.- KORPES P.- SALBREUX R.</p>
<p>ASSOCIATION INTERNATIONALE DE RECHERCHE SCIENTIFIQUE EN FAVEUR DES PERSONNES HANDICAPEES MENTALES</p>
<p>1992-530p.</p>
<p>Cote doc : 2-40-AIR-E</p>
<p><strong><em>Uniquement à la location</em></strong></p>
<span class="et_bloom_bottom_trigger"></span>

<p>Ce congrès est l&rsquo;occasion d&rsquo;un échange entre chercheurs et praticiens convaincus de la nécessité d&rsquo;une alliance de la recherche fondamentale et de la recherche de terrain, de la variété et de la richesse des questions soulevées par la déficience intellectuelle et de l&rsquo;importance d&rsquo;y répondre aussi complètement que possible pour améliorer l&rsquo;efficacité des interventions et [&hellip;]</p>
