{"id":2585,"date":"2022-04-15T09:49:53","date_gmt":"2022-04-15T07:49:53","guid":{"rendered":"https:\/\/www.parthages.be\/eboutique\/?post_type=product&#038;p=2585"},"modified":"2022-04-15T09:49:53","modified_gmt":"2022-04-15T07:49:53","slug":"annie-girardot-la-memoire-de-ma-mere","status":"publish","type":"product","link":"https:\/\/www.parthages.be\/eboutique\/produit\/annie-girardot-la-memoire-de-ma-mere\/","title":{"rendered":"Annie Girardot: la m\u00e9moire de ma m\u00e8re"},"content":{"rendered":"<p>Annie Girardot telle que nous ne l&rsquo;avons jamais vue. Sa fille, Giulia, raconte sa m\u00e8re : ses d\u00e9buts, ses rencontres, ses amours, sa tendresse et puis, dans les ann\u00e9es 1990, les premiers sympt\u00f4mes de la maladie d&rsquo;Alzheimer&#8230; Au-del\u00e0 du cri d&rsquo;amour d&rsquo;une fille \u00e0 sa m\u00e8re, Giulia Salvatori nous offre un t\u00e9moignage sensible et \u00e9mouvant ; un soutien pour tous ceux qui sont confront\u00e9s \u00e0 cette maladie. (Pr\u00e9sentation de l\u2019\u00e9diteur)<\/p>\n<p>SALVATORI G.<\/p>\n<p>Editions Michel Lafon<\/p>\n<p>2007- 259 p.<\/p>\n<p>ISBN\u00a0: 978-2-7499-0647-8<\/p>\n<p>Cote doc : 2-30-SAL-G<\/p>\n<p><strong><em>Uniquement \u00e0 la location<\/em><\/strong><\/p>\n<span class=\"et_bloom_bottom_trigger\"><\/span>","protected":false},"excerpt":{"rendered":"<p>Annie Girardot telle que nous ne l&rsquo;avons jamais vue. Sa fille, Giulia, raconte sa m\u00e8re : ses d\u00e9buts, ses rencontres, ses amours, sa tendresse et puis, dans les ann\u00e9es 1990, les premiers sympt\u00f4mes de la maladie d&rsquo;Alzheimer&#8230;<\/p>\n","protected":false},"featured_media":2586,"comment_status":"closed","ping_status":"closed","template":"","meta":{"_et_pb_use_builder":"","_et_pb_old_content":"","_et_gb_content_width":"","spay_email":""},"class_list":["post-2585","product","type-product","status-publish","has-post-thumbnail","hentry","product_cat-livres","product_tag-alzheimer","product_tag-maladie","product_tag-memoire","product_tag-psychopathologie"],"jetpack_sharing_enabled":true,"jetpack_likes_enabled":true,"_links":{"self":[{"href":"https:\/\/www.parthages.be\/eboutique\/wp-json\/wp\/v2\/product\/2585","targetHints":{"allow":["GET"]}}],"collection":[{"href":"https:\/\/www.parthages.be\/eboutique\/wp-json\/wp\/v2\/product"}],"about":[{"href":"https:\/\/www.parthages.be\/eboutique\/wp-json\/wp\/v2\/types\/product"}],"replies":[{"embeddable":true,"href":"https:\/\/www.parthages.be\/eboutique\/wp-json\/wp\/v2\/comments?post=2585"}],"wp:featuredmedia":[{"embeddable":true,"href":"https:\/\/www.parthages.be\/eboutique\/wp-json\/wp\/v2\/media\/2586"}],"wp:attachment":[{"href":"https:\/\/www.parthages.be\/eboutique\/wp-json\/wp\/v2\/media?parent=2585"}],"curies":[{"name":"wp","href":"https:\/\/api.w.org\/{rel}","templated":true}]}}