{"id":2593,"date":"2022-05-16T18:18:45","date_gmt":"2022-05-16T16:18:45","guid":{"rendered":"https:\/\/www.parthages.be\/eboutique\/?post_type=product&#038;p=2593"},"modified":"2022-09-02T12:46:45","modified_gmt":"2022-09-02T10:46:45","slug":"les-exiles-mentaux-un-scandale-francais","status":"publish","type":"product","link":"https:\/\/www.parthages.be\/eboutique\/produit\/les-exiles-mentaux-un-scandale-francais\/","title":{"rendered":"Les exil\u00e9s mentaux, un scandale fran\u00e7ais"},"content":{"rendered":"<p><em>Deuxi\u00e8me \u00e9dition augment\u00e9e<\/em><\/p>\n<p>Cinq ans apr\u00e8s la premi\u00e8re \u00e9dition de cet ouvrage, c\u2019est encore la m\u00eame histoire : celle d\u2019une m\u00e8re qui continue de se battre ; celle d\u2019une famille de plus en plus \u00e9puis\u00e9e ; celle d\u2019un pays o\u00f9 le nombre de sans solutions ne cesse d\u2019augmenter et qui n\u2019a pas honte de ne pas y arriver, alors m\u00eame que le handicap a \u00e9t\u00e9 d\u00e9clar\u00e9 prioritaire par le chef du gouvernement. Et c\u2019est encore la m\u00eame histoire, toujours d\u2019actualit\u00e9, d\u2019un scandale fran\u00e7ais dont l\u2019Harmattan a voulu se saisir dans une deuxi\u00e8me \u00e9dition enrichie d\u2019une pr\u00e9face de l\u2019auteure et d\u2019une postface du sociologue Henri-Jacques Stiker.<\/p>\n<p>C\u2019est aussi en filigrane, l\u2019histoire de l\u2019amour de\u00a0 ses parents de son fr\u00e8re et de sa s\u0153ur pour \u00ab cette \u00e9tonnante personne qu\u2019est Julie \u00bb<\/p>\n<p>C\u2019est enfin et surtout l\u2019histoire de la t\u00e9nacit\u00e9 de sa m\u00e8re lanceuse et relanceuse d\u2019alerte ! (Pr\u00e9sentation de l\u2019\u00e9diteur)<\/p>\n<p>AUBER J.<\/p>\n<p>Edition l\u2019Harmattan<\/p>\n<p>2019-198p.<\/p>\n<p>242gr<\/p>\n<p>ISBN\u00a0: 978-2-343-17823-3<\/p>\n<p>Cote doc\u00a0: 5-20-AUB-E<\/p>\n<span class=\"et_bloom_bottom_trigger\"><\/span>","protected":false},"excerpt":{"rendered":"<p>Deuxi\u00e8me \u00e9dition augment\u00e9e Cinq ans apr\u00e8s la premi\u00e8re \u00e9dition de cet ouvrage, c\u2019est encore la m\u00eame histoire : celle d\u2019une m\u00e8re qui continue de se battre ; celle d\u2019une famille de plus en plus \u00e9puis\u00e9e ; celle d\u2019un pays o\u00f9 le nombre de sans solutions ne cesse d\u2019augmenter et qui n\u2019a pas honte de ne [&hellip;]<\/p>\n","protected":false},"featured_media":2594,"comment_status":"closed","ping_status":"closed","template":"","meta":{"_et_pb_use_builder":"","_et_pb_old_content":"","_et_gb_content_width":"","spay_email":""},"class_list":["post-2593","product","type-product","status-publish","has-post-thumbnail","hentry","product_cat-livres","product_tag-accompagnement","product_tag-belgique","product_tag-droit","product_tag-enfant","product_tag-enquete","product_tag-famille","product_tag-france","product_tag-legislation","product_tag-lutte-contre-les-inegalites","product_tag-personne-handicapee","product_tag-structure-daccueil"],"jetpack_sharing_enabled":true,"jetpack_likes_enabled":true,"_links":{"self":[{"href":"https:\/\/www.parthages.be\/eboutique\/wp-json\/wp\/v2\/product\/2593","targetHints":{"allow":["GET"]}}],"collection":[{"href":"https:\/\/www.parthages.be\/eboutique\/wp-json\/wp\/v2\/product"}],"about":[{"href":"https:\/\/www.parthages.be\/eboutique\/wp-json\/wp\/v2\/types\/product"}],"replies":[{"embeddable":true,"href":"https:\/\/www.parthages.be\/eboutique\/wp-json\/wp\/v2\/comments?post=2593"}],"wp:featuredmedia":[{"embeddable":true,"href":"https:\/\/www.parthages.be\/eboutique\/wp-json\/wp\/v2\/media\/2594"}],"wp:attachment":[{"href":"https:\/\/www.parthages.be\/eboutique\/wp-json\/wp\/v2\/media?parent=2593"}],"curies":[{"name":"wp","href":"https:\/\/api.w.org\/{rel}","templated":true}]}}

Les exilés mentaux, un scandale français

<p><em>Deuxième édition augmentée</em></p>
<p>Cinq ans après la première édition de cet ouvrage, c’est encore la même histoire : celle d’une mère qui continue de se battre ; celle d’une famille de plus en plus épuisée ; celle d’un pays où le nombre de sans solutions ne cesse d’augmenter et qui n’a pas honte de ne pas y arriver, alors même que le handicap a été déclaré prioritaire par le chef du gouvernement. Et c’est encore la même histoire, toujours d’actualité, d’un scandale français dont l’Harmattan a voulu se saisir dans une deuxième édition enrichie d’une préface de l’auteure et d’une postface du sociologue Henri-Jacques Stiker.</p>
<p>C’est aussi en filigrane, l’histoire de l’amour de  ses parents de son frère et de sa sœur pour « cette étonnante personne qu’est Julie »</p>
<p>C’est enfin et surtout l’histoire de la ténacité de sa mère lanceuse et relanceuse d’alerte ! (Présentation de l’éditeur)</p>
<p>AUBER J.</p>
<p>Edition l’Harmattan</p>
<p>2019-198p.</p>
<p>242gr</p>
<p>ISBN : 978-2-343-17823-3</p>
<p>Cote doc : 5-20-AUB-E</p>
<span class="et_bloom_bottom_trigger"></span>

<p>Deuxième édition augmentée Cinq ans après la première édition de cet ouvrage, c’est encore la même histoire : celle d’une mère qui continue de se battre ; celle d’une famille de plus en plus épuisée ; celle d’un pays où le nombre de sans solutions ne cesse d’augmenter et qui n’a pas honte de ne [&hellip;]</p>
