{"id":2597,"date":"2022-05-16T18:21:26","date_gmt":"2022-05-16T16:21:26","guid":{"rendered":"https:\/\/www.parthages.be\/eboutique\/?post_type=product&#038;p=2597"},"modified":"2022-09-02T12:46:00","modified_gmt":"2022-09-02T10:46:00","slug":"le-syndrome-dasperger-et-lautisme-de-haut-niveau","status":"publish","type":"product","link":"https:\/\/www.parthages.be\/eboutique\/produit\/le-syndrome-dasperger-et-lautisme-de-haut-niveau\/","title":{"rendered":"Le syndrome d\u2019Asperger et l\u2019autisme de haut niveau."},"content":{"rendered":"<p><strong>Approche comportementaliste<\/strong><\/p>\n<p>Les toutes premi\u00e8res descriptions d\u2019un groupe d\u2019enfants pr\u00e9sentant des caract\u00e9ristiques inhabituelles nous ont \u00e9t\u00e9 livr\u00e9es, il y a plus d\u2019une cinquantaine d\u2019ann\u00e9es, dans les travaux de Hans Asperger, clinicien autrichien et p\u00e9dopsychiatre. Ces travaux ont \u00e9t\u00e9 r\u00e9actualis\u00e9s pour d\u00e9finir le Syndrome d\u2019Asperger et aboutir \u00e0 une reconnaissance r\u00e9cente par l\u2019Organisation Mondiale de la Sant\u00e9. Les personnes pr\u00e9sentant ce syndrome ont une perception atypique de l\u2019environnement, un mode de raisonnement logique, mais d\u00e9pourvu du \u00ab sens commun \u00bb, ce qui les rend vuln\u00e9rables socialement. Il est indispensable de conna\u00eetre et de reconna\u00eetre cette \u00ab mani\u00e8re d\u2019\u00eatre \u00bb diff\u00e9rente, souvent qualifi\u00e9e par l\u2019entourage, de bizarre, d\u00e9cal\u00e9e, excentrique, na\u00efve, solitaire.<\/p>\n<p>Le lecteur trouvera dans cet ouvrage une description d\u00e9taill\u00e9e, des explications concr\u00e8tes, \u00e9tay\u00e9es d\u2019exemples et de t\u00e9moignages de personnes directement concern\u00e9es. Il appr\u00e9ciera les suggestions pratiques, qu\u2019il pourra mettre en \u0153uvre pour intervenir de mani\u00e8re ad\u00e9quate, afin d\u2019aider utilement les personnes atteintes du Syndrome d\u2019Asperger, leur permettre de compenser leurs difficult\u00e9s et de d\u00e9voiler pleinement leurs potentialit\u00e9s. (Pr\u00e9sentation de l\u2019\u00e9diteur)<\/p>\n<p>ATTWOOD T.<\/p>\n<p>Editions Dunod<\/p>\n<p>2022-182p<\/p>\n<p>350gr<\/p>\n<p>ISBN: 978-2-10-082497-7<\/p>\n<p>Cote doc: 1-70-ATT-S<\/p>\n<span class=\"et_bloom_bottom_trigger\"><\/span>","protected":false},"excerpt":{"rendered":"<p>Approche comportementaliste Les toutes premi\u00e8res descriptions d\u2019un groupe d\u2019enfants pr\u00e9sentant des caract\u00e9ristiques inhabituelles nous ont \u00e9t\u00e9 livr\u00e9es, il y a plus d\u2019une cinquantaine d\u2019ann\u00e9es, dans les travaux de Hans Asperger, clinicien autrichien et p\u00e9dopsychiatre. Ces travaux ont \u00e9t\u00e9 r\u00e9actualis\u00e9s pour d\u00e9finir le Syndrome d\u2019Asperger et aboutir \u00e0 une reconnaissance r\u00e9cente par l\u2019Organisation Mondiale de la [&hellip;]<\/p>\n","protected":false},"featured_media":2598,"comment_status":"closed","ping_status":"closed","template":"","meta":{"_et_pb_use_builder":"","_et_pb_old_content":"","_et_gb_content_width":"","spay_email":""},"class_list":["post-2597","product","type-product","status-publish","has-post-thumbnail","hentry","product_cat-livres","product_tag-adolescent","product_tag-anxiete","product_tag-autisme","product_tag-diagnostic","product_tag-enfant","product_tag-integration","product_tag-langage","product_tag-strategie","product_tag-syndrome-dasperger-2","product_tag-temoignage","product_tag-trouble-du-developpement"],"jetpack_sharing_enabled":true,"jetpack_likes_enabled":true,"_links":{"self":[{"href":"https:\/\/www.parthages.be\/eboutique\/wp-json\/wp\/v2\/product\/2597","targetHints":{"allow":["GET"]}}],"collection":[{"href":"https:\/\/www.parthages.be\/eboutique\/wp-json\/wp\/v2\/product"}],"about":[{"href":"https:\/\/www.parthages.be\/eboutique\/wp-json\/wp\/v2\/types\/product"}],"replies":[{"embeddable":true,"href":"https:\/\/www.parthages.be\/eboutique\/wp-json\/wp\/v2\/comments?post=2597"}],"wp:featuredmedia":[{"embeddable":true,"href":"https:\/\/www.parthages.be\/eboutique\/wp-json\/wp\/v2\/media\/2598"}],"wp:attachment":[{"href":"https:\/\/www.parthages.be\/eboutique\/wp-json\/wp\/v2\/media?parent=2597"}],"curies":[{"name":"wp","href":"https:\/\/api.w.org\/{rel}","templated":true}]}}

<p><strong>Approche comportementaliste</strong></p>
<p>Les toutes premières descriptions d’un groupe d’enfants présentant des caractéristiques inhabituelles nous ont été livrées, il y a plus d’une cinquantaine d’années, dans les travaux de Hans Asperger, clinicien autrichien et pédopsychiatre. Ces travaux ont été réactualisés pour définir le Syndrome d’Asperger et aboutir à une reconnaissance récente par l’Organisation Mondiale de la Santé. Les personnes présentant ce syndrome ont une perception atypique de l’environnement, un mode de raisonnement logique, mais dépourvu du « sens commun », ce qui les rend vulnérables socialement. Il est indispensable de connaître et de reconnaître cette « manière d’être » différente, souvent qualifiée par l’entourage, de bizarre, décalée, excentrique, naïve, solitaire.</p>
<p>Le lecteur trouvera dans cet ouvrage une description détaillée, des explications concrètes, étayées d’exemples et de témoignages de personnes directement concernées. Il appréciera les suggestions pratiques, qu’il pourra mettre en œuvre pour intervenir de manière adéquate, afin d’aider utilement les personnes atteintes du Syndrome d’Asperger, leur permettre de compenser leurs difficultés et de dévoiler pleinement leurs potentialités. (Présentation de l’éditeur)</p>
<p>ATTWOOD T.</p>
<p>Editions Dunod</p>
<p>2022-182p</p>
<p>350gr</p>
<p>ISBN: 978-2-10-082497-7</p>
<p>Cote doc: 1-70-ATT-S</p>
<span class="et_bloom_bottom_trigger"></span>

<p>Approche comportementaliste Les toutes premières descriptions d’un groupe d’enfants présentant des caractéristiques inhabituelles nous ont été livrées, il y a plus d’une cinquantaine d’années, dans les travaux de Hans Asperger, clinicien autrichien et pédopsychiatre. Ces travaux ont été réactualisés pour définir le Syndrome d’Asperger et aboutir à une reconnaissance récente par l’Organisation Mondiale de la [&hellip;]</p>
