{"id":2617,"date":"2022-05-16T20:08:07","date_gmt":"2022-05-16T18:08:07","guid":{"rendered":"https:\/\/www.parthages.be\/eboutique\/?post_type=product&#038;p=2617"},"modified":"2022-05-16T20:08:08","modified_gmt":"2022-05-16T18:08:08","slug":"le-tda-h-chez-ladulte","status":"publish","type":"product","link":"https:\/\/www.parthages.be\/eboutique\/produit\/le-tda-h-chez-ladulte\/","title":{"rendered":"Le TDA\/H chez l&rsquo;adulte"},"content":{"rendered":"<p><strong>Guide belge du patricien<\/strong><\/p>\n<p>Comment reconna\u00eetre et traiter le TDA\/H de l&rsquo;adulte? Ce guide tente de r\u00e9pondre clairement et objectivement \u00e0 cette question. Bas\u00e9 sur l&rsquo;exp\u00e9rience clinique et sur les donn\u00e9es scientifiques les plus r\u00e9centes, il fait le point de mani\u00e8re pratique et pr\u00e9cise sur cette pathologie, son diagnostic et ses traitements. (Pr\u00e9sentation de l\u2019\u00e9diteur)<\/p>\n<p>OSWALD P.- STES S.<\/p>\n<p>Vivio<\/p>\n<p>2008- 70p.<\/p>\n<p>ISBN\u00a0: 978-2-930365-90-9<\/p>\n<p>Cote doc : 2-30-OSW-T<\/p>\n<p>Uniquement \u00e0 la location<\/p>\n<span class=\"et_bloom_bottom_trigger\"><\/span>","protected":false},"excerpt":{"rendered":"<p>Guide belge du patricien Comment reconna\u00eetre et traiter le TDA\/H de l&rsquo;adulte? Ce guide tente de r\u00e9pondre clairement et objectivement \u00e0 cette question. Bas\u00e9 sur l&rsquo;exp\u00e9rience clinique et sur les donn\u00e9es scientifiques les plus r\u00e9centes, il fait le point de mani\u00e8re pratique et pr\u00e9cise sur cette pathologie, son diagnostic et ses traitements. (Pr\u00e9sentation de l\u2019\u00e9diteur) [&hellip;]<\/p>\n","protected":false},"featured_media":0,"comment_status":"closed","ping_status":"closed","template":"","meta":{"_et_pb_use_builder":"","_et_pb_old_content":"","_et_gb_content_width":"","spay_email":""},"class_list":["post-2617","product","type-product","status-publish","hentry","product_cat-livres","product_tag-adulte","product_tag-diagnostic","product_tag-soins","product_tag-therapeutique","product_tag-trouble-du-comportement"],"jetpack_sharing_enabled":true,"jetpack_likes_enabled":true,"_links":{"self":[{"href":"https:\/\/www.parthages.be\/eboutique\/wp-json\/wp\/v2\/product\/2617","targetHints":{"allow":["GET"]}}],"collection":[{"href":"https:\/\/www.parthages.be\/eboutique\/wp-json\/wp\/v2\/product"}],"about":[{"href":"https:\/\/www.parthages.be\/eboutique\/wp-json\/wp\/v2\/types\/product"}],"replies":[{"embeddable":true,"href":"https:\/\/www.parthages.be\/eboutique\/wp-json\/wp\/v2\/comments?post=2617"}],"wp:attachment":[{"href":"https:\/\/www.parthages.be\/eboutique\/wp-json\/wp\/v2\/media?parent=2617"}],"curies":[{"name":"wp","href":"https:\/\/api.w.org\/{rel}","templated":true}]}}