{"id":2619,"date":"2022-05-16T20:22:56","date_gmt":"2022-05-16T18:22:56","guid":{"rendered":"https:\/\/www.parthages.be\/eboutique\/?post_type=product&#038;p=2619"},"modified":"2022-05-16T20:22:56","modified_gmt":"2022-05-16T18:22:56","slug":"les-troubles-du-comportement-associes-a-lautisme-et-aux-autres-handicaps-mentaux","status":"publish","type":"product","link":"https:\/\/www.parthages.be\/eboutique\/produit\/les-troubles-du-comportement-associes-a-lautisme-et-aux-autres-handicaps-mentaux\/","title":{"rendered":"Les troubles du comportement associ\u00e9s \u00e0 l&rsquo;autisme et aux autres handicaps mentaux"},"content":{"rendered":"<p>Ce congr\u00e8s est l&rsquo;occasion d&rsquo;un \u00e9change entre chercheurs et praticiens convaincus de la n\u00e9cessit\u00e9 Les troubles du comportement sont le plus souvent improprement consid\u00e9r\u00e9s comme une des caract\u00e9ristiques du syndrome autistique. A ce titre ils sont une des principales causes d&rsquo;exclusion des personnes atteintes d&rsquo;autisme dans les structures d&rsquo;accueil, que ce soit pour les enfants, les adolescents mais surtout pour les adultes, quand ces comportements deviennent plus difficiles \u00e0 accepter.<\/p>\n<p>Ce petit manuel se propose d&rsquo;essayer de mieux faire comprendre que dans la plupart des cas, les troubles du comportement peuvent \u00eatre \u00e9vit\u00e9s. Pour cela il faut s&rsquo;efforcer d&rsquo;en comprendre les causes pour analyser comment nos propres r\u00e9actions peuvent les aggraver. Il faut cependant penser que l&rsquo;on ne pourra pas \u00e9viter leur apparition. Nous aborderons quelques id\u00e9es sur la prise en charge des troubles du comportement quand ils se d\u00e9clenchent malgr\u00e9 nos efforts pour les pr\u00e9venir.<\/p>\n<p>Ce texte est destin\u00e9 aux professionnels de terrain ainsi qu&rsquo;aux parents qui ont \u00e0 faire face \u00e0 ce type de comportements difficiles. Comme tout texte de ce genre, il ne saurait apporter des recettes toutes faites et ne peut que compl\u00e9ter l&rsquo;exp\u00e9rience des lecteurs qui y trouveront, en grande partie, ce qu&rsquo;ils y mettront eux-m\u00eames en y adjoignant leurs propres exp\u00e9riences. (Pr\u00e9sentation de l\u2019\u00e9diteur)<\/p>\n<p>LAXER G.- TREHIN P.<\/p>\n<p>Editions AFD<\/p>\n<p>2008-136p.<\/p>\n<p>ISBN\u00a0: 978-2-917150-04-7<\/p>\n<p>Cote doc\u00a0: 2-30-LAX-T<\/p>\n<p><strong><em>Uniquement \u00e0 la location<\/em><\/strong><\/p>\n<span class=\"et_bloom_bottom_trigger\"><\/span>","protected":false},"excerpt":{"rendered":"<p>Ce congr\u00e8s est l&rsquo;occasion d&rsquo;un \u00e9change entre chercheurs et praticiens convaincus de la n\u00e9cessit\u00e9 Les troubles du comportement sont le plus souvent improprement consid\u00e9r\u00e9s comme une des caract\u00e9ristiques du syndrome autistique. A ce titre ils sont une des principales causes d&rsquo;exclusion des personnes atteintes d&rsquo;autisme dans les structures d&rsquo;accueil, que ce soit pour les enfants, [&hellip;]<\/p>\n","protected":false},"featured_media":2620,"comment_status":"closed","ping_status":"closed","template":"","meta":{"_et_pb_use_builder":"","_et_pb_old_content":"","_et_gb_content_width":"","spay_email":""},"class_list":["post-2619","product","type-product","status-publish","has-post-thumbnail","hentry","product_cat-livres","product_tag-adolescent","product_tag-adulte","product_tag-autisme","product_tag-communication","product_tag-enfant","product_tag-handicap-mental","product_tag-intervention","product_tag-prise-en-charge","product_tag-trouble-du-comportement"],"jetpack_sharing_enabled":true,"jetpack_likes_enabled":true,"_links":{"self":[{"href":"https:\/\/www.parthages.be\/eboutique\/wp-json\/wp\/v2\/product\/2619","targetHints":{"allow":["GET"]}}],"collection":[{"href":"https:\/\/www.parthages.be\/eboutique\/wp-json\/wp\/v2\/product"}],"about":[{"href":"https:\/\/www.parthages.be\/eboutique\/wp-json\/wp\/v2\/types\/product"}],"replies":[{"embeddable":true,"href":"https:\/\/www.parthages.be\/eboutique\/wp-json\/wp\/v2\/comments?post=2619"}],"wp:featuredmedia":[{"embeddable":true,"href":"https:\/\/www.parthages.be\/eboutique\/wp-json\/wp\/v2\/media\/2620"}],"wp:attachment":[{"href":"https:\/\/www.parthages.be\/eboutique\/wp-json\/wp\/v2\/media?parent=2619"}],"curies":[{"name":"wp","href":"https:\/\/api.w.org\/{rel}","templated":true}]}}