{"id":2633,"date":"2022-05-16T20:58:14","date_gmt":"2022-05-16T18:58:14","guid":{"rendered":"https:\/\/www.parthages.be\/eboutique\/?post_type=product&#038;p=2633"},"modified":"2022-05-16T20:58:15","modified_gmt":"2022-05-16T18:58:15","slug":"dyslexique-et-alors-un-autre-regard-sur-le-handicap","status":"publish","type":"product","link":"https:\/\/www.parthages.be\/eboutique\/produit\/dyslexique-et-alors-un-autre-regard-sur-le-handicap\/","title":{"rendered":"Dyslexique et alors ? Un autre regard sur le handicap"},"content":{"rendered":"<p>L&rsquo;auteur est m\u00e8re de trois enfants, dont deux sont dyslexiques. Elle a r\u00e9alis\u00e9 qu&rsquo;il y avait peu d&rsquo;\u00e9crits sur le quotidien de ces enfants et de leur famille. Elle a ainsi jug\u00e9 opportun de rassembler toutes les donn\u00e9es qu&rsquo;elle a engrang\u00e9es, qui tout en r\u00e9pondant \u00e0 leurs questionnements leur apporterait aussi un message d&rsquo;espoir. Elle est aussi enseignante. Mais c&rsquo;est en tant que maman qu&rsquo;elle a cherch\u00e9 \u00e0 comprendre ce trouble du langage. (Pr\u00e9sentation de l\u2019\u00e9diteur)<\/p>\n<p>LAINE S.<\/p>\n<p>Editions L&rsquo;Harmattan<\/p>\n<p>2009-174p.-<\/p>\n<p>250gr<\/p>\n<p>ISBN\u00a0: 978-2-296-07727-0<\/p>\n<p>Cote doc : 2-20-LAI-D<\/p>\n<span class=\"et_bloom_bottom_trigger\"><\/span>","protected":false},"excerpt":{"rendered":"<p>L&rsquo;auteur est m\u00e8re de trois enfants, dont deux sont dyslexiques. Elle a r\u00e9alis\u00e9 qu&rsquo;il y avait peu d&rsquo;\u00e9crits sur le quotidien de ces enfants et de leur famille. Elle a ainsi jug\u00e9 opportun de rassembler toutes les donn\u00e9es qu&rsquo;elle a engrang\u00e9es, qui tout en r\u00e9pondant \u00e0 leurs questionnements leur apporterait aussi un message d&rsquo;espoir. Elle [&hellip;]<\/p>\n","protected":false},"featured_media":2634,"comment_status":"closed","ping_status":"closed","template":"","meta":{"_et_pb_use_builder":"","_et_pb_old_content":"","_et_gb_content_width":"","spay_email":""},"class_list":["post-2633","product","type-product","status-publish","has-post-thumbnail","hentry","product_cat-livres","product_tag-dyscalculie","product_tag-dyslexie","product_tag-ecriture","product_tag-enfant","product_tag-handicap","product_tag-lecture","product_tag-temoignage","product_tag-trouble-de-lapprentissage"],"jetpack_sharing_enabled":true,"jetpack_likes_enabled":true,"_links":{"self":[{"href":"https:\/\/www.parthages.be\/eboutique\/wp-json\/wp\/v2\/product\/2633","targetHints":{"allow":["GET"]}}],"collection":[{"href":"https:\/\/www.parthages.be\/eboutique\/wp-json\/wp\/v2\/product"}],"about":[{"href":"https:\/\/www.parthages.be\/eboutique\/wp-json\/wp\/v2\/types\/product"}],"replies":[{"embeddable":true,"href":"https:\/\/www.parthages.be\/eboutique\/wp-json\/wp\/v2\/comments?post=2633"}],"wp:featuredmedia":[{"embeddable":true,"href":"https:\/\/www.parthages.be\/eboutique\/wp-json\/wp\/v2\/media\/2634"}],"wp:attachment":[{"href":"https:\/\/www.parthages.be\/eboutique\/wp-json\/wp\/v2\/media?parent=2633"}],"curies":[{"name":"wp","href":"https:\/\/api.w.org\/{rel}","templated":true}]}}

<p>L&rsquo;auteur est mère de trois enfants, dont deux sont dyslexiques. Elle a réalisé qu&rsquo;il y avait peu d&rsquo;écrits sur le quotidien de ces enfants et de leur famille. Elle a ainsi jugé opportun de rassembler toutes les données qu&rsquo;elle a engrangées, qui tout en répondant à leurs questionnements leur apporterait aussi un message d&rsquo;espoir. Elle est aussi enseignante. Mais c&rsquo;est en tant que maman qu&rsquo;elle a cherché à comprendre ce trouble du langage. (Présentation de l’éditeur)</p>
<p>LAINE S.</p>
<p>Editions L&rsquo;Harmattan</p>
<p>2009-174p.-</p>
<p>250gr</p>
<p>ISBN : 978-2-296-07727-0</p>
<p>Cote doc : 2-20-LAI-D</p>
<span class="et_bloom_bottom_trigger"></span>

<p>L&rsquo;auteur est mère de trois enfants, dont deux sont dyslexiques. Elle a réalisé qu&rsquo;il y avait peu d&rsquo;écrits sur le quotidien de ces enfants et de leur famille. Elle a ainsi jugé opportun de rassembler toutes les données qu&rsquo;elle a engrangées, qui tout en répondant à leurs questionnements leur apporterait aussi un message d&rsquo;espoir. Elle [&hellip;]</p>
