{"id":2635,"date":"2022-05-16T20:59:33","date_gmt":"2022-05-16T18:59:33","guid":{"rendered":"https:\/\/www.parthages.be\/eboutique\/?post_type=product&#038;p=2635"},"modified":"2022-05-16T20:59:33","modified_gmt":"2022-05-16T18:59:33","slug":"le-developpement-des-habiletes-motrices-comprendre-et-aider-les-enfants-ayant-des-difficultes-de-coordination-2","status":"publish","type":"product","link":"https:\/\/www.parthages.be\/eboutique\/produit\/le-developpement-des-habiletes-motrices-comprendre-et-aider-les-enfants-ayant-des-difficultes-de-coordination-2\/","title":{"rendered":"Le d\u00e9veloppement des habilet\u00e9s motrices- Comprendre et aider les enfants ayant des difficult\u00e9s de coordination"},"content":{"rendered":"<p>Les probl\u00e8mes de coordination transforment parfois les activit\u00e9s quotidiennes en v\u00e9ritables d\u00e9fis pour les enfants ayant des troubles d\u2019apprentissage. Cet ouvrage accessible offre des strat\u00e9gies pratiques et des conseils pour aider ces enfants.<\/p>\n<p>L\u2019auteure explique comment reconna\u00eetre le d\u00e9veloppement moteur typique et atypique, indique aupr\u00e8s de qui on peut chercher de l\u2019aide et le moment o\u00f9 il convient de le faire, en plus d\u2019inclure des strat\u00e9gies d\u2019enseignement afin d\u2019aider les enfants ayant des difficult\u00e9s de coordination \u00e0 vivre des r\u00e9ussites dans leur milieu scolaire et \u00e0 la maison. Elle d\u00e9crit en outre un grand \u00e9ventail de moyens th\u00e9rapeutiques et pr\u00e9sente les ressources offertes.<\/p>\n<p>Rempli de suggestions pratiques, de diagrammes clairs et de tableaux mettant les \u00e9l\u00e9ments cl\u00e9s en \u00e9vidence, ce livre constitue un outil de r\u00e9f\u00e9rence pratique essentiel pour quiconque doit intervenir aupr\u00e8s d\u2019enfants atteints d\u2019un trouble du d\u00e9veloppement moteur, et plus particuli\u00e8rement ceux aux prises avec un trouble de l\u2019acquisition de la coordination.<\/p>\n<p>\u00c0 qui s\u2019adresse cet ouvrage ?<\/p>\n<p>Cet ouvrage sera fort utile pour les parents, les enseignants de maternelle et des premiers niveaux, tant en contexte de classe r\u00e9guli\u00e8re qu\u2019en classe sp\u00e9ciale, les \u00e9ducateurs en garderie, les conseillers p\u00e9dagogiques, les \u00a0orthop\u00e9dagogues, les ergoth\u00e9rapeutes ainsi que psychop\u00e9dagogues, les professeurs \u00e0 la formation des ma\u00eetres, psychop\u00e9dagogie et orthop\u00e9dagogie. (Pr\u00e9sentation de l&rsquo;\u00e9diteur)<\/p>\n<p>KURTZ L.A.<\/p>\n<p>Cheneli\u00e8re Education<\/p>\n<p>2010-192p.<\/p>\n<p>ISBN\u00a0: 978-2-7650-2976-2<\/p>\n<p>Cote doc\u00a0: 2-20-KUR-D<\/p>\n<p><strong><em>Uniquement \u00e0 la location<\/em><\/strong><\/p>\n<span class=\"et_bloom_bottom_trigger\"><\/span>","protected":false},"excerpt":{"rendered":"<p>Les probl\u00e8mes de coordination transforment parfois les activit\u00e9s quotidiennes en v\u00e9ritables d\u00e9fis pour les enfants ayant des troubles d\u2019apprentissage. Cet ouvrage accessible offre des strat\u00e9gies pratiques et des conseils pour aider ces enfants. L\u2019auteure explique comment reconna\u00eetre le d\u00e9veloppement moteur typique et atypique, indique aupr\u00e8s de qui on peut chercher de l\u2019aide et le moment [&hellip;]<\/p>\n","protected":false},"featured_media":2636,"comment_status":"closed","ping_status":"closed","template":"","meta":{"_et_pb_use_builder":"","_et_pb_old_content":"","_et_gb_content_width":"","spay_email":""},"class_list":["post-2635","product","type-product","status-publish","has-post-thumbnail","hentry","product_cat-livres","product_tag-apprentissage","product_tag-developpement-psychomoteur","product_tag-enseignement","product_tag-motricite","product_tag-outil","product_tag-psychomotricite","product_tag-trouble-de-lapprentissage"],"jetpack_sharing_enabled":true,"jetpack_likes_enabled":true,"_links":{"self":[{"href":"https:\/\/www.parthages.be\/eboutique\/wp-json\/wp\/v2\/product\/2635","targetHints":{"allow":["GET"]}}],"collection":[{"href":"https:\/\/www.parthages.be\/eboutique\/wp-json\/wp\/v2\/product"}],"about":[{"href":"https:\/\/www.parthages.be\/eboutique\/wp-json\/wp\/v2\/types\/product"}],"replies":[{"embeddable":true,"href":"https:\/\/www.parthages.be\/eboutique\/wp-json\/wp\/v2\/comments?post=2635"}],"wp:featuredmedia":[{"embeddable":true,"href":"https:\/\/www.parthages.be\/eboutique\/wp-json\/wp\/v2\/media\/2636"}],"wp:attachment":[{"href":"https:\/\/www.parthages.be\/eboutique\/wp-json\/wp\/v2\/media?parent=2635"}],"curies":[{"name":"wp","href":"https:\/\/api.w.org\/{rel}","templated":true}]}}

Le développement des habiletés motrices- Comprendre et aider les enfants ayant des difficultés de coordination

<p>Les problèmes de coordination transforment parfois les activités quotidiennes en véritables défis pour les enfants ayant des troubles d’apprentissage. Cet ouvrage accessible offre des stratégies pratiques et des conseils pour aider ces enfants.</p>
<p>L’auteure explique comment reconnaître le développement moteur typique et atypique, indique auprès de qui on peut chercher de l’aide et le moment où il convient de le faire, en plus d’inclure des stratégies d’enseignement afin d’aider les enfants ayant des difficultés de coordination à vivre des réussites dans leur milieu scolaire et à la maison. Elle décrit en outre un grand éventail de moyens thérapeutiques et présente les ressources offertes.</p>
<p>Rempli de suggestions pratiques, de diagrammes clairs et de tableaux mettant les éléments clés en évidence, ce livre constitue un outil de référence pratique essentiel pour quiconque doit intervenir auprès d’enfants atteints d’un trouble du développement moteur, et plus particulièrement ceux aux prises avec un trouble de l’acquisition de la coordination.</p>
<p>À qui s’adresse cet ouvrage ?</p>
<p>Cet ouvrage sera fort utile pour les parents, les enseignants de maternelle et des premiers niveaux, tant en contexte de classe régulière qu’en classe spéciale, les éducateurs en garderie, les conseillers pédagogiques, les  orthopédagogues, les ergothérapeutes ainsi que psychopédagogues, les professeurs à la formation des maîtres, psychopédagogie et orthopédagogie. (Présentation de l&rsquo;éditeur)</p>
<p>KURTZ L.A.</p>
<p>Chenelière Education</p>
<p>2010-192p.</p>
<p>ISBN : 978-2-7650-2976-2</p>
<p>Cote doc : 2-20-KUR-D</p>
<p><strong><em>Uniquement à la location</em></strong></p>
<span class="et_bloom_bottom_trigger"></span>

<p>Les problèmes de coordination transforment parfois les activités quotidiennes en véritables défis pour les enfants ayant des troubles d’apprentissage. Cet ouvrage accessible offre des stratégies pratiques et des conseils pour aider ces enfants. L’auteure explique comment reconnaître le développement moteur typique et atypique, indique auprès de qui on peut chercher de l’aide et le moment [&hellip;]</p>
