{"id":264,"date":"2012-10-23T14:14:23","date_gmt":"2012-10-23T12:14:23","guid":{"rendered":"https:\/\/www.parthages.be\/wordpress\/produit\/faire-son-deuil-vivre-un-chagrin\/"},"modified":"2021-08-03T11:10:50","modified_gmt":"2021-08-03T09:10:50","slug":"faire-son-deuil-vivre-un-chagrin","status":"publish","type":"product","link":"https:\/\/www.parthages.be\/eboutique\/produit\/faire-son-deuil-vivre-un-chagrin\/","title":{"rendered":"Faire son deuil, vivre un chagrin"},"content":{"rendered":"<p>En proposant des r\u00e9flexions et des rep\u00e8res pour l&rsquo;accompagnement du deuil et des situations de d\u00e9tresse, cet ouvrage s&rsquo;adresse non seulement \u00e0 un public professionnel psycho-m\u00e9dico-social, mais aussi \u00e0 la famille et \u00e0 l&rsquo;entourage de personnes \u00e9prouv\u00e9es.<\/p>\n<p>Issu des questions rencontr\u00e9es par l&rsquo;auteur dans son travail d&rsquo;accompagnement des personnes en deuil et de supervision des soignants, l&rsquo;ouvrage aborde \u00e9galement d&rsquo;autres situations de crise comme la sant\u00e9 fragilis\u00e9e ou la perte d&rsquo;un emploi. Il s&rsquo;int\u00e9resse aussi \u00e0 la question de la mort dans notre soci\u00e9t\u00e9.<\/p>\n<p>V\u00e9ritable aide pour un r\u00e9el soutien dans des situations (trop) souvent d\u00e9routantes pour les proches, les soignants, les enseignants, les employeurs, ce livre fourmillant d&rsquo;exemples concrets, est accessible \u00e0 un large public.. (Pr\u00e9sentation de l&rsquo;\u00e9diteur)<\/p>\n<p>&nbsp;<\/p>\n<p>KEIRSE M.<\/p>\n<p>Editions De Boeck Universit\u00e9<\/p>\n<p>2006-260p<\/p>\n<p>380gr<\/p>\n<p>ISBN\u00a02-8041-5008-9<\/p>\n<p>Cote doc\u00a0: 9-20-KEI-F<\/p>\n<span class=\"et_bloom_bottom_trigger\"><\/span>","protected":false},"excerpt":{"rendered":"<p>En proposant des r\u00e9flexions et des rep\u00e8res pour l&rsquo;accompagnement du deuil et des situations de d\u00e9tresse, cet ouvrage s&rsquo;adresse non seulement \u00e0 un public professionnel psycho-m\u00e9dico-social, mais aussi \u00e0 la famille et \u00e0 l&rsquo;entourage de personnes \u00e9prouv\u00e9es.<\/p>\n","protected":false},"featured_media":263,"comment_status":"open","ping_status":"closed","template":"","meta":{"_et_pb_use_builder":"","_et_pb_old_content":"","_et_gb_content_width":"","spay_email":""},"class_list":["post-264","product","type-product","status-publish","has-post-thumbnail","hentry","product_cat-livres","product_tag-accompagnement","product_tag-adulte","product_tag-enfant","product_tag-entourage","product_tag-famille","product_tag-guerison","product_tag-intervenant","product_tag-mort","product_tag-rite-dinitiation","product_tag-sante","product_tag-societe"],"jetpack_sharing_enabled":true,"jetpack_likes_enabled":true,"_links":{"self":[{"href":"https:\/\/www.parthages.be\/eboutique\/wp-json\/wp\/v2\/product\/264","targetHints":{"allow":["GET"]}}],"collection":[{"href":"https:\/\/www.parthages.be\/eboutique\/wp-json\/wp\/v2\/product"}],"about":[{"href":"https:\/\/www.parthages.be\/eboutique\/wp-json\/wp\/v2\/types\/product"}],"replies":[{"embeddable":true,"href":"https:\/\/www.parthages.be\/eboutique\/wp-json\/wp\/v2\/comments?post=264"}],"wp:featuredmedia":[{"embeddable":true,"href":"https:\/\/www.parthages.be\/eboutique\/wp-json\/wp\/v2\/media\/263"}],"wp:attachment":[{"href":"https:\/\/www.parthages.be\/eboutique\/wp-json\/wp\/v2\/media?parent=264"}],"curies":[{"name":"wp","href":"https:\/\/api.w.org\/{rel}","templated":true}]}}