{"id":2652,"date":"2022-05-16T21:26:17","date_gmt":"2022-05-16T19:26:17","guid":{"rendered":"https:\/\/www.parthages.be\/eboutique\/?post_type=product&#038;p=2652"},"modified":"2022-05-16T21:26:18","modified_gmt":"2022-05-16T19:26:18","slug":"sante-mentale-et-surdite","status":"publish","type":"product","link":"https:\/\/www.parthages.be\/eboutique\/produit\/sante-mentale-et-surdite\/","title":{"rendered":"Sant\u00e9 mentale et surdit\u00e9"},"content":{"rendered":"<p><strong>Deuxi\u00e8me Congr\u00e8s international\u00a0 9-11 mai 1991<\/strong><\/p>\n<p><strong><em>Actes en Fran\u00e7ais et en Anglais<\/em><\/strong><\/p>\n<p>En d\u00e9pit de son jeune \u00e2ge, la Soci\u00e9t\u00e9 Europ\u00e9enne pour la sant\u00e9 mentale et la surdit\u00e9 compte d\u00e9j\u00e0 \u00e0 son actif deux congr\u00e8s internationaux r\u00e9ussis, un groupe de travail op\u00e9rationnel en Europe du Sud et la premi\u00e8re phase d\u2019un projet de recherche Europ\u00e9en. Elle est devenue \u00ab\u00a0le plus grand forum Europ\u00e9en\u00a0\u00bb pour les patriciens et pour les responsables politiques dans ce domaine, o\u00f9 ils peuvent partager leurs exp\u00e9riences<\/p>\n<p>EUROPEAN SOCIETY FOR MENTAL HEALTH AND DEAFNESS<\/p>\n<p>La Bastide<\/p>\n<p>1991-490p.<\/p>\n<p>Cote doc : 2-10-ESM-S<\/p>\n<p><strong><em>Uniquement \u00e0 la location<\/em><\/strong><\/p>\n<span class=\"et_bloom_bottom_trigger\"><\/span>","protected":false},"excerpt":{"rendered":"<p>Deuxi\u00e8me Congr\u00e8s international\u00a0 9-11 mai 1991 Actes en Fran\u00e7ais et en Anglais En d\u00e9pit de son jeune \u00e2ge, la Soci\u00e9t\u00e9 Europ\u00e9enne pour la sant\u00e9 mentale et la surdit\u00e9 compte d\u00e9j\u00e0 \u00e0 son actif deux congr\u00e8s internationaux r\u00e9ussis, un groupe de travail op\u00e9rationnel en Europe du Sud et la premi\u00e8re phase d\u2019un projet de recherche Europ\u00e9en. [&hellip;]<\/p>\n","protected":false},"featured_media":2653,"comment_status":"closed","ping_status":"closed","template":"","meta":{"_et_pb_use_builder":"","_et_pb_old_content":"","_et_gb_content_width":"","spay_email":""},"class_list":["post-2652","product","type-product","status-publish","has-post-thumbnail","hentry","product_cat-livres","product_tag-congres","product_tag-convention-internationale","product_tag-deficience","product_tag-deficience-auditive","product_tag-deficience-intellectuelle","product_tag-enfant","product_tag-integration","product_tag-personne-handicapee","product_tag-province-de-namur","product_tag-psychiatrie","product_tag-sante-mentale","product_tag-surdite","product_tag-therapeutique"],"jetpack_sharing_enabled":true,"jetpack_likes_enabled":true,"_links":{"self":[{"href":"https:\/\/www.parthages.be\/eboutique\/wp-json\/wp\/v2\/product\/2652","targetHints":{"allow":["GET"]}}],"collection":[{"href":"https:\/\/www.parthages.be\/eboutique\/wp-json\/wp\/v2\/product"}],"about":[{"href":"https:\/\/www.parthages.be\/eboutique\/wp-json\/wp\/v2\/types\/product"}],"replies":[{"embeddable":true,"href":"https:\/\/www.parthages.be\/eboutique\/wp-json\/wp\/v2\/comments?post=2652"}],"wp:featuredmedia":[{"embeddable":true,"href":"https:\/\/www.parthages.be\/eboutique\/wp-json\/wp\/v2\/media\/2653"}],"wp:attachment":[{"href":"https:\/\/www.parthages.be\/eboutique\/wp-json\/wp\/v2\/media?parent=2652"}],"curies":[{"name":"wp","href":"https:\/\/api.w.org\/{rel}","templated":true}]}}