{"id":2656,"date":"2022-05-16T21:29:57","date_gmt":"2022-05-16T19:29:57","guid":{"rendered":"https:\/\/www.parthages.be\/eboutique\/?post_type=product&#038;p=2656"},"modified":"2022-05-16T21:29:57","modified_gmt":"2022-05-16T19:29:57","slug":"le-bebe-avec-un-handicap-de-laccueil-a-lintegration","status":"publish","type":"product","link":"https:\/\/www.parthages.be\/eboutique\/produit\/le-bebe-avec-un-handicap-de-laccueil-a-lintegration\/","title":{"rendered":"Le b\u00e9b\u00e9 avec un handicap : de l&rsquo;accueil \u00e0 l&rsquo;int\u00e9gration"},"content":{"rendered":"<p>Comment demeurer indiff\u00e9rent, comment rester sans r\u00e9ponse face \u00e0 la solitude, \u00e0 l&rsquo;infinie d\u00e9tresse de parents qui viennent de mettre au monde un enfant avec un handicap ? Janine L\u00e9vy en a rencontr\u00e9 beaucoup. Elle a tent\u00e9 de faire face&#8230;<\/p>\n<p>Tr\u00e8s t\u00f4t lui sont apparues deux notions essentielles : ces parents, il importe de les soutenir, de les accompagner dans un cheminement douloureux, sem\u00e9 d&rsquo;obstacles et d&rsquo;incompr\u00e9hension ; cet enfant, il convient aussi pr\u00e9cocement que possible de l&rsquo;observer, le prot\u00e9ger, l&rsquo;aider \u00e0 \u00e9voluer. Sans pour autant le sur-stimuler, ni en faire un \u00a0\u00bb objet de soins \u00ab\u00a0. Comme un autre il a droit \u00e0 l&rsquo;enfance&#8230;<\/p>\n<p>Un tel accompagnement implique \u00e0 l&rsquo;\u00e9vidence une coop\u00e9ration \u00e9troite et chaleureuse entre les parents et une \u00e9quipe pluridisciplinaire, attentive, modeste, d\u00e9vou\u00e9e&#8230;<\/p>\n<p>Ce livre d\u00e9crit une exp\u00e9rience, raconte une aventure, humaine entre toutes. ((Pr\u00e9sentation de l\u2019\u00e9diteur)<\/p>\n<p>LEVY J.<\/p>\n<p>Seuil<\/p>\n<p>1991- 177 p<\/p>\n<p>ISBN\u00a0: 2-02-011583-2<\/p>\n<p>Cote doc\u00a0: 2-00-LEV-B<\/p>\n<p><strong><em>Uniquement \u00e0 la location<\/em><\/strong><\/p>\n<span class=\"et_bloom_bottom_trigger\"><\/span>","protected":false},"excerpt":{"rendered":"<p>Comment demeurer indiff\u00e9rent, comment rester sans r\u00e9ponse face \u00e0 la solitude, \u00e0 l&rsquo;infinie d\u00e9tresse de parents qui viennent de mettre au monde un enfant avec un handicap ? Janine L\u00e9vy en a rencontr\u00e9 beaucoup. Elle a tent\u00e9 de faire face&#8230; Tr\u00e8s t\u00f4t lui sont apparues deux notions essentielles : ces parents, il importe de les [&hellip;]<\/p>\n","protected":false},"featured_media":2657,"comment_status":"closed","ping_status":"closed","template":"","meta":{"_et_pb_use_builder":"","_et_pb_old_content":"","_et_gb_content_width":"","spay_email":""},"class_list":["post-2656","product","type-product","status-publish","has-post-thumbnail","hentry","product_cat-livres","product_tag-accompagnement","product_tag-accueil","product_tag-cooperation","product_tag-equipe-de-travail","product_tag-france","product_tag-handicap","product_tag-integration","product_tag-nourrisson","product_tag-observation","product_tag-personne-handicapee","product_tag-readaptation","product_tag-relation-parent-enfant","product_tag-temoignage"],"jetpack_sharing_enabled":true,"jetpack_likes_enabled":true,"_links":{"self":[{"href":"https:\/\/www.parthages.be\/eboutique\/wp-json\/wp\/v2\/product\/2656","targetHints":{"allow":["GET"]}}],"collection":[{"href":"https:\/\/www.parthages.be\/eboutique\/wp-json\/wp\/v2\/product"}],"about":[{"href":"https:\/\/www.parthages.be\/eboutique\/wp-json\/wp\/v2\/types\/product"}],"replies":[{"embeddable":true,"href":"https:\/\/www.parthages.be\/eboutique\/wp-json\/wp\/v2\/comments?post=2656"}],"wp:featuredmedia":[{"embeddable":true,"href":"https:\/\/www.parthages.be\/eboutique\/wp-json\/wp\/v2\/media\/2657"}],"wp:attachment":[{"href":"https:\/\/www.parthages.be\/eboutique\/wp-json\/wp\/v2\/media?parent=2656"}],"curies":[{"name":"wp","href":"https:\/\/api.w.org\/{rel}","templated":true}]}}