{"id":2673,"date":"2022-06-03T08:54:21","date_gmt":"2022-06-03T06:54:21","guid":{"rendered":"https:\/\/www.parthages.be\/eboutique\/?post_type=product&#038;p=2673"},"modified":"2022-06-03T08:54:22","modified_gmt":"2022-06-03T06:54:22","slug":"comprendre-et-traiter-lincontinence-urinaire","status":"publish","type":"product","link":"https:\/\/www.parthages.be\/eboutique\/produit\/comprendre-et-traiter-lincontinence-urinaire\/","title":{"rendered":"Comprendre et traiter l&rsquo;incontinence urinaire"},"content":{"rendered":"<p>Qu&rsquo;est-ce que l&rsquo;incontinence urinaire? Comment fonctionne le syst\u00e8me v\u00e9sico-sphinct\u00e9rien? Quels sont les diff\u00e9rents types d&rsquo;incontinence urinaire? Quand parle-t-on d&rsquo;incontinence urinaire \u00e0 l&rsquo;effort? Qu&rsquo;est-ce-que l&rsquo;hyperactivit\u00e9 v\u00e9sicale? Des traitements existe-t-il?<\/p>\n<p>Ce livre, con\u00e7u comme un guide didactique, apporte des r\u00e9ponses \u00e0 tous ceux qui veulent en savoir plus sur l&rsquo;incontinence urinaire, ses causes et ses traitements. (Pr\u00e9sentation de l\u2019\u00e9diteur)<\/p>\n<p>ROUMEGUERE T.<\/p>\n<p>Vivio<\/p>\n<p>2007-69p.<\/p>\n<p>ISBN: 978-2-930365-63-3<\/p>\n<p>Cote doc: 1-70-ROU-C-13<\/p>\n<p><strong><em>Uniquement \u00e0 la location<\/em><\/strong><\/p>\n<span class=\"et_bloom_bottom_trigger\"><\/span>","protected":false},"excerpt":{"rendered":"<p>Qu&rsquo;est-ce que l&rsquo;incontinence urinaire? Comment fonctionne le syst\u00e8me v\u00e9sico-sphinct\u00e9rien? Quels sont les diff\u00e9rents types d&rsquo;incontinence urinaire? Quand parle-t-on d&rsquo;incontinence urinaire \u00e0 l&rsquo;effort? Qu&rsquo;est-ce-que l&rsquo;hyperactivit\u00e9 v\u00e9sicale? Des traitements existe-t-il?<\/p>\n","protected":false},"featured_media":2674,"comment_status":"closed","ping_status":"closed","template":"","meta":{"_et_pb_use_builder":"","_et_pb_old_content":"","_et_gb_content_width":"","spay_email":""},"class_list":["post-2673","product","type-product","status-publish","has-post-thumbnail","hentry","product_cat-livres","product_tag-diagnostic","product_tag-guide","product_tag-incontinence-urinaire","product_tag-medicament","product_tag-soins"],"jetpack_sharing_enabled":true,"jetpack_likes_enabled":true,"_links":{"self":[{"href":"https:\/\/www.parthages.be\/eboutique\/wp-json\/wp\/v2\/product\/2673","targetHints":{"allow":["GET"]}}],"collection":[{"href":"https:\/\/www.parthages.be\/eboutique\/wp-json\/wp\/v2\/product"}],"about":[{"href":"https:\/\/www.parthages.be\/eboutique\/wp-json\/wp\/v2\/types\/product"}],"replies":[{"embeddable":true,"href":"https:\/\/www.parthages.be\/eboutique\/wp-json\/wp\/v2\/comments?post=2673"}],"wp:featuredmedia":[{"embeddable":true,"href":"https:\/\/www.parthages.be\/eboutique\/wp-json\/wp\/v2\/media\/2674"}],"wp:attachment":[{"href":"https:\/\/www.parthages.be\/eboutique\/wp-json\/wp\/v2\/media?parent=2673"}],"curies":[{"name":"wp","href":"https:\/\/api.w.org\/{rel}","templated":true}]}}