{"id":268,"date":"2012-11-12T10:23:14","date_gmt":"2012-11-12T09:23:14","guid":{"rendered":"https:\/\/www.parthages.be\/wordpress\/produit\/l-autisme-du-choc-a-l-espoir\/"},"modified":"2022-07-26T07:59:08","modified_gmt":"2022-07-26T05:59:08","slug":"l-autisme-du-choc-a-l-espoir","status":"publish","type":"product","link":"https:\/\/www.parthages.be\/eboutique\/produit\/l-autisme-du-choc-a-l-espoir\/","title":{"rendered":"L&rsquo;autisme : du choc \u00e0 l&rsquo;espoir"},"content":{"rendered":"<p>Votre enfant a r\u00e9cemment re\u00e7u un diagnostic d&rsquo;autisme ou de trouble envahissant du d\u00e9veloppement. \u00c0 pr\u00e9sent, tant de questions se bousculent : Qu&rsquo;est-ce que l&rsquo;autisme ? Quelle peut \u00eatre la cause de ce trouble ? Est-ce que \u00e7a se gu\u00e9rit ? Qu&rsquo;arrivera-t-il \u00e0 mon enfant ? \u00c0 notre famille ? Quels services s&rsquo;offrent \u00e0 nous ? Par o\u00f9 commence-t-on ?<\/p>\n<p>C&rsquo;est \u00e0 ces questions que les auteurs r\u00e9pondent dans cet ouvrage, \u00e0 travers 15 petits chapitres qui vous permettront d&rsquo;apprivoiser en douceur la situation de votre enfant. En se basant sur les recherches les plus r\u00e9centes dans le domaine, mais toujours en expliquant clairement les concepts scientifiques, France Carbonneau et Andr\u00e9 Rousseau vous guident dans cet univers qui est celui de votre enfant. En plus des renseignements qui vous permettront de bien comprendre l&rsquo;autisme, des strat\u00e9gies pour aider votre enfant, des services offerts dans le milieu de la sant\u00e9 et le milieu scolaire, vous trouverez des t\u00e9moignages de parents d&rsquo;enfants autistes qui partagent leur v\u00e9cu en toute simplicit\u00e9.<\/p>\n<p>R\u00e9dig\u00e9 en fonction du contexte qu\u00e9b\u00e9cois, la majorit\u00e9 des chapitres sont toutefois universels. De plus, une section compl\u00e8te se penche sur le contexte particulier de la France.<\/p>\n<p>Cet ouvrage est une mine d&rsquo;or d&rsquo;information que vous garderez sous la main et qui vous aidera \u00e0 passer du choc \u00e0 l&rsquo;espoir. (Pr\u00e9sentation de l\u2019\u00e9diteur)<\/p>\n<p>CARBONNEAU F.- ROUSSEAU A.<\/p>\n<p>Cheneli\u00e8re Education<\/p>\n<p>2012-232p.- 328gr<\/p>\n<p>ISBN\u00a0: 978-2-7650-3103-1<\/p>\n<p>Cote doc: 1-70-CAR-A<\/p>\n<span class=\"et_bloom_bottom_trigger\"><\/span>","protected":false},"excerpt":{"rendered":"<p>Votre enfant a r\u00e9cemment re\u00e7u un diagnostic d&rsquo;autisme ou de trouble envahissant du d\u00e9veloppement. \u00c0 pr\u00e9sent, tant de questions se bousculent : Qu&rsquo;est-ce que l&rsquo;autisme ? Quelle peut \u00eatre la cause de ce trouble ? Est-ce que \u00e7a se gu\u00e9rit ? Qu&rsquo;arrivera-t-il \u00e0 mon enfant ? \u00c0 notre famille ? Quels services s&rsquo;offrent \u00e0 nous ? Par o\u00f9 commence-t-on ?<\/p>\n","protected":false},"featured_media":267,"comment_status":"open","ping_status":"closed","template":"","meta":{"_et_pb_use_builder":"","_et_pb_old_content":"","_et_gb_content_width":"","spay_email":""},"class_list":["post-268","product","type-product","status-publish","has-post-thumbnail","hentry","product_cat-livres","product_tag-annonce-du-handicap","product_tag-autisme","product_tag-diagnostic","product_tag-enfant","product_tag-guide","product_tag-information","product_tag-quebec","product_tag-relation-familiale","product_tag-syndrome-dasperger","product_tag-trouble-du-developpement"],"jetpack_sharing_enabled":true,"jetpack_likes_enabled":true,"_links":{"self":[{"href":"https:\/\/www.parthages.be\/eboutique\/wp-json\/wp\/v2\/product\/268","targetHints":{"allow":["GET"]}}],"collection":[{"href":"https:\/\/www.parthages.be\/eboutique\/wp-json\/wp\/v2\/product"}],"about":[{"href":"https:\/\/www.parthages.be\/eboutique\/wp-json\/wp\/v2\/types\/product"}],"replies":[{"embeddable":true,"href":"https:\/\/www.parthages.be\/eboutique\/wp-json\/wp\/v2\/comments?post=268"}],"wp:featuredmedia":[{"embeddable":true,"href":"https:\/\/www.parthages.be\/eboutique\/wp-json\/wp\/v2\/media\/267"}],"wp:attachment":[{"href":"https:\/\/www.parthages.be\/eboutique\/wp-json\/wp\/v2\/media?parent=268"}],"curies":[{"name":"wp","href":"https:\/\/api.w.org\/{rel}","templated":true}]}}

L&rsquo;autisme : du choc à l&rsquo;espoir

<p>Votre enfant a récemment reçu un diagnostic d&rsquo;autisme ou de trouble envahissant du développement. À présent, tant de questions se bousculent : Qu&rsquo;est-ce que l&rsquo;autisme ? Quelle peut être la cause de ce trouble ? Est-ce que ça se guérit ? Qu&rsquo;arrivera-t-il à mon enfant ? À notre famille ? Quels services s&rsquo;offrent à nous ? Par où commence-t-on ?</p>
<p>C&rsquo;est à ces questions que les auteurs répondent dans cet ouvrage, à travers 15 petits chapitres qui vous permettront d&rsquo;apprivoiser en douceur la situation de votre enfant. En se basant sur les recherches les plus récentes dans le domaine, mais toujours en expliquant clairement les concepts scientifiques, France Carbonneau et André Rousseau vous guident dans cet univers qui est celui de votre enfant. En plus des renseignements qui vous permettront de bien comprendre l&rsquo;autisme, des stratégies pour aider votre enfant, des services offerts dans le milieu de la santé et le milieu scolaire, vous trouverez des témoignages de parents d&rsquo;enfants autistes qui partagent leur vécu en toute simplicité.</p>
<p>Rédigé en fonction du contexte québécois, la majorité des chapitres sont toutefois universels. De plus, une section complète se penche sur le contexte particulier de la France.</p>
<p>Cet ouvrage est une mine d&rsquo;or d&rsquo;information que vous garderez sous la main et qui vous aidera à passer du choc à l&rsquo;espoir. (Présentation de l’éditeur)</p>
<p>CARBONNEAU F.- ROUSSEAU A.</p>
<p>Chenelière Education</p>
<p>2012-232p.- 328gr</p>
<p>ISBN : 978-2-7650-3103-1</p>
<p>Cote doc: 1-70-CAR-A</p>
<span class="et_bloom_bottom_trigger"></span>

<p>Votre enfant a récemment reçu un diagnostic d&rsquo;autisme ou de trouble envahissant du développement. À présent, tant de questions se bousculent : Qu&rsquo;est-ce que l&rsquo;autisme ? Quelle peut être la cause de ce trouble ? Est-ce que ça se guérit ? Qu&rsquo;arrivera-t-il à mon enfant ? À notre famille ? Quels services s&rsquo;offrent à nous ? Par où commence-t-on ?</p>
