{"id":2686,"date":"2022-06-03T09:40:21","date_gmt":"2022-06-03T07:40:21","guid":{"rendered":"https:\/\/www.parthages.be\/eboutique\/?post_type=product&#038;p=2686"},"modified":"2022-06-03T09:41:34","modified_gmt":"2022-06-03T07:41:34","slug":"les-schizophrenes","status":"publish","type":"product","link":"https:\/\/www.parthages.be\/eboutique\/produit\/les-schizophrenes\/","title":{"rendered":"Les schizophr\u00e8nes"},"content":{"rendered":"<p>\u00a0\u00bb Je n&rsquo;ai pas la pr\u00e9tention, dans un ouvrage aussi mince, de traiter tous les probl\u00e8mes que soul\u00e8ve l&rsquo;existence des schizophr\u00e8nes, pas plus que de dire ce qu&rsquo;est au fond la schizophr\u00e9nie, pour la bonne raison que je n&rsquo;en sais rien. Ce livre a pour ambition d&rsquo;\u00eatre essentiellement pratique, c&rsquo;est-\u00e0-dire qu&rsquo;il doit permettre \u00e0 tous ceux qui c\u00f4toient les schizophr\u00e8nes et participent \u00e0 leur traitement de mieux savoir ce qu&rsquo;ils ont \u00e0 faire et \u00e0 ne pas faire en telle ou telle circonstance, avec tel ou tel malade en particulier. Je ne puis malheureusement pas esp\u00e9rer qu&rsquo;apr\u00e8s m&rsquo;avoir lu, chacun saura comment se comporter en toutes circonstances, et il faudra encore beaucoup de temps et beaucoup de travail pour savoir vraiment ce qu&rsquo;il faut faire avec les schizophr\u00e8nes et pourquoi. Tous ceux qui en ont c\u00f4toy\u00e9 savent en effet que c&rsquo;est une question tr\u00e8s ardue, que ces malades sont fort difficiles \u00e0 comprendre, qu&rsquo;ils sont souvent extr\u00eamement compliqu\u00e9s et d\u00e9concertants, et que leur traitement est une des t\u00e2ches les plus dures et les plus ingrates qui soient en psychiatrie. \u00a0\u00bb R. G.<\/p>\n<p>Paru aux \u00e9ditions du Scarab\u00e9e en 1969, ce texte est devenu un \u00a0\u00bb classique \u00ab\u00a0. Il est publi\u00e9 ici dans sa premi\u00e8re version. Pierre Delion, dans sa pr\u00e9face, en propose une analyse et un commentaire qui soulignent toute son actualit\u00e9 et sa pertinence pour le travail psychiatrique aujourd&rsquo;hui. Avec une bibliographie enti\u00e8rement revue et un index analytique, il constitue un v\u00e9ritable outil de travail et de formation. (Pr\u00e9sentation de l\u2019\u00e9diteur)<\/p>\n<p>GENTIS R.<\/p>\n<p>Editions Er\u00e8s<\/p>\n<p>2002-125p.-14\u20ac<\/p>\n<p>110gr<\/p>\n<p>ISBN: 2-7492-0092-X<\/p>\n<p>Cote doc: 1-70-GEN-S<\/p>\n<span class=\"et_bloom_bottom_trigger\"><\/span>","protected":false},"excerpt":{"rendered":"<p>Je n&rsquo;ai pas la pr\u00e9tention, dans un ouvrage aussi mince, de traiter tous les probl\u00e8mes que soul\u00e8ve l&rsquo;existence des schizophr\u00e8nes, pas plus que de dire ce qu&rsquo;est au fond la schizophr\u00e9nie, pour la bonne raison que je n&rsquo;en sais rien.<\/p>\n","protected":false},"featured_media":2687,"comment_status":"closed","ping_status":"closed","template":"","meta":{"_et_pb_use_builder":"","_et_pb_old_content":"","_et_gb_content_width":"","spay_email":""},"class_list":["post-2686","product","type-product","status-publish","has-post-thumbnail","hentry","product_cat-livres","product_tag-mecanisme-de-defense","product_tag-psychiatrie","product_tag-psychopathologie","product_tag-relation-patient-famille","product_tag-schizophrenie","product_tag-traitement"],"jetpack_sharing_enabled":true,"jetpack_likes_enabled":true,"_links":{"self":[{"href":"https:\/\/www.parthages.be\/eboutique\/wp-json\/wp\/v2\/product\/2686","targetHints":{"allow":["GET"]}}],"collection":[{"href":"https:\/\/www.parthages.be\/eboutique\/wp-json\/wp\/v2\/product"}],"about":[{"href":"https:\/\/www.parthages.be\/eboutique\/wp-json\/wp\/v2\/types\/product"}],"replies":[{"embeddable":true,"href":"https:\/\/www.parthages.be\/eboutique\/wp-json\/wp\/v2\/comments?post=2686"}],"wp:featuredmedia":[{"embeddable":true,"href":"https:\/\/www.parthages.be\/eboutique\/wp-json\/wp\/v2\/media\/2687"}],"wp:attachment":[{"href":"https:\/\/www.parthages.be\/eboutique\/wp-json\/wp\/v2\/media?parent=2686"}],"curies":[{"name":"wp","href":"https:\/\/api.w.org\/{rel}","templated":true}]}}

Les schizophrènes

<p> » Je n&rsquo;ai pas la prétention, dans un ouvrage aussi mince, de traiter tous les problèmes que soulève l&rsquo;existence des schizophrènes, pas plus que de dire ce qu&rsquo;est au fond la schizophrénie, pour la bonne raison que je n&rsquo;en sais rien. Ce livre a pour ambition d&rsquo;être essentiellement pratique, c&rsquo;est-à-dire qu&rsquo;il doit permettre à tous ceux qui côtoient les schizophrènes et participent à leur traitement de mieux savoir ce qu&rsquo;ils ont à faire et à ne pas faire en telle ou telle circonstance, avec tel ou tel malade en particulier. Je ne puis malheureusement pas espérer qu&rsquo;après m&rsquo;avoir lu, chacun saura comment se comporter en toutes circonstances, et il faudra encore beaucoup de temps et beaucoup de travail pour savoir vraiment ce qu&rsquo;il faut faire avec les schizophrènes et pourquoi. Tous ceux qui en ont côtoyé savent en effet que c&rsquo;est une question très ardue, que ces malades sont fort difficiles à comprendre, qu&rsquo;ils sont souvent extrêmement compliqués et déconcertants, et que leur traitement est une des tâches les plus dures et les plus ingrates qui soient en psychiatrie.  » R. G.</p>
<p>Paru aux éditions du Scarabée en 1969, ce texte est devenu un  » classique « . Il est publié ici dans sa première version. Pierre Delion, dans sa préface, en propose une analyse et un commentaire qui soulignent toute son actualité et sa pertinence pour le travail psychiatrique aujourd&rsquo;hui. Avec une bibliographie entièrement revue et un index analytique, il constitue un véritable outil de travail et de formation. (Présentation de l’éditeur)</p>
<p>GENTIS R.</p>
<p>Editions Erès</p>
<p>2002-125p.-14€</p>
<p>110gr</p>
<p>ISBN: 2-7492-0092-X</p>
<p>Cote doc: 1-70-GEN-S</p>
<span class="et_bloom_bottom_trigger"></span>

<p>Je n&rsquo;ai pas la prétention, dans un ouvrage aussi mince, de traiter tous les problèmes que soulève l&rsquo;existence des schizophrènes, pas plus que de dire ce qu&rsquo;est au fond la schizophrénie, pour la bonne raison que je n&rsquo;en sais rien.</p>
