{"id":2701,"date":"2022-06-03T09:52:01","date_gmt":"2022-06-03T07:52:01","guid":{"rendered":"https:\/\/www.parthages.be\/eboutique\/?post_type=product&#038;p=2701"},"modified":"2022-06-03T09:52:02","modified_gmt":"2022-06-03T07:52:02","slug":"comprendre-et-traiter-la-broncho-pneumopathie-chronique-obstructive-bpco","status":"publish","type":"product","link":"https:\/\/www.parthages.be\/eboutique\/produit\/comprendre-et-traiter-la-broncho-pneumopathie-chronique-obstructive-bpco\/","title":{"rendered":"Comprendre et traiter la broncho-pneumopathie chronique obstructive (BPCO)"},"content":{"rendered":"<p>Qu&rsquo;est-ce que la broncho-pneumopathie chronique obstructive (BPCO)? Quels en sont les sympt\u00f4mes? Quelles en sont les causes? Comment la diagnostiquer? Comment la traiter? Comment contr\u00f4ler l&rsquo;\u00e9volution de cette maladie?<\/p>\n<p>Cet ouvrage est con\u00e7u comme un guide didactique et pratique. Il offre aux patients BPCO les r\u00e9ponses \u00e0 toutes les questions qu&rsquo;ils se posent sur cette affection chronique (Pr\u00e9sentation de l\u2019\u00e9diteur)<\/p>\n<p>HINDLET J-Y.<\/p>\n<p>Vivio<\/p>\n<p>2004-62p.<\/p>\n<p>ISBN: 978-2-930365-08-0<\/p>\n<p>Cote doc: 1-70-HIN-C-25<\/p>\n<p><strong><em>Uniquement \u00e0 la location<\/em><\/strong><\/p>\n<span class=\"et_bloom_bottom_trigger\"><\/span>","protected":false},"excerpt":{"rendered":"<p>Qu&rsquo;est-ce que la broncho-pneumopathie chronique obstructive (BPCO)? Quels en sont les sympt\u00f4mes? Quelles en sont les causes? Comment la diagnostiquer? Comment la traiter? Comment contr\u00f4ler l&rsquo;\u00e9volution de cette maladie?<\/p>\n","protected":false},"featured_media":2702,"comment_status":"closed","ping_status":"closed","template":"","meta":{"_et_pb_use_builder":"","_et_pb_old_content":"","_et_gb_content_width":"","spay_email":""},"class_list":["post-2701","product","type-product","status-publish","has-post-thumbnail","hentry","product_cat-livres","product_tag-bronchite-chronique","product_tag-diagnostic","product_tag-guide","product_tag-maladie-respiratoire","product_tag-soins","product_tag-therapeutique"],"jetpack_sharing_enabled":true,"jetpack_likes_enabled":true,"_links":{"self":[{"href":"https:\/\/www.parthages.be\/eboutique\/wp-json\/wp\/v2\/product\/2701","targetHints":{"allow":["GET"]}}],"collection":[{"href":"https:\/\/www.parthages.be\/eboutique\/wp-json\/wp\/v2\/product"}],"about":[{"href":"https:\/\/www.parthages.be\/eboutique\/wp-json\/wp\/v2\/types\/product"}],"replies":[{"embeddable":true,"href":"https:\/\/www.parthages.be\/eboutique\/wp-json\/wp\/v2\/comments?post=2701"}],"wp:featuredmedia":[{"embeddable":true,"href":"https:\/\/www.parthages.be\/eboutique\/wp-json\/wp\/v2\/media\/2702"}],"wp:attachment":[{"href":"https:\/\/www.parthages.be\/eboutique\/wp-json\/wp\/v2\/media?parent=2701"}],"curies":[{"name":"wp","href":"https:\/\/api.w.org\/{rel}","templated":true}]}}