{"id":2709,"date":"2022-06-03T09:55:41","date_gmt":"2022-06-03T07:55:41","guid":{"rendered":"https:\/\/www.parthages.be\/eboutique\/?post_type=product&#038;p=2709"},"modified":"2022-06-03T09:55:42","modified_gmt":"2022-06-03T07:55:42","slug":"reeduquer-parcours-depreuves-et-trajet-de-vie","status":"publish","type":"product","link":"https:\/\/www.parthages.be\/eboutique\/produit\/reeduquer-parcours-depreuves-et-trajet-de-vie\/","title":{"rendered":"R\u00e9\u00e9duquer : parcours d&rsquo;\u00e9preuves et trajet de vie"},"content":{"rendered":"<p>L&rsquo;auteur fut \u00e9ducateur en institution, puis en pr\u00e9vention sp\u00e9cialis\u00e9e. Ensuite, devenu r\u00e9\u00e9ducateur en psychomotricit\u00e9, il enseigne cette discipline et prend la direction d&rsquo;un externat m\u00e9dico-professionnel dans la r\u00e9gion parisienne. Il dirige actuellement un foyer d&rsquo;h\u00e9bergement social pour une centaine d&rsquo;adultes handicap\u00e9s \u00e0 Montpellier. Parall\u00e8lement \u00e0 ses nombreux engagements concernant le milieu associatif et les formations m\u00e9dico-sociales, il conduit une recherche avec le laboratoire de sociologie de l&rsquo;Universit\u00e9 de Tours sur les \u00ab\u00a0histoires de vie\u00a0\u00bb des personnes handicap\u00e9es. Dans ce livre, il interpr\u00e8te ses exp\u00e9riences en rapport avec le monde des personnes handicap\u00e9es. (Pr\u00e9sentation de l\u2019\u00e9diteur)<\/p>\n<p>GOMEZ J.F.<\/p>\n<p>Editions Er\u00e8s<\/p>\n<p>1992-142p<\/p>\n<p>ISBN: 2-86586-201-1<\/p>\n<p>Cote doc: 1-70-GOM-R<\/p>\n<p><strong><em>Uniquement \u00e0 la location<\/em><\/strong><\/p>\n<span class=\"et_bloom_bottom_trigger\"><\/span>","protected":false},"excerpt":{"rendered":"<p>L&rsquo;auteur fut \u00e9ducateur en institution, puis en pr\u00e9vention sp\u00e9cialis\u00e9e. Ensuite, devenu r\u00e9\u00e9ducateur en psychomotricit\u00e9, il enseigne cette discipline et prend la direction d&rsquo;un externat m\u00e9dico-professionnel dans la r\u00e9gion parisienne.<\/p>\n","protected":false},"featured_media":2710,"comment_status":"closed","ping_status":"closed","template":"","meta":{"_et_pb_use_builder":"","_et_pb_old_content":"","_et_gb_content_width":"","spay_email":""},"class_list":["post-2709","product","type-product","status-publish","has-post-thumbnail","hentry","product_cat-livres","product_tag-autisme","product_tag-deficience-intellectuelle","product_tag-deficience-physique","product_tag-educateur","product_tag-france","product_tag-handicap","product_tag-integration-sociale","product_tag-personne-handicapee","product_tag-psychologie","product_tag-psychomotricite","product_tag-readaptation","product_tag-temoignage","product_tag-vie-quotidienne"],"jetpack_sharing_enabled":true,"jetpack_likes_enabled":true,"_links":{"self":[{"href":"https:\/\/www.parthages.be\/eboutique\/wp-json\/wp\/v2\/product\/2709","targetHints":{"allow":["GET"]}}],"collection":[{"href":"https:\/\/www.parthages.be\/eboutique\/wp-json\/wp\/v2\/product"}],"about":[{"href":"https:\/\/www.parthages.be\/eboutique\/wp-json\/wp\/v2\/types\/product"}],"replies":[{"embeddable":true,"href":"https:\/\/www.parthages.be\/eboutique\/wp-json\/wp\/v2\/comments?post=2709"}],"wp:featuredmedia":[{"embeddable":true,"href":"https:\/\/www.parthages.be\/eboutique\/wp-json\/wp\/v2\/media\/2710"}],"wp:attachment":[{"href":"https:\/\/www.parthages.be\/eboutique\/wp-json\/wp\/v2\/media?parent=2709"}],"curies":[{"name":"wp","href":"https:\/\/api.w.org\/{rel}","templated":true}]}}

Rééduquer : parcours d&rsquo;épreuves et trajet de vie

<p>L&rsquo;auteur fut éducateur en institution, puis en prévention spécialisée. Ensuite, devenu rééducateur en psychomotricité, il enseigne cette discipline et prend la direction d&rsquo;un externat médico-professionnel dans la région parisienne. Il dirige actuellement un foyer d&rsquo;hébergement social pour une centaine d&rsquo;adultes handicapés à Montpellier. Parallèlement à ses nombreux engagements concernant le milieu associatif et les formations médico-sociales, il conduit une recherche avec le laboratoire de sociologie de l&rsquo;Université de Tours sur les « histoires de vie » des personnes handicapées. Dans ce livre, il interprète ses expériences en rapport avec le monde des personnes handicapées. (Présentation de l’éditeur)</p>
<p>GOMEZ J.F.</p>
<p>Editions Erès</p>
<p>1992-142p</p>
<p>ISBN: 2-86586-201-1</p>
<p>Cote doc: 1-70-GOM-R</p>
<p><strong><em>Uniquement à la location</em></strong></p>
<span class="et_bloom_bottom_trigger"></span>

<p>L&rsquo;auteur fut éducateur en institution, puis en prévention spécialisée. Ensuite, devenu rééducateur en psychomotricité, il enseigne cette discipline et prend la direction d&rsquo;un externat médico-professionnel dans la région parisienne.</p>
