{"id":2718,"date":"2022-06-07T08:18:19","date_gmt":"2022-06-07T06:18:19","guid":{"rendered":"https:\/\/www.parthages.be\/eboutique\/?post_type=product&#038;p=2718"},"modified":"2022-06-07T08:18:38","modified_gmt":"2022-06-07T06:18:38","slug":"comprendre-et-traiter-larthrose","status":"publish","type":"product","link":"https:\/\/www.parthages.be\/eboutique\/produit\/comprendre-et-traiter-larthrose\/","title":{"rendered":"Comprendre et traiter l&rsquo;arthrose"},"content":{"rendered":"<p>Qu&rsquo;est-ce que l&rsquo;arthrose? Quels en sont les sympt\u00f4mes? Quelles en sont les causes? Comment la diagnostiquer? Existe-t-il des traitements efficaces?<\/p>\n<p>Cet ouvrage, reposant sur des informations scientifiques, est con\u00e7u comme un guide didactique et pratique. Il offre aux patients atteints d&rsquo;arthrose les r\u00e9ponses \u00e0 toutes les questions qu&rsquo;ils se posent. (Pr\u00e9sentation de l\u2019\u00e9diteur)<\/p>\n<p>DE KERCHOVE V.<\/p>\n<p>Vivio<\/p>\n<p>2005-62p.<\/p>\n<p>ISBN: 2-930365-18-8<\/p>\n<p>Cote doc: 1-70-DEK-C24<\/p>\n<p><strong><em>Uniquement \u00e0 la location<\/em><\/strong><\/p>\n<span class=\"et_bloom_bottom_trigger\"><\/span>","protected":false},"excerpt":{"rendered":"<p>Qu&rsquo;est-ce que l&rsquo;arthrose? Quels en sont les sympt\u00f4mes? Quelles en sont les causes? Comment la diagnostiquer? Existe-t-il des traitements efficaces?<\/p>\n","protected":false},"featured_media":2719,"comment_status":"closed","ping_status":"closed","template":"","meta":{"_et_pb_use_builder":"","_et_pb_old_content":"","_et_gb_content_width":"","spay_email":""},"class_list":["post-2718","product","type-product","status-publish","has-post-thumbnail","hentry","product_cat-livres","product_tag-diagnostic","product_tag-guide","product_tag-maladie-articulaire","product_tag-rhumatisme","product_tag-soins","product_tag-therapeutique"],"jetpack_sharing_enabled":true,"jetpack_likes_enabled":true,"_links":{"self":[{"href":"https:\/\/www.parthages.be\/eboutique\/wp-json\/wp\/v2\/product\/2718","targetHints":{"allow":["GET"]}}],"collection":[{"href":"https:\/\/www.parthages.be\/eboutique\/wp-json\/wp\/v2\/product"}],"about":[{"href":"https:\/\/www.parthages.be\/eboutique\/wp-json\/wp\/v2\/types\/product"}],"replies":[{"embeddable":true,"href":"https:\/\/www.parthages.be\/eboutique\/wp-json\/wp\/v2\/comments?post=2718"}],"wp:featuredmedia":[{"embeddable":true,"href":"https:\/\/www.parthages.be\/eboutique\/wp-json\/wp\/v2\/media\/2719"}],"wp:attachment":[{"href":"https:\/\/www.parthages.be\/eboutique\/wp-json\/wp\/v2\/media?parent=2718"}],"curies":[{"name":"wp","href":"https:\/\/api.w.org\/{rel}","templated":true}]}}