{"id":2733,"date":"2022-06-07T08:40:17","date_gmt":"2022-06-07T06:40:17","guid":{"rendered":"https:\/\/www.parthages.be\/eboutique\/?post_type=product&#038;p=2733"},"modified":"2022-06-07T08:40:18","modified_gmt":"2022-06-07T06:40:18","slug":"autisme-et-emotions","status":"publish","type":"product","link":"https:\/\/www.parthages.be\/eboutique\/produit\/autisme-et-emotions\/","title":{"rendered":"Autisme et \u00e9motions"},"content":{"rendered":"<p>Les personnes avec autisme ont-elles des sentiments? Comment les expriment-elles? Pourquoi ont-elles tant de difficult\u00e9s \u00e0 comprendre les \u00e9motions des autres? L&rsquo;autisme est-il synonyme d&rsquo;un manque d&#8217;empathie? Quel lien existe-t-il entre intelligence \u00e9motionnelle et \u00ab\u00a0pens\u00e9e autistique\u00a0\u00bb?<\/p>\n<p>Autant de questions que se pose l&rsquo;entourage des personnes atteintes d&rsquo;autisme. Or, ces derni\u00e8res ann\u00e9es, si les progr\u00e8s et d\u00e9couvertes pour aider les personnes avec autisme ont \u00e9t\u00e9 nombreux, dans le domaine des \u00e9motions, les recherches et ouvrages sur le sujet se font toujours rares.<\/p>\n<p>Autisme et \u00e9motions pallie ce manque et tente de r\u00e9pondre \u00e0 un maximum de questions sur le fonctionnement \u00e9motionnel des personnes avec autisme.<\/p>\n<p>(Pr\u00e9sentation de l\u2019\u00e9diteur)<\/p>\n<p>VERMEULEN P.<\/p>\n<p>Editions De Boeck Universit\u00e9<\/p>\n<p>2009-157p.<\/p>\n<p>ISBN\u00a0: 978-2-8041-0394-1<\/p>\n<p>Cote doc : 1-70-VER-A<\/p>\n<p><strong><em>Uniquement \u00e0 la location<\/em><\/strong><\/p>\n<span class=\"et_bloom_bottom_trigger\"><\/span>","protected":false},"excerpt":{"rendered":"<p>Les personnes avec autisme ont-elles des sentiments? Comment les expriment-elles? Pourquoi ont-elles tant de difficult\u00e9s \u00e0 comprendre les \u00e9motions des autres? L&rsquo;autisme est-il synonyme d&rsquo;un manque d&#8217;empathie? Quel lien existe-t-il entre intelligence \u00e9motionnelle et \u00ab\u00a0pens\u00e9e autistique\u00a0\u00bb?<\/p>\n","protected":false},"featured_media":2734,"comment_status":"closed","ping_status":"closed","template":"","meta":{"_et_pb_use_builder":"","_et_pb_old_content":"","_et_gb_content_width":"","spay_email":""},"class_list":["post-2733","product","type-product","status-publish","has-post-thumbnail","hentry","product_cat-livres","product_tag-accompagnement","product_tag-attachement","product_tag-autisme","product_tag-emotion","product_tag-empathie","product_tag-expression","product_tag-image-de-soi","product_tag-langage-non-verbal","product_tag-trouble-du-comportement"],"jetpack_sharing_enabled":true,"jetpack_likes_enabled":true,"_links":{"self":[{"href":"https:\/\/www.parthages.be\/eboutique\/wp-json\/wp\/v2\/product\/2733","targetHints":{"allow":["GET"]}}],"collection":[{"href":"https:\/\/www.parthages.be\/eboutique\/wp-json\/wp\/v2\/product"}],"about":[{"href":"https:\/\/www.parthages.be\/eboutique\/wp-json\/wp\/v2\/types\/product"}],"replies":[{"embeddable":true,"href":"https:\/\/www.parthages.be\/eboutique\/wp-json\/wp\/v2\/comments?post=2733"}],"wp:featuredmedia":[{"embeddable":true,"href":"https:\/\/www.parthages.be\/eboutique\/wp-json\/wp\/v2\/media\/2734"}],"wp:attachment":[{"href":"https:\/\/www.parthages.be\/eboutique\/wp-json\/wp\/v2\/media?parent=2733"}],"curies":[{"name":"wp","href":"https:\/\/api.w.org\/{rel}","templated":true}]}}