{"id":2755,"date":"2022-06-07T09:52:31","date_gmt":"2022-06-07T07:52:31","guid":{"rendered":"https:\/\/www.parthages.be\/eboutique\/?post_type=product&#038;p=2755"},"modified":"2022-06-07T09:52:32","modified_gmt":"2022-06-07T07:52:32","slug":"comprendre-et-traiter-la-vessie-hyperactive","status":"publish","type":"product","link":"https:\/\/www.parthages.be\/eboutique\/produit\/comprendre-et-traiter-la-vessie-hyperactive\/","title":{"rendered":"Comprendre et traiter la vessie hyperactive"},"content":{"rendered":"<p>Qu&rsquo;est-ce que l&rsquo;hyperactivit\u00e9 v\u00e9sicale? Comment fonctionne le syst\u00e8me v\u00e9sico-sphinct\u00e9rien? Comment g\u00e9rer les besoins pressants et l&rsquo;\u00e9ventuelle incontinence? Des traitements existent-ils?<\/p>\n<p>Ce livre, con\u00e7u comme guide didactique, apporte des r\u00e9ponses \u00e0 tous ceux qui veulent en savoir plus sur l&rsquo;hyperactivit\u00e9 v\u00e9sicale, ses causes et ses traitements. (Pr\u00e9sentation de l\u2019\u00e9diteur)<\/p>\n<p>ROUMEGUERE T.<\/p>\n<p>Vivio<\/p>\n<p>2009-70p.<\/p>\n<p>ISBN\u00a0: 978-2-87512-028-1<\/p>\n<p>Cote doc: 1-70-ROU-C21<\/p>\n<p><strong><em>Uniquement \u00e0 la location<\/em><\/strong><\/p>\n<span class=\"et_bloom_bottom_trigger\"><\/span>","protected":false},"excerpt":{"rendered":"<p>Qu&rsquo;est-ce que l&rsquo;hyperactivit\u00e9 v\u00e9sicale? Comment fonctionne le syst\u00e8me v\u00e9sico-sphinct\u00e9rien? Comment g\u00e9rer les besoins pressants et l&rsquo;\u00e9ventuelle incontinence? Des traitements existent-ils?<\/p>\n","protected":false},"featured_media":2756,"comment_status":"closed","ping_status":"closed","template":"","meta":{"_et_pb_use_builder":"","_et_pb_old_content":"","_et_gb_content_width":"","spay_email":""},"class_list":["post-2755","product","type-product","status-publish","has-post-thumbnail","hentry","product_cat-livres","product_tag-diagnostic","product_tag-guide","product_tag-incontinence-urinaire","product_tag-maladie-genito-urinaire","product_tag-soins","product_tag-therapeutique"],"jetpack_sharing_enabled":true,"jetpack_likes_enabled":true,"_links":{"self":[{"href":"https:\/\/www.parthages.be\/eboutique\/wp-json\/wp\/v2\/product\/2755","targetHints":{"allow":["GET"]}}],"collection":[{"href":"https:\/\/www.parthages.be\/eboutique\/wp-json\/wp\/v2\/product"}],"about":[{"href":"https:\/\/www.parthages.be\/eboutique\/wp-json\/wp\/v2\/types\/product"}],"replies":[{"embeddable":true,"href":"https:\/\/www.parthages.be\/eboutique\/wp-json\/wp\/v2\/comments?post=2755"}],"wp:featuredmedia":[{"embeddable":true,"href":"https:\/\/www.parthages.be\/eboutique\/wp-json\/wp\/v2\/media\/2756"}],"wp:attachment":[{"href":"https:\/\/www.parthages.be\/eboutique\/wp-json\/wp\/v2\/media?parent=2755"}],"curies":[{"name":"wp","href":"https:\/\/api.w.org\/{rel}","templated":true}]}}