{"id":2759,"date":"2022-06-07T09:54:36","date_gmt":"2022-06-07T07:54:36","guid":{"rendered":"https:\/\/www.parthages.be\/eboutique\/?post_type=product&#038;p=2759"},"modified":"2022-06-07T09:54:37","modified_gmt":"2022-06-07T07:54:37","slug":"comprendre-et-agir-le-traitement-hormonal-du-cancer-de-la-prostate","status":"publish","type":"product","link":"https:\/\/www.parthages.be\/eboutique\/produit\/comprendre-et-agir-le-traitement-hormonal-du-cancer-de-la-prostate\/","title":{"rendered":"Comprendre et agir le traitement hormonal du cancer de la prostate"},"content":{"rendered":"<p>Comment agit le traitement hormonal du cancer de la prostate? Comment lutter contre les effets ind\u00e9sirables? Comment adapter mon alimentation? Par ses conseils avis\u00e9s, fond\u00e9s sur de nombreuses \u00e9tudes scientifiques, ce guide vous accompagnera jour apr\u00e8s jour et vous aidera \u00e0 adopter une attitude active et positive face au traitement hormonal du cancer de la prostate. (Pr\u00e9sentation de l\u2019\u00e9diteur)<\/p>\n<p>TOMBAL B.<\/p>\n<p>Vivio<\/p>\n<p>2010-76p.<\/p>\n<p>ISBN\u00a0: 978-2-87512-034-2<\/p>\n<p>Cote doc: 1-70-TOM-C-17<\/p>\n<p><strong><em>Uniquement \u00e0 la location<\/em><\/strong><\/p>\n<span class=\"et_bloom_bottom_trigger\"><\/span>","protected":false},"excerpt":{"rendered":"<p>Comment agit le traitement hormonal du cancer de la prostate? Comment lutter contre les effets ind\u00e9sirables? Comment adapter mon alimentation?<\/p>\n","protected":false},"featured_media":2760,"comment_status":"closed","ping_status":"closed","template":"","meta":{"_et_pb_use_builder":"","_et_pb_old_content":"","_et_gb_content_width":"","spay_email":""},"class_list":["post-2759","product","type-product","status-publish","has-post-thumbnail","hentry","product_cat-livres","product_tag-cancer","product_tag-diagnostic","product_tag-guide","product_tag-prostate","product_tag-soins","product_tag-therapeutique"],"jetpack_sharing_enabled":true,"jetpack_likes_enabled":true,"_links":{"self":[{"href":"https:\/\/www.parthages.be\/eboutique\/wp-json\/wp\/v2\/product\/2759","targetHints":{"allow":["GET"]}}],"collection":[{"href":"https:\/\/www.parthages.be\/eboutique\/wp-json\/wp\/v2\/product"}],"about":[{"href":"https:\/\/www.parthages.be\/eboutique\/wp-json\/wp\/v2\/types\/product"}],"replies":[{"embeddable":true,"href":"https:\/\/www.parthages.be\/eboutique\/wp-json\/wp\/v2\/comments?post=2759"}],"wp:featuredmedia":[{"embeddable":true,"href":"https:\/\/www.parthages.be\/eboutique\/wp-json\/wp\/v2\/media\/2760"}],"wp:attachment":[{"href":"https:\/\/www.parthages.be\/eboutique\/wp-json\/wp\/v2\/media?parent=2759"}],"curies":[{"name":"wp","href":"https:\/\/api.w.org\/{rel}","templated":true}]}}