{"id":2777,"date":"2022-07-26T08:07:17","date_gmt":"2022-07-26T06:07:17","guid":{"rendered":"https:\/\/www.parthages.be\/eboutique\/?post_type=product&#038;p=2777"},"modified":"2024-01-15T11:55:25","modified_gmt":"2024-01-15T10:55:25","slug":"strategies-et-astuces-pour-mieux-vivre-avec-un-enfant-presentant-un-trouble-du-spectre-de-lautisme","status":"publish","type":"product","link":"https:\/\/www.parthages.be\/eboutique\/produit\/strategies-et-astuces-pour-mieux-vivre-avec-un-enfant-presentant-un-trouble-du-spectre-de-lautisme\/","title":{"rendered":"Strat\u00e9gies et astuces pour mieux vivre avec un enfant pr\u00e9sentant un trouble du spectre de l&rsquo;autisme"},"content":{"rendered":"<p>Si vous avez un enfant qui pr\u00e9sente un trouble du spectre de l&rsquo;autisme tel que l&rsquo;autisme ou le syndrome d&rsquo;Asperger, ce livre est pour vous ! Truff\u00e9 de r\u00e9cits exposant des situations r\u00e9elles et des r\u00e9ussites, il offre des id\u00e9es astucieuses pour affronter les probl\u00e8mes quotidiens, tels que l&rsquo;heure du bain et celle du coucher, les sorties \u00e9ducatives et le choix d&rsquo;une bonne gardienne ou d&rsquo;un bon gardien. Dion E. Betts et Nancy J. Patrick proposent des strat\u00e9gies cr\u00e9atives et pratiques visant \u00e0 aider les parents et les intervenants \u00e0 soutenir l&rsquo;enfant ayant un trouble du spectre de l&rsquo;autisme. Celui-ci peut ainsi acqu\u00e9rir les habilet\u00e9s sociales n\u00e9cessaires pour mieux fonctionner et s&rsquo;\u00e9panouir dans la vie quotidienne. Le livre est divis\u00e9 en cinq sections : le quotidien \u00e0 la maison, l&rsquo;hygi\u00e8ne, la communaut\u00e9, les soins m\u00e9dicaux, ainsi que les \u00e9coles et les organismes. Des probl\u00e8mes courants sont all\u00e9g\u00e9s gr\u00e2ce \u00e0 une section d&rsquo;outils, notamment des listes de v\u00e9rification, des aide-m\u00e9moire, des horaires visuels et des trucs facilitant la m\u00e9morisation et le rappel de l&rsquo;information. Strat\u00e9gies et astuces pour mieux vivre avec un enfant pr\u00e9sentant un trouble du spectre de l&rsquo;autisme permet aux parents et aux intervenants d&rsquo;apporter de petits changements simples qui produisent de grandes am\u00e9liorations dans la qualit\u00e9 de vie de ces enfants et de leur entourage. (Pr\u00e9sentation de l\u2019\u00e9diteur)<\/p>\n<p>BETTS D.- PATRICK N.<\/p>\n<p>Cheneli\u00e8re Education<\/p>\n<p>2010-200p. &#8211; 273gr<\/p>\n<p>ISBN: 978-2-7650-2991-5<\/p>\n<p>Cote doc: 1-70-BET-S<\/p>\n<p>Uniquement \u00e0 la location<\/p>\n<span class=\"et_bloom_bottom_trigger\"><\/span>","protected":false},"excerpt":{"rendered":"<p>Si vous avez un enfant qui pr\u00e9sente un trouble du spectre de l&rsquo;autisme tel que l&rsquo;autisme ou le syndrome d&rsquo;Asperger, ce livre est pour vous !<\/p>\n","protected":false},"featured_media":2778,"comment_status":"closed","ping_status":"closed","template":"","meta":{"_et_pb_use_builder":"","_et_pb_old_content":"","_et_gb_content_width":"","spay_email":""},"class_list":["post-2777","product","type-product","status-publish","has-post-thumbnail","hentry","product_cat-livres","product_tag-autisme","product_tag-communication","product_tag-comportement","product_tag-outil","product_tag-recit-de-vie","product_tag-socialisation","product_tag-strategie","product_tag-symptome"],"jetpack_sharing_enabled":true,"jetpack_likes_enabled":true,"_links":{"self":[{"href":"https:\/\/www.parthages.be\/eboutique\/wp-json\/wp\/v2\/product\/2777","targetHints":{"allow":["GET"]}}],"collection":[{"href":"https:\/\/www.parthages.be\/eboutique\/wp-json\/wp\/v2\/product"}],"about":[{"href":"https:\/\/www.parthages.be\/eboutique\/wp-json\/wp\/v2\/types\/product"}],"replies":[{"embeddable":true,"href":"https:\/\/www.parthages.be\/eboutique\/wp-json\/wp\/v2\/comments?post=2777"}],"wp:featuredmedia":[{"embeddable":true,"href":"https:\/\/www.parthages.be\/eboutique\/wp-json\/wp\/v2\/media\/2778"}],"wp:attachment":[{"href":"https:\/\/www.parthages.be\/eboutique\/wp-json\/wp\/v2\/media?parent=2777"}],"curies":[{"name":"wp","href":"https:\/\/api.w.org\/{rel}","templated":true}]}}