{"id":2805,"date":"2022-07-26T08:55:54","date_gmt":"2022-07-26T06:55:54","guid":{"rendered":"https:\/\/www.parthages.be\/eboutique\/?post_type=product&#038;p=2805"},"modified":"2022-07-26T08:55:55","modified_gmt":"2022-07-26T06:55:55","slug":"le-handicap-en-chiffres-2005","status":"publish","type":"product","link":"https:\/\/www.parthages.be\/eboutique\/produit\/le-handicap-en-chiffres-2005\/","title":{"rendered":"Le handicap en chiffres 2005"},"content":{"rendered":"<p><strong><em>Statistiques<\/em><\/strong><\/p>\n<p>Combien de personnes sont reconnues, ou s\u2019estiment handicap\u00e9es, en France ? Quel est le nombre d\u2019enfants et d\u2019adultes handicap\u00e9s accueillis en \u00e9tablissements ? Quel est le bilan de l\u2019int\u00e9gration scolaire des enfants handicap\u00e9s ? Combien de personnes handicap\u00e9es travaillent et combien sont au ch\u00f4mage ? Quel est le budget social du handicap ?<\/p>\n<p>Le CTNERHI, en collaboration avec la Direction de la Recherche des Etudes, de l\u2019Evaluation et des Statistiques (DREES) et la Direction G\u00e9n\u00e9rale de l\u2019Action Sociale (DGAS) du minist\u00e8re de la Sant\u00e9 et des solidarit\u00e9s et du minist\u00e8re de l\u2019emploi, de la coh\u00e9sion sociale et du logement, a r\u00e9alis\u00e9 une synth\u00e8se de l\u2019information statistique disponible. Celle-ci s\u2019appuie principalement sur des travaux et \u00e9tudes statistiques d\u00e9j\u00e0 publi\u00e9s. Une grande partie d\u2019entre eux r\u00e9sultent de l\u2019exploitation :<\/p>\n<p>Handicap en chiffres met \u00e0 la disposition de tous les acteurs du champ du handicap les r\u00e9sultats de ce travail.<\/p>\n<p>Les quarante fiches que contient Handicap en chiffres pr\u00e9sentent des donn\u00e9es g\u00e9n\u00e9rales sur l\u2019ampleur des diff\u00e9rentes composantes du handicap, puis abordent les domaines des enfants et des adultes handicap\u00e9s en examinant les questions de reconnaissance administrative et d\u2019allocations, d\u2019acc\u00e8s \u00e0 la scolarit\u00e9 ou \u00e0 l\u2019emploi, d\u2019accueil dans les \u00e9tablissements et services m\u00e9dico-sociaux, de conditions de vie en domicile ordinaire. Quelques \u00e9clairages sur des questions sp\u00e9cifiques r\u00e9cemment \u00e9tudi\u00e9es et une estimation du budget social du handicap cl\u00f4turent l\u2019ouvrage.<\/p>\n<p>Chaque fiche th\u00e9matique pr\u00e9sente les donn\u00e9es chiffr\u00e9es comment\u00e9es du champ abord\u00e9, comprend les d\u00e9finitions des concepts utilis\u00e9s et renvoie \u00e0 des r\u00e9f\u00e9rences bibliographiques compl\u00e9mentaires.<\/p>\n<p>BROUARD C.- ROUSSEL P.<\/p>\n<p>CTNERHI<\/p>\n<p>2005-124p.<\/p>\n<p>Cote doc: 1-60-CTN-H2<\/p>\n<p><strong><em>Uniquement \u00e0 la location<\/em><\/strong><\/p>\n<span class=\"et_bloom_bottom_trigger\"><\/span>","protected":false},"excerpt":{"rendered":"<p><strong><em>Statistiques<\/em><\/strong><\/p>\n","protected":false},"featured_media":2807,"comment_status":"closed","ping_status":"closed","template":"","meta":{"_et_pb_use_builder":"","_et_pb_old_content":"","_et_gb_content_width":"","spay_email":""},"class_list":["post-2805","product","type-product","status-publish","has-post-thumbnail","hentry","product_cat-livres","product_tag-adulte","product_tag-allocation-de-handicap","product_tag-budget","product_tag-emploi","product_tag-enfant","product_tag-france","product_tag-handicap","product_tag-integration-scolaire","product_tag-milieu-ordinaire","product_tag-personne-handicapee","product_tag-reconnaissance-sociale","product_tag-statistique"],"jetpack_sharing_enabled":true,"jetpack_likes_enabled":true,"_links":{"self":[{"href":"https:\/\/www.parthages.be\/eboutique\/wp-json\/wp\/v2\/product\/2805","targetHints":{"allow":["GET"]}}],"collection":[{"href":"https:\/\/www.parthages.be\/eboutique\/wp-json\/wp\/v2\/product"}],"about":[{"href":"https:\/\/www.parthages.be\/eboutique\/wp-json\/wp\/v2\/types\/product"}],"replies":[{"embeddable":true,"href":"https:\/\/www.parthages.be\/eboutique\/wp-json\/wp\/v2\/comments?post=2805"}],"wp:featuredmedia":[{"embeddable":true,"href":"https:\/\/www.parthages.be\/eboutique\/wp-json\/wp\/v2\/media\/2807"}],"wp:attachment":[{"href":"https:\/\/www.parthages.be\/eboutique\/wp-json\/wp\/v2\/media?parent=2805"}],"curies":[{"name":"wp","href":"https:\/\/api.w.org\/{rel}","templated":true}]}}

<p><strong><em>Statistiques</em></strong></p>
<p>Combien de personnes sont reconnues, ou s’estiment handicapées, en France ? Quel est le nombre d’enfants et d’adultes handicapés accueillis en établissements ? Quel est le bilan de l’intégration scolaire des enfants handicapés ? Combien de personnes handicapées travaillent et combien sont au chômage ? Quel est le budget social du handicap ?</p>
<p>Le CTNERHI, en collaboration avec la Direction de la Recherche des Etudes, de l’Evaluation et des Statistiques (DREES) et la Direction Générale de l’Action Sociale (DGAS) du ministère de la Santé et des solidarités et du ministère de l’emploi, de la cohésion sociale et du logement, a réalisé une synthèse de l’information statistique disponible. Celle-ci s’appuie principalement sur des travaux et études statistiques déjà publiés. Une grande partie d’entre eux résultent de l’exploitation :</p>
<p>Handicap en chiffres met à la disposition de tous les acteurs du champ du handicap les résultats de ce travail.</p>
<p>Les quarante fiches que contient Handicap en chiffres présentent des données générales sur l’ampleur des différentes composantes du handicap, puis abordent les domaines des enfants et des adultes handicapés en examinant les questions de reconnaissance administrative et d’allocations, d’accès à la scolarité ou à l’emploi, d’accueil dans les établissements et services médico-sociaux, de conditions de vie en domicile ordinaire. Quelques éclairages sur des questions spécifiques récemment étudiées et une estimation du budget social du handicap clôturent l’ouvrage.</p>
<p>Chaque fiche thématique présente les données chiffrées commentées du champ abordé, comprend les définitions des concepts utilisés et renvoie à des références bibliographiques complémentaires.</p>
<p>BROUARD C.- ROUSSEL P.</p>
<p>CTNERHI</p>
<p>2005-124p.</p>
<p>Cote doc: 1-60-CTN-H2</p>
<p><strong><em>Uniquement à la location</em></strong></p>
<span class="et_bloom_bottom_trigger"></span>
