{"id":2816,"date":"2022-07-26T09:08:27","date_gmt":"2022-07-26T07:08:27","guid":{"rendered":"https:\/\/www.parthages.be\/eboutique\/?post_type=product&#038;p=2816"},"modified":"2022-07-26T09:08:27","modified_gmt":"2022-07-26T07:08:27","slug":"nouveau-lexique-sur-le-retard-mental-et-les-deficiences-intellectuelles","status":"publish","type":"product","link":"https:\/\/www.parthages.be\/eboutique\/produit\/nouveau-lexique-sur-le-retard-mental-et-les-deficiences-intellectuelles\/","title":{"rendered":"Nouveau lexique sur le retard mental et les d\u00e9ficiences intellectuelles"},"content":{"rendered":"<p>Depuis des ann\u00e9es 1960, les mots utilis\u00e9s pour parler du ph\u00e9nom\u00e8ne d\u00e9nomm\u00e9 handicap mental, retard mental ou encore d\u00e9ficiences intellectuelles, se sont nuanc\u00e9s et complexifi\u00e9s.<\/p>\n<p>De nouvelles prises de conscience philosophiques, id\u00e9ologiques et sociales ont fait \u00e9voluer les notions de handicap mental et progressivement enrichi et diversifi\u00e9 la terminologie. Il existe ainsi actuellement un vocabulaire sp\u00e9cialis\u00e9, un \u00abjargon\u00bb, dont il est souvent probl\u00e9matique de saisir le sens.<\/p>\n<p>Il comble une lacune dans la litt\u00e9rature sp\u00e9cialis\u00e9e de langue fran\u00e7aise.<\/p>\n<p>Destin\u00e9 aux professionnels et aux \u00e9tudiants, des domaines du travail social, de l&rsquo;\u00e9ducation et de la sant\u00e9, cet ouvrage a pour ambition de leur permettre d&rsquo;interroger leurs repr\u00e9sentations, leurs connaissances et leurs pratiques professionnelles relatives aux personnes ayant un retard mental ou une d\u00e9ficience intellectuelle. Ce lexique s&rsquo;adresse \u00e9galement \u00e0 toute personne int\u00e9ress\u00e9e \u00e0 mieux appr\u00e9hender les expressions et notions utilis\u00e9es pour parler des personnes pr\u00e9sentant cette condition. L&rsquo;auteur esp\u00e8re participer ainsi \u00e0 une meilleure compr\u00e9hension et acceptation de ces personnes dans notre soci\u00e9t\u00e9. (Pr\u00e9sentation de l\u2019\u00e9diteur)<\/p>\n<p>JECKER PARVEX M.<\/p>\n<p>Edition SZH\/SPC<\/p>\n<p>2007-261p.<\/p>\n<p>ISBN: 978-3-908262-85-5<\/p>\n<p>Cote doc: 1-40-JEC-N<\/p>\n<p><strong><em>Uniquement \u00e0 la location<\/em><\/strong><\/p>\n<span class=\"et_bloom_bottom_trigger\"><\/span>","protected":false},"excerpt":{"rendered":"<p>Depuis des ann\u00e9es 1960, les mots utilis\u00e9s pour parler du ph\u00e9nom\u00e8ne d\u00e9nomm\u00e9 handicap mental, retard mental ou encore d\u00e9ficiences intellectuelles, se sont nuanc\u00e9s et complexifi\u00e9s.<\/p>\n","protected":false},"featured_media":2817,"comment_status":"closed","ping_status":"closed","template":"","meta":{"_et_pb_use_builder":"","_et_pb_old_content":"","_et_gb_content_width":"","spay_email":""},"class_list":["post-2816","product","type-product","status-publish","has-post-thumbnail","hentry","product_cat-livres","product_tag-classification","product_tag-deficience-intellectuelle","product_tag-definition","product_tag-personne-handicapee","product_tag-retard-mental"],"jetpack_sharing_enabled":true,"jetpack_likes_enabled":true,"_links":{"self":[{"href":"https:\/\/www.parthages.be\/eboutique\/wp-json\/wp\/v2\/product\/2816","targetHints":{"allow":["GET"]}}],"collection":[{"href":"https:\/\/www.parthages.be\/eboutique\/wp-json\/wp\/v2\/product"}],"about":[{"href":"https:\/\/www.parthages.be\/eboutique\/wp-json\/wp\/v2\/types\/product"}],"replies":[{"embeddable":true,"href":"https:\/\/www.parthages.be\/eboutique\/wp-json\/wp\/v2\/comments?post=2816"}],"wp:featuredmedia":[{"embeddable":true,"href":"https:\/\/www.parthages.be\/eboutique\/wp-json\/wp\/v2\/media\/2817"}],"wp:attachment":[{"href":"https:\/\/www.parthages.be\/eboutique\/wp-json\/wp\/v2\/media?parent=2816"}],"curies":[{"name":"wp","href":"https:\/\/api.w.org\/{rel}","templated":true}]}}

Nouveau lexique sur le retard mental et les déficiences intellectuelles

<p>Depuis des années 1960, les mots utilisés pour parler du phénomène dénommé handicap mental, retard mental ou encore déficiences intellectuelles, se sont nuancés et complexifiés.</p>
<p>De nouvelles prises de conscience philosophiques, idéologiques et sociales ont fait évoluer les notions de handicap mental et progressivement enrichi et diversifié la terminologie. Il existe ainsi actuellement un vocabulaire spécialisé, un «jargon», dont il est souvent problématique de saisir le sens.</p>
<p>Il comble une lacune dans la littérature spécialisée de langue française.</p>
<p>Destiné aux professionnels et aux étudiants, des domaines du travail social, de l&rsquo;éducation et de la santé, cet ouvrage a pour ambition de leur permettre d&rsquo;interroger leurs représentations, leurs connaissances et leurs pratiques professionnelles relatives aux personnes ayant un retard mental ou une déficience intellectuelle. Ce lexique s&rsquo;adresse également à toute personne intéressée à mieux appréhender les expressions et notions utilisées pour parler des personnes présentant cette condition. L&rsquo;auteur espère participer ainsi à une meilleure compréhension et acceptation de ces personnes dans notre société. (Présentation de l’éditeur)</p>
<p>JECKER PARVEX M.</p>
<p>Edition SZH/SPC</p>
<p>2007-261p.</p>
<p>ISBN: 978-3-908262-85-5</p>
<p>Cote doc: 1-40-JEC-N</p>
<p><strong><em>Uniquement à la location</em></strong></p>
<span class="et_bloom_bottom_trigger"></span>

<p>Depuis des années 1960, les mots utilisés pour parler du phénomène dénommé handicap mental, retard mental ou encore déficiences intellectuelles, se sont nuancés et complexifiés.</p>
