{"id":2819,"date":"2022-07-26T09:09:48","date_gmt":"2022-07-26T07:09:48","guid":{"rendered":"https:\/\/www.parthages.be\/eboutique\/?post_type=product&#038;p=2819"},"modified":"2022-07-26T09:09:48","modified_gmt":"2022-07-26T07:09:48","slug":"classification-internationale-des-handicaps-deficiences-incapacites-et-desavantages-un-manuel-de-classification-des-consequences-des-maladies-t1-et-t2","status":"publish","type":"product","link":"https:\/\/www.parthages.be\/eboutique\/produit\/classification-internationale-des-handicaps-deficiences-incapacites-et-desavantages-un-manuel-de-classification-des-consequences-des-maladies-t1-et-t2\/","title":{"rendered":"Classification internationale des handicaps : d\u00e9ficiences-incapacit\u00e9s et d\u00e9savantages : un manuel de classification des cons\u00e9quences des maladies T1 et T2"},"content":{"rendered":"<p>La classification internationale des handicap\u00e9s du Ctnerhi et de l&rsquo;Inserm est la traduction fran\u00e7aise de \u00ab\u00a0International classification of impairments, disabilities and handicaps\u00a0\u00bb publi\u00e9e par l&rsquo;Organisation Mondiale de la sant\u00e9 en 1980 et con\u00e7u par le professeur Philip Wood. La notion de handicap est rest\u00e9e confuse jusqu&rsquo;\u00e0 ce que Philip Wood en d\u00e9gage les \u00e9l\u00e9ments constitutifs : au d\u00e9part, une d\u00e9ficience, physique ou mentale, les limitations fonctionnelles qui en r\u00e9sultent. Enfin, l&rsquo;insuffisance des compensations techniques, m\u00e9dicales ou sociales susceptibles de pallier les restrictions d&rsquo;activit\u00e9 cons\u00e9cutives \u00e0 l&rsquo;encha\u00eenement d\u00e9ficience-incapacit\u00e9. La premi\u00e8re partie aborde les cons\u00e9quences des maladies, la deuxi\u00e8me partie la classification des d\u00e9ficiences, la troisi\u00e8me partie la classification des incapacit\u00e9s et, enfin, la derni\u00e8re partie la classification des d\u00e9savantages.<\/p>\n<p>Inserm<\/p>\n<p>1988-406p.<\/p>\n<p>Cote doc: 1-40-INS-C1-2<\/p>\n<p><strong><em>Uniquement \u00e0 la location<\/em><\/strong><\/p>\n<span class=\"et_bloom_bottom_trigger\"><\/span>","protected":false},"excerpt":{"rendered":"<p>La classification internationale des handicap\u00e9s du Ctnerhi et de l&rsquo;Inserm est la traduction fran\u00e7aise de \u00ab\u00a0International classification of impairments, disabilities and handicaps\u00a0\u00bb publi\u00e9e par l&rsquo;Organisation Mondiale de la sant\u00e9 en 1980 et con\u00e7u par le professeur Philip Wood.<\/p>\n","protected":false},"featured_media":2820,"comment_status":"closed","ping_status":"closed","template":"","meta":{"_et_pb_use_builder":"","_et_pb_old_content":"","_et_gb_content_width":"","spay_email":""},"class_list":["post-2819","product","type-product","status-publish","has-post-thumbnail","hentry","product_cat-livres","product_tag-aspect-international","product_tag-classification","product_tag-deficience","product_tag-france","product_tag-handicap","product_tag-incapacite","product_tag-maladie","product_tag-oms","product_tag-personne-handicapee","product_tag-sante"],"jetpack_sharing_enabled":true,"jetpack_likes_enabled":true,"_links":{"self":[{"href":"https:\/\/www.parthages.be\/eboutique\/wp-json\/wp\/v2\/product\/2819","targetHints":{"allow":["GET"]}}],"collection":[{"href":"https:\/\/www.parthages.be\/eboutique\/wp-json\/wp\/v2\/product"}],"about":[{"href":"https:\/\/www.parthages.be\/eboutique\/wp-json\/wp\/v2\/types\/product"}],"replies":[{"embeddable":true,"href":"https:\/\/www.parthages.be\/eboutique\/wp-json\/wp\/v2\/comments?post=2819"}],"wp:featuredmedia":[{"embeddable":true,"href":"https:\/\/www.parthages.be\/eboutique\/wp-json\/wp\/v2\/media\/2820"}],"wp:attachment":[{"href":"https:\/\/www.parthages.be\/eboutique\/wp-json\/wp\/v2\/media?parent=2819"}],"curies":[{"name":"wp","href":"https:\/\/api.w.org\/{rel}","templated":true}]}}

Classification internationale des handicaps : déficiences-incapacités et désavantages : un manuel de classification des conséquences des maladies T1 et T2

<p>La classification internationale des handicapés du Ctnerhi et de l&rsquo;Inserm est la traduction française de « International classification of impairments, disabilities and handicaps » publiée par l&rsquo;Organisation Mondiale de la santé en 1980 et conçu par le professeur Philip Wood. La notion de handicap est restée confuse jusqu&rsquo;à ce que Philip Wood en dégage les éléments constitutifs : au départ, une déficience, physique ou mentale, les limitations fonctionnelles qui en résultent. Enfin, l&rsquo;insuffisance des compensations techniques, médicales ou sociales susceptibles de pallier les restrictions d&rsquo;activité consécutives à l&rsquo;enchaînement déficience-incapacité. La première partie aborde les conséquences des maladies, la deuxième partie la classification des déficiences, la troisième partie la classification des incapacités et, enfin, la dernière partie la classification des désavantages.</p>
<p>Inserm</p>
<p>1988-406p.</p>
<p>Cote doc: 1-40-INS-C1-2</p>
<p><strong><em>Uniquement à la location</em></strong></p>
<span class="et_bloom_bottom_trigger"></span>

<p>La classification internationale des handicapés du Ctnerhi et de l&rsquo;Inserm est la traduction française de « International classification of impairments, disabilities and handicaps » publiée par l&rsquo;Organisation Mondiale de la santé en 1980 et conçu par le professeur Philip Wood.</p>
