{"id":284,"date":"2012-12-03T10:22:28","date_gmt":"2012-12-03T09:22:28","guid":{"rendered":"https:\/\/www.parthages.be\/wordpress\/produit\/des-virus-et-des-hommes\/"},"modified":"2022-09-13T11:39:41","modified_gmt":"2022-09-13T09:39:41","slug":"des-virus-et-des-hommes","status":"publish","type":"product","link":"https:\/\/www.parthages.be\/eboutique\/produit\/des-virus-et-des-hommes\/","title":{"rendered":"Des virus et des hommes"},"content":{"rendered":"<p>Virologue de renom, pionni\u00e8re dans ses recherches, notamment sur le sida, Lise Thiry retrace ici soixante ans de carri\u00e8re consacr\u00e9es \u00e0 la microbiologie, au sein de l\u2019Institut Pasteur et \u00e0 l\u2019Universit\u00e9 Libre de Bruxelles. Elle nous fait vivre le quotidien d\u2019un laboratoire, en compagnie des techniciens mais aussi des animaux d\u2019exp\u00e9rience. En complicit\u00e9 avec Carmelo Virone, \u00e9crivain f\u00e9ru de sciences, elle use d\u2019une plume alerte et impertinente pour nous introduire dans le monde fascinant des virus, ennemis d\u2019hier qui se transforment aujourd\u2019hui en pr\u00e9cieux alli\u00e9s pour les m\u00e9decins.<\/p>\n<p>Elle est aussi une femme engag\u00e9e, bien au-del\u00e0 des fonctions traditionnelles li\u00e9es \u00e0 la sant\u00e9 publique. C\u2019est ainsi qu\u2019elle a fond\u00e9 le GERM, Groupe d\u2019Etude pour une R\u00e9forme de la M\u00e9decine, milit\u00e9 pour la d\u00e9p\u00e9nalisation de l\u2019avortement ou encore figur\u00e9 sur les listes de Gauches Unies. Elle fut la marraine de Semira Adamu, \u00e9touff\u00e9e par un gendarme en 1998, et accompagna la vie de plusieurs autres sans papiers.<\/p>\n<p>Biologistes, m\u00e9decins, chercheurs ou historiens des sciences trouveront dans ces pages les traces d\u2019une aventure intellectuelle peu commune, qui les int\u00e9ressera au premier chef. Mais ce livre attachant ne s\u2019adresse pas qu\u2019aux sp\u00e9cialistes.<\/p>\n<p>Il touchera aussi les esprits curieux, tous ceux qui s\u2019int\u00e9ressent \u00e0 l\u2019\u00e9volution scientifique et aux articulations entre m\u00e9decine et progr\u00e8s social.<\/p>\n<p>THIRY L.<\/p>\n<p>Couleur livres<\/p>\n<p>2012-184p. -255gr<\/p>\n<p>ISBN\u00a0: 978-2-87003-602-0<\/p>\n<p>Cote doc: 1-00-THI-D<\/p>\n<span class=\"et_bloom_bottom_trigger\"><\/span>","protected":false},"excerpt":{"rendered":"<p>Virologue de renom, pionni\u00e8re dans ses recherches, notamment sur le sida, Lise Thiry retrace ici soixante ans de carri\u00e8re consacr\u00e9es \u00e0 la microbiologie, au sein de l\u2019Institut Pasteur et \u00e0 l\u2019Universit\u00e9 Libre de Bruxelles.<\/p>\n","protected":false},"featured_media":283,"comment_status":"open","ping_status":"closed","template":"","meta":{"_et_pb_use_builder":"","_et_pb_old_content":"","_et_gb_content_width":"","spay_email":""},"class_list":["post-284","product","type-product","status-publish","has-post-thumbnail","hentry","product_cat-livres","product_tag-biologie","product_tag-evolution","product_tag-medecine","product_tag-microbiologie","product_tag-virus"],"jetpack_sharing_enabled":true,"jetpack_likes_enabled":true,"_links":{"self":[{"href":"https:\/\/www.parthages.be\/eboutique\/wp-json\/wp\/v2\/product\/284","targetHints":{"allow":["GET"]}}],"collection":[{"href":"https:\/\/www.parthages.be\/eboutique\/wp-json\/wp\/v2\/product"}],"about":[{"href":"https:\/\/www.parthages.be\/eboutique\/wp-json\/wp\/v2\/types\/product"}],"replies":[{"embeddable":true,"href":"https:\/\/www.parthages.be\/eboutique\/wp-json\/wp\/v2\/comments?post=284"}],"wp:featuredmedia":[{"embeddable":true,"href":"https:\/\/www.parthages.be\/eboutique\/wp-json\/wp\/v2\/media\/283"}],"wp:attachment":[{"href":"https:\/\/www.parthages.be\/eboutique\/wp-json\/wp\/v2\/media?parent=284"}],"curies":[{"name":"wp","href":"https:\/\/api.w.org\/{rel}","templated":true}]}}