{"id":2842,"date":"2022-09-02T12:06:18","date_gmt":"2022-09-02T10:06:18","guid":{"rendered":"https:\/\/www.parthages.be\/eboutique\/?post_type=product&#038;p=2842"},"modified":"2023-09-12T11:25:36","modified_gmt":"2023-09-12T09:25:36","slug":"a-mon-frere-philippe-a-tous-les-marins-pecheurs-disparus-en-mer","status":"publish","type":"product","link":"https:\/\/www.parthages.be\/eboutique\/produit\/a-mon-frere-philippe-a-tous-les-marins-pecheurs-disparus-en-mer\/","title":{"rendered":"A mon fr\u00e8re Philippe &#038; \u00e0 tous les marins p\u00eacheurs disparus en mer"},"content":{"rendered":"<p>\u00ab\u00a0Alors une femme dit,<\/p>\n<p>Parlez-nous de la joie et de la tristesse.<\/p>\n<p>Et il r\u00e9pondit:<\/p>\n<p>Votre joie est votre tristesse sans masque.<\/p>\n<p>Et le m\u00eame puits d\u2019o\u00f9 fuse votre rire fut souvent rempli de vos larmes<\/p>\n<p>Et comment en serait-il autrement?<\/p>\n<p>Plus profond\u00e9ment le chagrin creusera votre \u00eatre, plus vous pourrez contenir de joie\u00a0\u00bb<\/p>\n<p>&nbsp;<\/p>\n<p>(Pr\u00e9sentation de l\u2019\u00e9diteur)<\/p>\n<p>LE DOEUFF L.<\/p>\n<p>Independently\/published<\/p>\n<p>2017- 45p.-113gr<\/p>\n<p>ISBN: 978-1519-09770-5<\/p>\n<p>Cote doc\u00a0: 0-90-DOE-P<\/p>\n<p>&nbsp;<\/p>\n<span class=\"et_bloom_bottom_trigger\"><\/span>","protected":false},"excerpt":{"rendered":"<p>Alors une femme dit,<\/p>\n<p>Parlez-nous de la joie et de la tristesse.<\/p>\n<p>Et il r\u00e9pondit:<\/p>\n","protected":false},"featured_media":2843,"comment_status":"closed","ping_status":"closed","template":"","meta":{"_et_pb_use_builder":"","_et_pb_old_content":"","_et_gb_content_width":"","spay_email":""},"class_list":["post-2842","product","type-product","status-publish","has-post-thumbnail","hentry","product_cat-livres","product_tag-deuil","product_tag-mort","product_tag-poeme","product_tag-souvenir"],"jetpack_sharing_enabled":true,"jetpack_likes_enabled":true,"_links":{"self":[{"href":"https:\/\/www.parthages.be\/eboutique\/wp-json\/wp\/v2\/product\/2842","targetHints":{"allow":["GET"]}}],"collection":[{"href":"https:\/\/www.parthages.be\/eboutique\/wp-json\/wp\/v2\/product"}],"about":[{"href":"https:\/\/www.parthages.be\/eboutique\/wp-json\/wp\/v2\/types\/product"}],"replies":[{"embeddable":true,"href":"https:\/\/www.parthages.be\/eboutique\/wp-json\/wp\/v2\/comments?post=2842"}],"wp:featuredmedia":[{"embeddable":true,"href":"https:\/\/www.parthages.be\/eboutique\/wp-json\/wp\/v2\/media\/2843"}],"wp:attachment":[{"href":"https:\/\/www.parthages.be\/eboutique\/wp-json\/wp\/v2\/media?parent=2842"}],"curies":[{"name":"wp","href":"https:\/\/api.w.org\/{rel}","templated":true}]}}