{"id":286,"date":"2012-12-03T10:25:23","date_gmt":"2012-12-03T09:25:23","guid":{"rendered":"https:\/\/www.parthages.be\/wordpress\/produit\/quatre-saisons-d-un-educateur-specialise\/"},"modified":"2012-12-03T10:25:23","modified_gmt":"2012-12-03T09:25:23","slug":"quatre-saisons-d-un-educateur-specialise","status":"publish","type":"product","link":"https:\/\/www.parthages.be\/eboutique\/produit\/quatre-saisons-d-un-educateur-specialise\/","title":{"rendered":"Quatre saisons d&rsquo;un \u00e9ducateur sp\u00e9cialis\u00e9"},"content":{"rendered":"<span class=\"et_bloom_bottom_trigger\"><\/span>","protected":false},"excerpt":{"rendered":"","protected":false},"featured_media":285,"comment_status":"open","ping_status":"closed","template":"","meta":{"_et_pb_use_builder":"","_et_pb_old_content":"","_et_gb_content_width":"","spay_email":""},"class_list":["post-286","product","type-product","status-publish","has-post-thumbnail","hentry","product_cat-livres","product_tag-educateur","product_tag-evaluation","product_tag-personne-handicapee","product_tag-pratique-dintervention","product_tag-service-daccompagnement","product_tag-temoignage"],"jetpack_sharing_enabled":true,"jetpack_likes_enabled":true,"_links":{"self":[{"href":"https:\/\/www.parthages.be\/eboutique\/wp-json\/wp\/v2\/product\/286","targetHints":{"allow":["GET"]}}],"collection":[{"href":"https:\/\/www.parthages.be\/eboutique\/wp-json\/wp\/v2\/product"}],"about":[{"href":"https:\/\/www.parthages.be\/eboutique\/wp-json\/wp\/v2\/types\/product"}],"replies":[{"embeddable":true,"href":"https:\/\/www.parthages.be\/eboutique\/wp-json\/wp\/v2\/comments?post=286"}],"wp:featuredmedia":[{"embeddable":true,"href":"https:\/\/www.parthages.be\/eboutique\/wp-json\/wp\/v2\/media\/285"}],"wp:attachment":[{"href":"https:\/\/www.parthages.be\/eboutique\/wp-json\/wp\/v2\/media?parent=286"}],"curies":[{"name":"wp","href":"https:\/\/api.w.org\/{rel}","templated":true}]}}

Quatre saisons d&rsquo;un éducateur spécialisé
