{"id":2863,"date":"2022-09-02T12:37:27","date_gmt":"2022-09-02T10:37:27","guid":{"rendered":"https:\/\/www.parthages.be\/eboutique\/?post_type=product&#038;p=2863"},"modified":"2023-09-12T11:24:46","modified_gmt":"2023-09-12T09:24:46","slug":"trouble-du-spectre-de-lautisme-chez-lenfant","status":"publish","type":"product","link":"https:\/\/www.parthages.be\/eboutique\/produit\/trouble-du-spectre-de-lautisme-chez-lenfant\/","title":{"rendered":"Trouble du spectre de l\u2019autisme chez l\u2019enfant"},"content":{"rendered":"<p><strong><em>Rep\u00e9rage pr\u00e9coce, d\u00e9pistage et diagnostic.<\/em><\/strong><\/p>\n<p>Les troubles du spectre de l&rsquo;autisme sont souvent diagnostiqu\u00e9s tardivement, ce qui provoque de nombreuses souffrances pour les patients et leurs familles. Pourtant, d\u00e8s le plus jeune \u00e2ge, des signes observables permettent d&rsquo;identifier ces troubles. Entre absence de d\u00e9pistage et attribution de pathologies erron\u00e9es, ces difficult\u00e9s diagnostiques sont la cons\u00e9quence d&rsquo;une m\u00e9connaissance th\u00e9orique persistante. Sophie Carlier, docteure en psychologie et clinicienne sp\u00e9cialiste de l&rsquo;autisme, propose aux professionnels de la sant\u00e9 des rep\u00e8res solides permettant d&rsquo;am\u00e9liorer leur d\u00e9marche d&rsquo;identification. Afin d&rsquo;\u00e9viter les errances diagnostiques, elle red\u00e9finit les \u00e9tapes-cl\u00e9s des processus d&rsquo;\u00e9valuation des troubles du spectre de l&rsquo;autisme : le rep\u00e9rage pr\u00e9coce, le d\u00e9pistage et le bilan diagnostique. Forte de son exp\u00e9rience clinique, l&rsquo;auteure revient sur les proc\u00e9dures et tests actuels, leurs avantages, leurs d\u00e9fauts et les pi\u00e8ges \u00e0 \u00e9viter. Elle examine les concepts th\u00e9oriques li\u00e9s au spectre de l&rsquo;autisme, avant de proposer un panel de strat\u00e9gies novatrices concr\u00e8tes permettant d&rsquo;optimiser les pratiques. Riche et document\u00e9, ce livre s&rsquo;adresse \u00e0 un large public de cliniciens, quels que soient leur sp\u00e9cialit\u00e9, leur niveau d&rsquo;exp\u00e9rience ou la ligne de soins concern\u00e9e. Un ouvrage de r\u00e9f\u00e9rence sur les troubles autistiques et leur diagnostic. (Pr\u00e9sentation de l\u2019\u00e9diteur)<\/p>\n<p>CARLER S.<\/p>\n<p>Editions Mardaga<\/p>\n<p>2021-272p-380gr<\/p>\n<p>ISBN : 978-2-804-72012-4<\/p>\n<p>Cote doc\u00a0: 1-20-CAR-T<\/p>\n<span class=\"et_bloom_bottom_trigger\"><\/span>","protected":false},"excerpt":{"rendered":"<p>Les troubles du spectre de l&rsquo;autisme sont souvent diagnostiqu\u00e9s tardivement, ce qui provoque de nombreuses souffrances pour les patients et leurs familles. Pourtant, d\u00e8s le plus jeune \u00e2ge, des signes observables permettent d&rsquo;identifier ces troubles. Entre absence de d\u00e9pistage et attribution de pathologies erron\u00e9es, ces difficult\u00e9s diagnostiques sont la cons\u00e9quence d&rsquo;une m\u00e9connaissance th\u00e9orique persistante.<\/p>\n","protected":false},"featured_media":2864,"comment_status":"closed","ping_status":"closed","template":"","meta":{"_et_pb_use_builder":"","_et_pb_old_content":"","_et_gb_content_width":"","spay_email":""},"class_list":["post-2863","product","type-product","status-publish","has-post-thumbnail","hentry","product_cat-livres","product_tag-autisme","product_tag-depistage","product_tag-diagnostic-precoce","product_tag-enfant","product_tag-evaluation","product_tag-outil","product_tag-pedagogie","product_tag-strategie"],"jetpack_sharing_enabled":true,"jetpack_likes_enabled":true,"_links":{"self":[{"href":"https:\/\/www.parthages.be\/eboutique\/wp-json\/wp\/v2\/product\/2863","targetHints":{"allow":["GET"]}}],"collection":[{"href":"https:\/\/www.parthages.be\/eboutique\/wp-json\/wp\/v2\/product"}],"about":[{"href":"https:\/\/www.parthages.be\/eboutique\/wp-json\/wp\/v2\/types\/product"}],"replies":[{"embeddable":true,"href":"https:\/\/www.parthages.be\/eboutique\/wp-json\/wp\/v2\/comments?post=2863"}],"wp:featuredmedia":[{"embeddable":true,"href":"https:\/\/www.parthages.be\/eboutique\/wp-json\/wp\/v2\/media\/2864"}],"wp:attachment":[{"href":"https:\/\/www.parthages.be\/eboutique\/wp-json\/wp\/v2\/media?parent=2863"}],"curies":[{"name":"wp","href":"https:\/\/api.w.org\/{rel}","templated":true}]}}

<p><strong><em>Repérage précoce, dépistage et diagnostic.</em></strong></p>
<p>Les troubles du spectre de l&rsquo;autisme sont souvent diagnostiqués tardivement, ce qui provoque de nombreuses souffrances pour les patients et leurs familles. Pourtant, dès le plus jeune âge, des signes observables permettent d&rsquo;identifier ces troubles. Entre absence de dépistage et attribution de pathologies erronées, ces difficultés diagnostiques sont la conséquence d&rsquo;une méconnaissance théorique persistante. Sophie Carlier, docteure en psychologie et clinicienne spécialiste de l&rsquo;autisme, propose aux professionnels de la santé des repères solides permettant d&rsquo;améliorer leur démarche d&rsquo;identification. Afin d&rsquo;éviter les errances diagnostiques, elle redéfinit les étapes-clés des processus d&rsquo;évaluation des troubles du spectre de l&rsquo;autisme : le repérage précoce, le dépistage et le bilan diagnostique. Forte de son expérience clinique, l&rsquo;auteure revient sur les procédures et tests actuels, leurs avantages, leurs défauts et les pièges à éviter. Elle examine les concepts théoriques liés au spectre de l&rsquo;autisme, avant de proposer un panel de stratégies novatrices concrètes permettant d&rsquo;optimiser les pratiques. Riche et documenté, ce livre s&rsquo;adresse à un large public de cliniciens, quels que soient leur spécialité, leur niveau d&rsquo;expérience ou la ligne de soins concernée. Un ouvrage de référence sur les troubles autistiques et leur diagnostic. (Présentation de l’éditeur)</p>
<p>CARLER S.</p>
<p>Editions Mardaga</p>
<p>2021-272p-380gr</p>
<p>ISBN : 978-2-804-72012-4</p>
<p>Cote doc : 1-20-CAR-T</p>
<span class="et_bloom_bottom_trigger"></span>

<p>Les troubles du spectre de l&rsquo;autisme sont souvent diagnostiqués tardivement, ce qui provoque de nombreuses souffrances pour les patients et leurs familles. Pourtant, dès le plus jeune âge, des signes observables permettent d&rsquo;identifier ces troubles. Entre absence de dépistage et attribution de pathologies erronées, ces difficultés diagnostiques sont la conséquence d&rsquo;une méconnaissance théorique persistante.</p>
