{"id":2876,"date":"2022-09-13T11:42:58","date_gmt":"2022-09-13T09:42:58","guid":{"rendered":"https:\/\/www.parthages.be\/eboutique\/?post_type=product&#038;p=2876"},"modified":"2022-09-13T11:42:59","modified_gmt":"2022-09-13T09:42:59","slug":"les-services-de-sante-mentale","status":"publish","type":"product","link":"https:\/\/www.parthages.be\/eboutique\/produit\/les-services-de-sante-mentale\/","title":{"rendered":"Les services de sant\u00e9 mentale"},"content":{"rendered":"<p><strong><em>Brochure<\/em><\/strong><\/p>\n<p>Cette brochure s&rsquo;adresse \u00e0 tous les acteurs de l&rsquo;aide aux personnes et de la sant\u00e9 mentale soutenus par la Commission communautaire fran\u00e7aise. Fiches de pr\u00e9sentations des services soutenus par la CCF.<\/p>\n<p>COMMISSION COMMUNAUTAIRE FRANCAISE<\/p>\n<p>Question sant\u00e9 asbl<\/p>\n<p>1999-67p<\/p>\n<p>Cote doc\u00a0: 1-10-CCF-S1<\/p>\n<p><strong><em>Uniquement \u00e0 la location<\/em><\/strong><\/p>\n<span class=\"et_bloom_bottom_trigger\"><\/span>","protected":false},"excerpt":{"rendered":"<p>Cette brochure s&rsquo;adresse \u00e0 tous les acteurs de l&rsquo;aide aux personnes et de la sant\u00e9 mentale soutenus par la Commission communautaire fran\u00e7aise. Fiches de pr\u00e9sentations des services soutenus par la CCF.<\/p>\n","protected":false},"featured_media":2877,"comment_status":"closed","ping_status":"closed","template":"","meta":{"_et_pb_use_builder":"","_et_pb_old_content":"","_et_gb_content_width":"","spay_email":""},"class_list":["post-2876","product","type-product","status-publish","has-post-thumbnail","hentry","product_cat-livres","product_tag-aide","product_tag-bruxelles-capitale","product_tag-communaute-francaise","product_tag-historique","product_tag-intervenant","product_tag-legislation","product_tag-ministere","product_tag-organisme-public","product_tag-sante-mentale","product_tag-structure"],"jetpack_sharing_enabled":true,"jetpack_likes_enabled":true,"_links":{"self":[{"href":"https:\/\/www.parthages.be\/eboutique\/wp-json\/wp\/v2\/product\/2876","targetHints":{"allow":["GET"]}}],"collection":[{"href":"https:\/\/www.parthages.be\/eboutique\/wp-json\/wp\/v2\/product"}],"about":[{"href":"https:\/\/www.parthages.be\/eboutique\/wp-json\/wp\/v2\/types\/product"}],"replies":[{"embeddable":true,"href":"https:\/\/www.parthages.be\/eboutique\/wp-json\/wp\/v2\/comments?post=2876"}],"wp:featuredmedia":[{"embeddable":true,"href":"https:\/\/www.parthages.be\/eboutique\/wp-json\/wp\/v2\/media\/2877"}],"wp:attachment":[{"href":"https:\/\/www.parthages.be\/eboutique\/wp-json\/wp\/v2\/media?parent=2876"}],"curies":[{"name":"wp","href":"https:\/\/api.w.org\/{rel}","templated":true}]}}