{"id":2886,"date":"2022-09-13T11:50:18","date_gmt":"2022-09-13T09:50:18","guid":{"rendered":"https:\/\/www.parthages.be\/eboutique\/?post_type=product&#038;p=2886"},"modified":"2022-09-13T11:50:19","modified_gmt":"2022-09-13T09:50:19","slug":"histoire-du-handicap","status":"publish","type":"product","link":"https:\/\/www.parthages.be\/eboutique\/produit\/histoire-du-handicap\/","title":{"rendered":"Histoire du Handicap"},"content":{"rendered":"<p>Enjeux scientifiques, enjeux politiques<\/p>\n<p>Cet important volume constitue la premi\u00e8re \u00e9tude consacr\u00e9e \u00e0 une r\u00e9flexion d&rsquo;ensemble sur l&rsquo;histoire du handicap. Bien plus qu&rsquo;une pr\u00e9sentation acad\u00e9mique des recherches fragmentaires d\u00e9j\u00e0 r\u00e9alis\u00e9es, l&rsquo;auteur propose une grille de lecture d\u00e9finissant \u00e0 la fois les notions et montrant leur \u00e9volution au cours de l&rsquo;histoire. Les jeunes handicap\u00e9s forment un groupe tout \u00e0 fait h\u00e9t\u00e9rog\u00e8ne que la famille, l&rsquo;\u00e9cole ordinaire ou l&rsquo;h\u00f4pital ont du mal \u00e0 accepter : ils d\u00e9sesp\u00e8rent leur famille, l&rsquo;\u00e9cole les trouve trop peu normaux, l&rsquo;h\u00f4pital ne les trouve pas assez malades et ceci depuis plus de cent ans. Ainsi l&rsquo;histoire sociale des enfants d\u00e9ficients s&rsquo;inscrit dans la s\u00e9mantique de ce qui les qualifie : idiotie, arri\u00e9ration, anormalit\u00e9, d\u00e9linquance, infirmit\u00e9, inadaptation, d\u00e9ficience, handicap. Mais, appliqu\u00e9 aux enfants, le terme de handicap avec ses connotations de droit et de gestion vient effacer la dimension clinique des inadaptations de l&rsquo;enfant, fruit d&rsquo;une longue \u00e9laboration scientifique, indissociable de l&rsquo;histoire de la psychiatrie et de la psychologie de l&rsquo;enfant. Cette histoire du handicap met en perspective l&rsquo;\u00e9volution d&rsquo;une volont\u00e9 de savoir qui appartient \u00e0 la constitution du champ scientifique de quatre disciplines de base : m\u00e9decine, psychiatrie, psychologie, p\u00e9dagogie en perp\u00e9tuel mouvement et remaniement au gr\u00e9 des progr\u00e8s scientifiques internes de chacune de ces disciplines et contingents de l&rsquo;\u00e9volution sociale. A l&rsquo;heure de la r\u00e9forme de la loi sociale de 1975 o\u00f9 s&rsquo;affrontent deux syst\u00e8mes de l\u00e9gitimation du pouvoir, celui issu du monde politique et celui du mouvement associatif, l&rsquo;auteur apporte un \u00e9clairage indispensable \u00e0 la compr\u00e9hension des enjeux scientifiques et politiques. (Pr\u00e9sentation de l\u2019\u00e9diteur)<\/p>\n<p>ALLEMANDOU B.<\/p>\n<p>Les \u00e9tudes hospitali\u00e8res \u00e9ditions<\/p>\n<p>2001-382p<\/p>\n<p>ISBN\u00a0: 2-912359-44-9<\/p>\n<p>Cote doc: 1-70-BEN-T<\/p>\n<p><strong><em>Uniquement \u00e0 la location<\/em><\/strong><\/p>\n<span class=\"et_bloom_bottom_trigger\"><\/span>","protected":false},"excerpt":{"rendered":"<p>Enjeux scientifiques, enjeux politiques Cet important volume constitue la premi\u00e8re \u00e9tude consacr\u00e9e \u00e0 une r\u00e9flexion d&rsquo;ensemble sur l&rsquo;histoire du handicap. Bien plus qu&rsquo;une pr\u00e9sentation acad\u00e9mique des recherches fragmentaires d\u00e9j\u00e0 r\u00e9alis\u00e9es, l&rsquo;auteur propose une grille de lecture d\u00e9finissant \u00e0 la fois les notions et montrant leur \u00e9volution au cours de l&rsquo;histoire. Les jeunes handicap\u00e9s forment un [&hellip;]<\/p>\n","protected":false},"featured_media":2887,"comment_status":"closed","ping_status":"closed","template":"","meta":{"_et_pb_use_builder":"","_et_pb_old_content":"","_et_gb_content_width":"","spay_email":""},"class_list":["post-2886","product","type-product","status-publish","has-post-thumbnail","hentry","product_cat-livres","product_tag-adolescent","product_tag-enfant","product_tag-enjeux","product_tag-france","product_tag-histoire","product_tag-inadaptation-sociale","product_tag-incapacite","product_tag-jeune-adulte","product_tag-medecine"],"jetpack_sharing_enabled":true,"jetpack_likes_enabled":true,"_links":{"self":[{"href":"https:\/\/www.parthages.be\/eboutique\/wp-json\/wp\/v2\/product\/2886","targetHints":{"allow":["GET"]}}],"collection":[{"href":"https:\/\/www.parthages.be\/eboutique\/wp-json\/wp\/v2\/product"}],"about":[{"href":"https:\/\/www.parthages.be\/eboutique\/wp-json\/wp\/v2\/types\/product"}],"replies":[{"embeddable":true,"href":"https:\/\/www.parthages.be\/eboutique\/wp-json\/wp\/v2\/comments?post=2886"}],"wp:featuredmedia":[{"embeddable":true,"href":"https:\/\/www.parthages.be\/eboutique\/wp-json\/wp\/v2\/media\/2887"}],"wp:attachment":[{"href":"https:\/\/www.parthages.be\/eboutique\/wp-json\/wp\/v2\/media?parent=2886"}],"curies":[{"name":"wp","href":"https:\/\/api.w.org\/{rel}","templated":true}]}}

<p>Enjeux scientifiques, enjeux politiques</p>
<p>Cet important volume constitue la première étude consacrée à une réflexion d&rsquo;ensemble sur l&rsquo;histoire du handicap. Bien plus qu&rsquo;une présentation académique des recherches fragmentaires déjà réalisées, l&rsquo;auteur propose une grille de lecture définissant à la fois les notions et montrant leur évolution au cours de l&rsquo;histoire. Les jeunes handicapés forment un groupe tout à fait hétérogène que la famille, l&rsquo;école ordinaire ou l&rsquo;hôpital ont du mal à accepter : ils désespèrent leur famille, l&rsquo;école les trouve trop peu normaux, l&rsquo;hôpital ne les trouve pas assez malades et ceci depuis plus de cent ans. Ainsi l&rsquo;histoire sociale des enfants déficients s&rsquo;inscrit dans la sémantique de ce qui les qualifie : idiotie, arriération, anormalité, délinquance, infirmité, inadaptation, déficience, handicap. Mais, appliqué aux enfants, le terme de handicap avec ses connotations de droit et de gestion vient effacer la dimension clinique des inadaptations de l&rsquo;enfant, fruit d&rsquo;une longue élaboration scientifique, indissociable de l&rsquo;histoire de la psychiatrie et de la psychologie de l&rsquo;enfant. Cette histoire du handicap met en perspective l&rsquo;évolution d&rsquo;une volonté de savoir qui appartient à la constitution du champ scientifique de quatre disciplines de base : médecine, psychiatrie, psychologie, pédagogie en perpétuel mouvement et remaniement au gré des progrès scientifiques internes de chacune de ces disciplines et contingents de l&rsquo;évolution sociale. A l&rsquo;heure de la réforme de la loi sociale de 1975 où s&rsquo;affrontent deux systèmes de légitimation du pouvoir, celui issu du monde politique et celui du mouvement associatif, l&rsquo;auteur apporte un éclairage indispensable à la compréhension des enjeux scientifiques et politiques. (Présentation de l’éditeur)</p>
<p>ALLEMANDOU B.</p>
<p>Les études hospitalières éditions</p>
<p>2001-382p</p>
<p>ISBN : 2-912359-44-9</p>
<p>Cote doc: 1-70-BEN-T</p>
<p><strong><em>Uniquement à la location</em></strong></p>
<span class="et_bloom_bottom_trigger"></span>

<p>Enjeux scientifiques, enjeux politiques Cet important volume constitue la première étude consacrée à une réflexion d&rsquo;ensemble sur l&rsquo;histoire du handicap. Bien plus qu&rsquo;une présentation académique des recherches fragmentaires déjà réalisées, l&rsquo;auteur propose une grille de lecture définissant à la fois les notions et montrant leur évolution au cours de l&rsquo;histoire. Les jeunes handicapés forment un [&hellip;]</p>
