{"id":2893,"date":"2022-10-06T17:39:30","date_gmt":"2022-10-06T15:39:30","guid":{"rendered":"https:\/\/www.parthages.be\/eboutique\/?post_type=product&#038;p=2893"},"modified":"2023-05-09T08:08:03","modified_gmt":"2023-05-09T06:08:03","slug":"panorama-social-edition-2022","status":"publish","type":"product","link":"https:\/\/www.parthages.be\/eboutique\/produit\/panorama-social-edition-2022\/","title":{"rendered":"Panorama Social &#8211; Edition 2022"},"content":{"rendered":"<p><strong>Aper\u00e7u des dispositions f\u00e9d\u00e9rales, wallonnes &amp; bruxelloises pour les personnes malades, handicap\u00e9es, \u00e2g\u00e9es ou \u00e0 revenus faibles<\/strong><\/p>\n<p>O\u00f9 faut-il s\u2019adresser pour obtenir des allocations aux personnes handicap\u00e9es ? Quelles sont les conditions pour b\u00e9n\u00e9ficier d\u2019un remboursement pr\u00e9f\u00e9rentiel en<br \/>\nsoins de sant\u00e9 ? Une personne malade chronique peut-elle avoir droit au tarif t\u00e9l\u00e9phonique social ?\u00a0\u00c0 quelles conditions peut-elle b\u00e9n\u00e9ficier d\u2019une intervention du \u201cFonds Chauffage\u201d ?\u00a0Quelles sont les proc\u00e9dures \u00e0 suivre pour b\u00e9n\u00e9ficier de ces droits ?<\/p>\n<p>Le \u00ab\u00a0Panorama social\u00a0\u00bb donne des r\u00e9ponses ad\u00e9quates \u00e0 ce genre de questions. Il permet d\u2019\u00e9viter que des ayants-droits ne profitent pas des avantages<br \/>\nsociaux offerts, par m\u00e9connaissance des dispositions existantes ou des circuits \u00e0 suivre. Personnes handicap\u00e9es, personnes \u00e2g\u00e9es et malades peuvent avoir une vue d\u2019ensemble sur tous les avantages sociaux.<\/p>\n<p>Ce guide\u00a0r\u00e9pond aux questions suivantes : Quels avantages existent ? Quelles sont les conditions pour en b\u00e9n\u00e9ficier ? Quelle est la proc\u00e9dure \u00e0 suivre ? O\u00f9 peut-on s\u2019adresser pour obtenir de plus amples informations ? L&rsquo;ouvrage\u00a0s\u2019adresse \u00e0 tous ceux qui exercent une profession sociale de premi\u00e8re ligne : l\u2019assistant social, le m\u00e9decin g\u00e9n\u00e9raliste, l\u2019infirmier, le pr\u00eatre, le responsable du personnel, le conseiller la\u00efque, ainsi que toute personne d\u00e9sirant approfondir ses connaissances dans ces mati\u00e8res complexes. (Pr\u00e9sentation de l\u2019\u00e9diteur)<\/p>\n<p>Vanden Broele Productions<\/p>\n<p>2022-1120p.<\/p>\n<p>ISBN\u00a0: 978-90-496 -1943-5<\/p>\n<p>Cote doc\u00a0: 000-080-008\/3<\/p>\n<p><strong><em>Uniquement \u00e0 la consultation sur place ou commande directement chez l\u2019\u00e9diteur:<\/em><\/strong><\/p>\n<p><a href=\"https:\/\/catalogue.vandenbroele.be\/fondscatalogus\/194.aspx?pageID=30050609124856Z\">https:\/\/catalogue.vandenbroele.be\/fondscatalogus\/194.aspx?pageID=30050609124856Z<\/a><\/p>\n<span class=\"et_bloom_bottom_trigger\"><\/span>","protected":false},"excerpt":{"rendered":"<p>Aper\u00e7u des dispositions f\u00e9d\u00e9rales, wallonnes &amp; bruxelloises pour les personnes malades, handicap\u00e9es, \u00e2g\u00e9es ou \u00e0 revenus faibles<\/p>\n","protected":false},"featured_media":2894,"comment_status":"closed","ping_status":"closed","template":"","meta":{"_et_pb_use_builder":"","_et_pb_old_content":"","_et_gb_content_width":"","spay_email":""},"class_list":["post-2893","product","type-product","status-publish","has-post-thumbnail","hentry","product_cat-livres","product_tag-accessibilite","product_tag-aide-sociale","product_tag-droit-social","product_tag-personne-agee","product_tag-personne-en-difficulte","product_tag-personne-handicapee","product_tag-protection-de-la-personne","product_tag-securite-sociale"],"jetpack_sharing_enabled":true,"jetpack_likes_enabled":true,"_links":{"self":[{"href":"https:\/\/www.parthages.be\/eboutique\/wp-json\/wp\/v2\/product\/2893","targetHints":{"allow":["GET"]}}],"collection":[{"href":"https:\/\/www.parthages.be\/eboutique\/wp-json\/wp\/v2\/product"}],"about":[{"href":"https:\/\/www.parthages.be\/eboutique\/wp-json\/wp\/v2\/types\/product"}],"replies":[{"embeddable":true,"href":"https:\/\/www.parthages.be\/eboutique\/wp-json\/wp\/v2\/comments?post=2893"}],"wp:featuredmedia":[{"embeddable":true,"href":"https:\/\/www.parthages.be\/eboutique\/wp-json\/wp\/v2\/media\/2894"}],"wp:attachment":[{"href":"https:\/\/www.parthages.be\/eboutique\/wp-json\/wp\/v2\/media?parent=2893"}],"curies":[{"name":"wp","href":"https:\/\/api.w.org\/{rel}","templated":true}]}}

<p><strong>Aperçu des dispositions fédérales, wallonnes &amp; bruxelloises pour les personnes malades, handicapées, âgées ou à revenus faibles</strong></p>
<p>Où faut-il s’adresser pour obtenir des allocations aux personnes handicapées ? Quelles sont les conditions pour bénéficier d’un remboursement préférentiel en<br />
soins de santé ? Une personne malade chronique peut-elle avoir droit au tarif téléphonique social ? À quelles conditions peut-elle bénéficier d’une intervention du “Fonds Chauffage” ? Quelles sont les procédures à suivre pour bénéficier de ces droits ?</p>
<p>Le « Panorama social » donne des réponses adéquates à ce genre de questions. Il permet d’éviter que des ayants-droits ne profitent pas des avantages<br />
sociaux offerts, par méconnaissance des dispositions existantes ou des circuits à suivre. Personnes handicapées, personnes âgées et malades peuvent avoir une vue d’ensemble sur tous les avantages sociaux.</p>
<p>Ce guide répond aux questions suivantes : Quels avantages existent ? Quelles sont les conditions pour en bénéficier ? Quelle est la procédure à suivre ? Où peut-on s’adresser pour obtenir de plus amples informations ? L&rsquo;ouvrage s’adresse à tous ceux qui exercent une profession sociale de première ligne : l’assistant social, le médecin généraliste, l’infirmier, le prêtre, le responsable du personnel, le conseiller laïque, ainsi que toute personne désirant approfondir ses connaissances dans ces matières complexes. (Présentation de l’éditeur)</p>
<p>Vanden Broele Productions</p>
<p>2022-1120p.</p>
<p>ISBN : 978-90-496 -1943-5</p>
<p>Cote doc : 000-080-008/3</p>
<p><strong><em>Uniquement à la consultation sur place ou commande directement chez l’éditeur:</em></strong></p>
<p><a href="https://catalogue.vandenbroele.be/fondscatalogus/194.aspx?pageID=30050609124856Z">https://catalogue.vandenbroele.be/fondscatalogus/194.aspx?pageID=30050609124856Z</a></p>
<span class="et_bloom_bottom_trigger"></span>

<p>Aperçu des dispositions fédérales, wallonnes &amp; bruxelloises pour les personnes malades, handicapées, âgées ou à revenus faibles</p>
