{"id":2914,"date":"2023-05-09T08:01:20","date_gmt":"2023-05-09T06:01:20","guid":{"rendered":"https:\/\/www.parthages.be\/eboutique\/?post_type=product&#038;p=2914"},"modified":"2023-09-12T11:31:32","modified_gmt":"2023-09-12T09:31:32","slug":"ne-laissez-jamais-personne-vous-dire-que-cest-impossible","status":"publish","type":"product","link":"https:\/\/www.parthages.be\/eboutique\/produit\/ne-laissez-jamais-personne-vous-dire-que-cest-impossible\/","title":{"rendered":"Ne laissez jamais personne vous dire que c\u2019est impossible"},"content":{"rendered":"<p>Isabelle Dargent est une jeune femme \u00e0 la vie ordinaire et sans accrocs. Mais sa vie enti\u00e8re bascule le jour o\u00f9 elle devient t\u00e9trapl\u00e9gique, suite \u00e0 un banal accident de la route.\u00a0 Le verdict du corps m\u00e9dical est sans appel : elle ne pourra plus jamais marcher. Le syst\u00e8me des sachants semble incontournable. Pourtant, une fois c\u00f4toy\u00e9 de l&rsquo;int\u00e9rieur, elle d\u00e9couvre qu&rsquo;il n&rsquo;est pas si infaillible que \u00e7a ; elle d\u00e9couvre les faiblesses, voire les s\u00e9vices qui se cachent derri\u00e8re les blouses blanches. Et elle d\u00e9couvre surtout qu&rsquo;il faut toujours se faire confiance et ne jamais se laisser abattre. L&rsquo;horreur annonce peut \u00eatre un miracle&#8230; Si tout n&rsquo;est pas ce qu&rsquo;il semble para\u00eetre, alors peut-\u00eatre est-ce aussi le cas du diagnostic ? Cette autobiographie, quoique tragique, est un concentr\u00e9 d&rsquo;\u00e9nergie, de col\u00e8re et d&rsquo;humour. Ce livre d\u00e9nonce, mais aussi incite \u00e0 l&rsquo;action et au courage. (Pr\u00e9sentation de l\u2019\u00e9diteur)<\/p>\n<p>DARGENT I.<\/p>\n<p>Terre en ciel \u00e9ditions<\/p>\n<p>2021- 180p.-<\/p>\n<p>160 gr<\/p>\n<p>ISBN\u00a0: 978-2-492-392-02-4<\/p>\n<p>Cote doc\u00a0: 5-20-DAR-L<\/p>\n<span class=\"et_bloom_bottom_trigger\"><\/span>","protected":false},"excerpt":{"rendered":"<p>Isabelle Dargent est une jeune femme \u00e0 la vie ordinaire et sans accrocs. Mais sa vie enti\u00e8re bascule le jour o\u00f9 elle devient t\u00e9trapl\u00e9gique, suite \u00e0 un banal accident de la route.<\/p>\n","protected":false},"featured_media":2915,"comment_status":"closed","ping_status":"closed","template":"","meta":{"_et_pb_use_builder":"","_et_pb_old_content":"","_et_gb_content_width":"","spay_email":""},"class_list":["post-2914","product","type-product","status-publish","has-post-thumbnail","hentry","product_cat-livres","product_tag-accident","product_tag-espoir","product_tag-fauteuil-roulant","product_tag-humour","product_tag-maltraitance","product_tag-personne-handicapee","product_tag-relation-soignant-soigne","product_tag-tetraplegie"],"jetpack_sharing_enabled":true,"jetpack_likes_enabled":true,"_links":{"self":[{"href":"https:\/\/www.parthages.be\/eboutique\/wp-json\/wp\/v2\/product\/2914","targetHints":{"allow":["GET"]}}],"collection":[{"href":"https:\/\/www.parthages.be\/eboutique\/wp-json\/wp\/v2\/product"}],"about":[{"href":"https:\/\/www.parthages.be\/eboutique\/wp-json\/wp\/v2\/types\/product"}],"replies":[{"embeddable":true,"href":"https:\/\/www.parthages.be\/eboutique\/wp-json\/wp\/v2\/comments?post=2914"}],"wp:featuredmedia":[{"embeddable":true,"href":"https:\/\/www.parthages.be\/eboutique\/wp-json\/wp\/v2\/media\/2915"}],"wp:attachment":[{"href":"https:\/\/www.parthages.be\/eboutique\/wp-json\/wp\/v2\/media?parent=2914"}],"curies":[{"name":"wp","href":"https:\/\/api.w.org\/{rel}","templated":true}]}}