{"id":2932,"date":"2023-05-09T08:29:06","date_gmt":"2023-05-09T06:29:06","guid":{"rendered":"https:\/\/www.parthages.be\/eboutique\/?post_type=product&#038;p=2932"},"modified":"2023-09-12T11:30:49","modified_gmt":"2023-09-12T09:30:49","slug":"corps-et-handicap-theorie-et-pratique","status":"publish","type":"product","link":"https:\/\/www.parthages.be\/eboutique\/produit\/corps-et-handicap-theorie-et-pratique\/","title":{"rendered":"Corps et handicap. Th\u00e9orie et pratique"},"content":{"rendered":"<p>Cet ouvrage est une approche heuristique du corps et du handicap dans leurs perspectives th\u00e9orique et pratique. Les mati\u00e8res empiriques observ\u00e9es ici sont le corps et le handicap, leurs enjeux sur les plans fonctionnel, anatomique et capacitaire. La partie pratique de ce livre met l&rsquo;accent sur la prise en charge du trouble du sch\u00e9ma corporel chez les enfants dysgraphiques et sur celle de l&rsquo;alt\u00e9ration de l&rsquo;image du corps et de l&rsquo;atteinte corporelle chez une personne \u00e2g\u00e9e amput\u00e9e. Elle permet \u00e0 l&rsquo;auteur d&rsquo;aborder les probl\u00e9matiques handicapologiques actuelles et ouvre, par le fait, l&rsquo;une des plus brillantes pages de la psychopathologie clinique du handicap. Un ouvrage pour tous ceux qui veulent en savoir plus sur le corps et le handicap tels qu&rsquo;ils peuvent \u00eatre pens\u00e9s du point de vue th\u00e9orique et pratique. (Pr\u00e9sentation de l\u2019\u00e9diteur)<\/p>\n<p>BANINDJEL J.<\/p>\n<p>Edition l\u2019Harmattan<\/p>\n<p>2021- 286p.-<\/p>\n<p>422 gr<\/p>\n<p>ISBN\u00a0: 978-2-343-23658-2<\/p>\n<p>Cote doc\u00a0: 7-30-BAN-C<\/p>\n<span class=\"et_bloom_bottom_trigger\"><\/span>","protected":false},"excerpt":{"rendered":"<p>Cet ouvrage est une approche heuristique du corps et du handicap dans leurs perspectives th\u00e9orique et pratique.<\/p>\n","protected":false},"featured_media":2933,"comment_status":"closed","ping_status":"closed","template":"","meta":{"_et_pb_use_builder":"","_et_pb_old_content":"","_et_gb_content_width":"","spay_email":""},"class_list":["post-2932","product","type-product","status-publish","has-post-thumbnail","hentry","product_cat-livres","product_tag-enfant","product_tag-image-du-corps","product_tag-personne-agee","product_tag-personnes-handicapees","product_tag-pratique","product_tag-psychopathologie","product_tag-representation-du-corps","product_tag-theorie"],"jetpack_sharing_enabled":true,"jetpack_likes_enabled":true,"_links":{"self":[{"href":"https:\/\/www.parthages.be\/eboutique\/wp-json\/wp\/v2\/product\/2932","targetHints":{"allow":["GET"]}}],"collection":[{"href":"https:\/\/www.parthages.be\/eboutique\/wp-json\/wp\/v2\/product"}],"about":[{"href":"https:\/\/www.parthages.be\/eboutique\/wp-json\/wp\/v2\/types\/product"}],"replies":[{"embeddable":true,"href":"https:\/\/www.parthages.be\/eboutique\/wp-json\/wp\/v2\/comments?post=2932"}],"wp:featuredmedia":[{"embeddable":true,"href":"https:\/\/www.parthages.be\/eboutique\/wp-json\/wp\/v2\/media\/2933"}],"wp:attachment":[{"href":"https:\/\/www.parthages.be\/eboutique\/wp-json\/wp\/v2\/media?parent=2932"}],"curies":[{"name":"wp","href":"https:\/\/api.w.org\/{rel}","templated":true}]}}

Corps et handicap. Théorie et pratique

<p>Cet ouvrage est une approche heuristique du corps et du handicap dans leurs perspectives théorique et pratique. Les matières empiriques observées ici sont le corps et le handicap, leurs enjeux sur les plans fonctionnel, anatomique et capacitaire. La partie pratique de ce livre met l&rsquo;accent sur la prise en charge du trouble du schéma corporel chez les enfants dysgraphiques et sur celle de l&rsquo;altération de l&rsquo;image du corps et de l&rsquo;atteinte corporelle chez une personne âgée amputée. Elle permet à l&rsquo;auteur d&rsquo;aborder les problématiques handicapologiques actuelles et ouvre, par le fait, l&rsquo;une des plus brillantes pages de la psychopathologie clinique du handicap. Un ouvrage pour tous ceux qui veulent en savoir plus sur le corps et le handicap tels qu&rsquo;ils peuvent être pensés du point de vue théorique et pratique. (Présentation de l’éditeur)</p>
<p>BANINDJEL J.</p>
<p>Edition l’Harmattan</p>
<p>2021- 286p.-</p>
<p>422 gr</p>
<p>ISBN : 978-2-343-23658-2</p>
<p>Cote doc : 7-30-BAN-C</p>
<span class="et_bloom_bottom_trigger"></span>

<p>Cet ouvrage est une approche heuristique du corps et du handicap dans leurs perspectives théorique et pratique.</p>
