{"id":2935,"date":"2023-05-09T08:31:00","date_gmt":"2023-05-09T06:31:00","guid":{"rendered":"https:\/\/www.parthages.be\/eboutique\/?post_type=product&#038;p=2935"},"modified":"2023-09-12T11:30:21","modified_gmt":"2023-09-12T09:30:21","slug":"ma-maman-vit-avec-une-maladie-invisible-mais-moi-je-la-vois","status":"publish","type":"product","link":"https:\/\/www.parthages.be\/eboutique\/produit\/ma-maman-vit-avec-une-maladie-invisible-mais-moi-je-la-vois\/","title":{"rendered":"Ma maman vit avec une maladie invisible mais moi je la vois !"},"content":{"rendered":"<p>\u00ab\u00a0Chromi, c\u2019est la maladie invisible de maman. Je suis la seule \u00e0 la voir. Pour qu\u2019elle laisse maman tranquille, je fais tout pour la chasser. Mais avec le temps, je comprends que je dois faire autrement. Viens voir comment !\u00a0\u00bb<br \/>\nEn France 40% de la population d\u00e9clare vivre avec au moins une maladie ou un probl\u00e8me de sant\u00e9 chronique et 80% de ces maladies sont invisibles.<br \/>\nSi certaines de ces maladies posent peu de probl\u00e8mes dans la vie quotidienne, d&rsquo;autres sont particuli\u00e8rement invalidantes et demandent une adaptation permanente. C\u2019est le cas, par exemple, de l&rsquo;endom\u00e9triose, de la d\u00e9pression, de la maladie de crown, des fibromyalgies, des migraines, des troubles borderline, de la scl\u00e9rose en plaques, etc. Et les enfants sont, bien souvent, les premiers t\u00e9moins des effets de la maladie sur leur(s) parent(s).<br \/>\nCe livre (accessible d\u00e8s 3 ans) est un support de m\u00e9diation positif pour que parents et enfants puissent cheminer ensemble et \u00e9changer autour de la maladie. Il offre des outils et des cl\u00e9s de discussion pr\u00e9cis et bienveillants afin de s\u00e9curiser les enfants autour de situations qui peuvent \u00eatre inqui\u00e9tantes pour eux.<br \/>\nMettre l\u2019invisible en mots et en images permet \u00e0 l&rsquo;enfant, d\u00e8s le plus jeune \u00e2ge, de briser le tabou de la maladie. (Pr\u00e9sentation de l\u2019\u00e9diteur)<\/p>\n<p>PELLEGRINI T.- BEAUDY M<\/p>\n<p>Editeur\u00a0Atelier De La Belle Etoile<\/p>\n<p>2022- 42p.-<\/p>\n<p>290 gr<\/p>\n<p>ISBN\u00a0: 978-2-9576989-4-3<\/p>\n<p>Cote doc\u00a0: 11-PELL-M<\/p>\n<span class=\"et_bloom_bottom_trigger\"><\/span>","protected":false},"excerpt":{"rendered":"<p>Chromi, c\u2019est la maladie invisible de maman. Je suis la seule \u00e0 la voir. Pour qu\u2019elle laisse maman tranquille, je fais tout pour la chasser.<\/p>\n","protected":false},"featured_media":2936,"comment_status":"closed","ping_status":"closed","template":"","meta":{"_et_pb_use_builder":"","_et_pb_old_content":"","_et_gb_content_width":"","spay_email":""},"class_list":["post-2935","product","type-product","status-publish","has-post-thumbnail","hentry","product_cat-livres","product_cat-livres-jeunesse","product_tag-enfant","product_tag-maladie-chronique","product_tag-maladie-invisible","product_tag-outil","product_tag-parent"],"jetpack_sharing_enabled":true,"jetpack_likes_enabled":true,"_links":{"self":[{"href":"https:\/\/www.parthages.be\/eboutique\/wp-json\/wp\/v2\/product\/2935","targetHints":{"allow":["GET"]}}],"collection":[{"href":"https:\/\/www.parthages.be\/eboutique\/wp-json\/wp\/v2\/product"}],"about":[{"href":"https:\/\/www.parthages.be\/eboutique\/wp-json\/wp\/v2\/types\/product"}],"replies":[{"embeddable":true,"href":"https:\/\/www.parthages.be\/eboutique\/wp-json\/wp\/v2\/comments?post=2935"}],"wp:featuredmedia":[{"embeddable":true,"href":"https:\/\/www.parthages.be\/eboutique\/wp-json\/wp\/v2\/media\/2936"}],"wp:attachment":[{"href":"https:\/\/www.parthages.be\/eboutique\/wp-json\/wp\/v2\/media?parent=2935"}],"curies":[{"name":"wp","href":"https:\/\/api.w.org\/{rel}","templated":true}]}}