{"id":2939,"date":"2023-05-09T08:35:00","date_gmt":"2023-05-09T06:35:00","guid":{"rendered":"https:\/\/www.parthages.be\/eboutique\/?post_type=product&#038;p=2939"},"modified":"2023-09-12T11:29:19","modified_gmt":"2023-09-12T09:29:19","slug":"charcot-ou-la-vie-il-faut-choisir-ligote-au-diable","status":"publish","type":"product","link":"https:\/\/www.parthages.be\/eboutique\/produit\/charcot-ou-la-vie-il-faut-choisir-ligote-au-diable\/","title":{"rendered":"Charcot ou la vie, il faut choisir: Ligot\u00e9 au diable"},"content":{"rendered":"<p>Juin 2011. Gwena\u00ebl Bernard a 30 ans. Les m\u00e9decins lui diagnostiquent une maladie de Charcot. Pronostic : deux \u00e0 trois ans de survie. Il n&rsquo;y a pas de traitement. L&rsquo;un apr\u00e8s l&rsquo;autre, ses muscles sont paralys\u00e9s.2018. Gwen lutte toujours et Cynthia, son \u00e9pouse, \u00e9crit dans un carnet \u00e0 spirales ce qu&rsquo;il lui dicte depuis sa chaise roulante. Plein d&rsquo;humour, Gwen d\u00e9taille comment il fait la nique \u00e0 la maladie. Son r\u00e9cit est un tourbillon de vie. \u00c0 la maison, il joue avec ses trois enfants, fait les devoirs ; il discute avec ses amis et fait la cuisine ; il voyage en famille et dans les a\u00e9roports on le ligote sur un diable, un de ces chariots qui sert au transport de colis. Cynthia, omnipr\u00e9sente, miroir et alter ego, vit \u00e0 ses c\u00f4t\u00e9s son humour et ses difficult\u00e9s, sa joie de vivre et les p\u00e9rip\u00e9ties m\u00e9dicales. Pour Gwen, accepter la maladie, c&rsquo;est recommencer \u00e0 vivre, c&rsquo;est commencer une nouvelle vie. (Pr\u00e9sentation de l\u2019\u00e9diteur)<\/p>\n<p>&nbsp;<\/p>\n<p>BERNARD\u00a0G.<\/p>\n<p>Editions l\u2019Harmattan<\/p>\n<p>2022- 186p.-<\/p>\n<p>290 gr<\/p>\n<p>ISBN\u00a0: 978-214-025242-6<\/p>\n<p>Cote doc\u00a0: 1-20-BER-C<\/p>\n<span class=\"et_bloom_bottom_trigger\"><\/span>","protected":false},"excerpt":{"rendered":"<p>Juin 2011. Gwena\u00ebl Bernard a 30 ans. Les m\u00e9decins lui diagnostiquent une maladie de Charcot. Pronostic : deux \u00e0 trois ans de survie. Il n&rsquo;y a pas de traitement.<\/p>\n","protected":false},"featured_media":2940,"comment_status":"closed","ping_status":"closed","template":"","meta":{"_et_pb_use_builder":"","_et_pb_old_content":"","_et_gb_content_width":"","spay_email":""},"class_list":["post-2939","product","type-product","status-publish","has-post-thumbnail","hentry","product_cat-livres","product_tag-acceptation","product_tag-difference","product_tag-maladie-de-charcot","product_tag-maladie-degenerative","product_tag-personne-handicapee","product_tag-recit","product_tag-resilience","product_tag-temoignage"],"jetpack_sharing_enabled":true,"jetpack_likes_enabled":true,"_links":{"self":[{"href":"https:\/\/www.parthages.be\/eboutique\/wp-json\/wp\/v2\/product\/2939","targetHints":{"allow":["GET"]}}],"collection":[{"href":"https:\/\/www.parthages.be\/eboutique\/wp-json\/wp\/v2\/product"}],"about":[{"href":"https:\/\/www.parthages.be\/eboutique\/wp-json\/wp\/v2\/types\/product"}],"replies":[{"embeddable":true,"href":"https:\/\/www.parthages.be\/eboutique\/wp-json\/wp\/v2\/comments?post=2939"}],"wp:featuredmedia":[{"embeddable":true,"href":"https:\/\/www.parthages.be\/eboutique\/wp-json\/wp\/v2\/media\/2940"}],"wp:attachment":[{"href":"https:\/\/www.parthages.be\/eboutique\/wp-json\/wp\/v2\/media?parent=2939"}],"curies":[{"name":"wp","href":"https:\/\/api.w.org\/{rel}","templated":true}]}}