{"id":2944,"date":"2023-05-09T08:41:57","date_gmt":"2023-05-09T06:41:57","guid":{"rendered":"https:\/\/www.parthages.be\/eboutique\/?post_type=product&#038;p=2944"},"modified":"2023-05-09T08:41:58","modified_gmt":"2023-05-09T06:41:58","slug":"handicap-un-challenge-au-quotidien","status":"publish","type":"product","link":"https:\/\/www.parthages.be\/eboutique\/produit\/handicap-un-challenge-au-quotidien\/","title":{"rendered":"Handicap: un challenge au quotidien"},"content":{"rendered":"<p>Nous avons beaucoup \u00e0 apprendre de la personne handicap\u00e9e qui a su se forger une philosophie de vie et d\u00e9velopper ce talent de vivre normalement \u00a0\u00bb autrement \u00ab\u00a0. M\u00eame si nous sommes tous diff\u00e9rents, certains \u00eatres le sont plus que d&rsquo;autres au regard de la norme \u00e9tablie par le plus grand nombre. Cesarina est handicap\u00e9e physique, Philippe est valide, l\u00e0 commence la diff\u00e9rence. Leurs chemins de vie se sont pourtant crois\u00e9s et, des ann\u00e9es de vie commune plus tard, ils t\u00e9moignent de leur parcours qui n&rsquo;est pas \u00e9maill\u00e9 d&rsquo;exploits extraordinaires mais de petites batailles gagn\u00e9es sur le quotidien. Ce livre est unique, car il apporte le message d&rsquo;un couple qui, \u00e0 travers sa propre exp\u00e9rience, s&rsquo;implique \u00e0 faire \u00e9voluer les mentalit\u00e9s, \u00e0 \u00e9tablir un lien entre des mondes pas si diff\u00e9rents, humains tout simplement. Tous les th\u00e8mes de la vie y sont \u00e9voqu\u00e9s avec amour et compr\u00e9hension, \u00e0 la fois au niveau de la qu\u00eate de sens et de la vie quotidienne, parfois la plus ordinaire : dans les transports, \u00e0 l&rsquo;\u00e9cole, \u00e0 la maison, dans l&rsquo;intimit\u00e9, au travail, dans la soci\u00e9t\u00e9, et \u00e0 tout \u00e2ge ! (Pr\u00e9sentation de l\u2019\u00e9diteur)<\/p>\n<p>MORESI C.- BARRAQUE P.<\/p>\n<p>Editions Jouvence<\/p>\n<p>2007- 137p.<\/p>\n<p>ISBN: 978- 2-88353-572-5<\/p>\n<p>COTE DOC: 4-00-MOR-H<\/p>\n<p><strong><em>Uniquement \u00e0 la location<\/em><\/strong><\/p>\n<span class=\"et_bloom_bottom_trigger\"><\/span>","protected":false},"excerpt":{"rendered":"<p>Nous avons beaucoup \u00e0 apprendre de la personne handicap\u00e9e qui a su se forger une philosophie de vie et d\u00e9velopper ce talent de vivre normalement \u00a0\u00bb autrement \u00ab\u00a0.<\/p>\n","protected":false},"featured_media":2945,"comment_status":"closed","ping_status":"closed","template":"","meta":{"_et_pb_use_builder":"","_et_pb_old_content":"","_et_gb_content_width":"","spay_email":""},"class_list":["post-2944","product","type-product","status-publish","has-post-thumbnail","hentry","product_cat-livres","product_tag-autonomie","product_tag-bien-etre","product_tag-deficience-motrice","product_tag-egalite-des-chances","product_tag-integration-sociale","product_tag-personne-handicapee","product_tag-sensibilisation","product_tag-temoignage","product_tag-therapeutique","product_tag-vie-quotidienne","product_tag-vieillissement"],"jetpack_sharing_enabled":true,"jetpack_likes_enabled":true,"_links":{"self":[{"href":"https:\/\/www.parthages.be\/eboutique\/wp-json\/wp\/v2\/product\/2944","targetHints":{"allow":["GET"]}}],"collection":[{"href":"https:\/\/www.parthages.be\/eboutique\/wp-json\/wp\/v2\/product"}],"about":[{"href":"https:\/\/www.parthages.be\/eboutique\/wp-json\/wp\/v2\/types\/product"}],"replies":[{"embeddable":true,"href":"https:\/\/www.parthages.be\/eboutique\/wp-json\/wp\/v2\/comments?post=2944"}],"wp:featuredmedia":[{"embeddable":true,"href":"https:\/\/www.parthages.be\/eboutique\/wp-json\/wp\/v2\/media\/2945"}],"wp:attachment":[{"href":"https:\/\/www.parthages.be\/eboutique\/wp-json\/wp\/v2\/media?parent=2944"}],"curies":[{"name":"wp","href":"https:\/\/api.w.org\/{rel}","templated":true}]}}