{"id":2947,"date":"2023-05-09T08:44:02","date_gmt":"2023-05-09T06:44:02","guid":{"rendered":"https:\/\/www.parthages.be\/eboutique\/?post_type=product&#038;p=2947"},"modified":"2023-05-09T08:44:04","modified_gmt":"2023-05-09T06:44:04","slug":"quelles-trajectoires-dinsertion-pour-les-personnes-handicapees","status":"publish","type":"product","link":"https:\/\/www.parthages.be\/eboutique\/produit\/quelles-trajectoires-dinsertion-pour-les-personnes-handicapees\/","title":{"rendered":"Quelles trajectoires d&rsquo;insertion pour les personnes handicap\u00e9es ?"},"content":{"rendered":"<p>Les difficult\u00e9s rencontr\u00e9es par les personnes handicap\u00e9es pour accomplir les \u00ab\u00a0actes d&rsquo;insertion\u00a0\u00bb \u00e9l\u00e9mentaires d&rsquo;une vie ordinaire, qu&rsquo;il s&rsquo;agisse de l&rsquo;acc\u00e8s \u00e0 l&rsquo;\u00e9cole ou l&rsquo;Universit\u00e9, du d\u00e9placement dans la ville, du droit \u00e0 l&#8217;emploi, \u00e0 la sant\u00e9&#8230; sont consid\u00e9rables.<\/p>\n<p>A moins de pr\u00eater \u00e0 chaque personne handicap\u00e9e l&rsquo;\u00e9toffe d&rsquo;un h\u00e9ros, dot\u00e9 d&rsquo;une volont\u00e9 et d&rsquo;un courage exceptionnels, c&rsquo;est \u00e0 la soci\u00e9t\u00e9 qu&rsquo;il revient de r\u00e9duire les obstacles, de d\u00e9placer, d'\u00a0\u00bbexternaliser\u00a0\u00bb les difficult\u00e9s, et de cr\u00e9er les conditions d&rsquo;une vie ordinaire, celle que tout un chacun consid\u00e8re \u00e0 juste titre comme allant de soi.<\/p>\n<p>Ce volume pr\u00e9sente quelques aspects des r\u00e9formes \u00e0 entreprendre, ou d\u00e9j\u00e0 mises en oeuvre, pour aller dans ce sens.<\/p>\n<p>Loin de s&rsquo;en tenir au caract\u00e8re mat\u00e9riel des am\u00e9nagements n\u00e9cessaires, il souligne la difficult\u00e9 de transformer le regard que nous portons sur l&rsquo;autre et qui am\u00e8ne trop souvent \u00e0 rester en de\u00e7\u00e0 de l&rsquo;\u00e9l\u00e9mentaire ou du simple bon sens. (Pr\u00e9sentation de l\u2019\u00e9diteur)<\/p>\n<p>MINISTERE DES AFFAIRES SOCIALES ET DE LA SOLIDARITE<\/p>\n<p>Ensp<\/p>\n<p>2007-157p.-300gr<\/p>\n<p>ISBN: 978-2-85952-929-1<\/p>\n<p>Cote doc: 4-00-MSS-Q<\/p>\n<span class=\"et_bloom_bottom_trigger\"><\/span>","protected":false},"excerpt":{"rendered":"<p>Les difficult\u00e9s rencontr\u00e9es par les personnes handicap\u00e9es pour accomplir les \u00ab\u00a0actes d&rsquo;insertion\u00a0\u00bb \u00e9l\u00e9mentaires d&rsquo;une vie ordinaire, qu&rsquo;il s&rsquo;agisse de l&rsquo;acc\u00e8s \u00e0 l&rsquo;\u00e9cole ou l&rsquo;Universit\u00e9, du d\u00e9placement dans la ville, du droit \u00e0 l&#8217;emploi, \u00e0 la sant\u00e9&#8230; sont consid\u00e9rables.<\/p>\n","protected":false},"featured_media":2948,"comment_status":"closed","ping_status":"closed","template":"","meta":{"_et_pb_use_builder":"","_et_pb_old_content":"","_et_gb_content_width":"","spay_email":""},"class_list":["post-2947","product","type-product","status-publish","has-post-thumbnail","hentry","product_cat-livres","product_tag-acces","product_tag-acces-a-la-formation","product_tag-acces-au-batiment","product_tag-acces-au-travail","product_tag-acces-aux-soins","product_tag-adaptation","product_tag-amenagement-du-territoire","product_tag-france","product_tag-integration","product_tag-pays-bas","product_tag-royaume-uni","product_tag-sexualite","product_tag-union-europeenne"],"jetpack_sharing_enabled":true,"jetpack_likes_enabled":true,"_links":{"self":[{"href":"https:\/\/www.parthages.be\/eboutique\/wp-json\/wp\/v2\/product\/2947","targetHints":{"allow":["GET"]}}],"collection":[{"href":"https:\/\/www.parthages.be\/eboutique\/wp-json\/wp\/v2\/product"}],"about":[{"href":"https:\/\/www.parthages.be\/eboutique\/wp-json\/wp\/v2\/types\/product"}],"replies":[{"embeddable":true,"href":"https:\/\/www.parthages.be\/eboutique\/wp-json\/wp\/v2\/comments?post=2947"}],"wp:featuredmedia":[{"embeddable":true,"href":"https:\/\/www.parthages.be\/eboutique\/wp-json\/wp\/v2\/media\/2948"}],"wp:attachment":[{"href":"https:\/\/www.parthages.be\/eboutique\/wp-json\/wp\/v2\/media?parent=2947"}],"curies":[{"name":"wp","href":"https:\/\/api.w.org\/{rel}","templated":true}]}}

Quelles trajectoires d&rsquo;insertion pour les personnes handicapées ?

<p>Les difficultés rencontrées par les personnes handicapées pour accomplir les « actes d&rsquo;insertion » élémentaires d&rsquo;une vie ordinaire, qu&rsquo;il s&rsquo;agisse de l&rsquo;accès à l&rsquo;école ou l&rsquo;Université, du déplacement dans la ville, du droit à l&#8217;emploi, à la santé&#8230; sont considérables.</p>
<p>A moins de prêter à chaque personne handicapée l&rsquo;étoffe d&rsquo;un héros, doté d&rsquo;une volonté et d&rsquo;un courage exceptionnels, c&rsquo;est à la société qu&rsquo;il revient de réduire les obstacles, de déplacer, d' »externaliser » les difficultés, et de créer les conditions d&rsquo;une vie ordinaire, celle que tout un chacun considère à juste titre comme allant de soi.</p>
<p>Ce volume présente quelques aspects des réformes à entreprendre, ou déjà mises en oeuvre, pour aller dans ce sens.</p>
<p>Loin de s&rsquo;en tenir au caractère matériel des aménagements nécessaires, il souligne la difficulté de transformer le regard que nous portons sur l&rsquo;autre et qui amène trop souvent à rester en deçà de l&rsquo;élémentaire ou du simple bon sens. (Présentation de l’éditeur)</p>
<p>MINISTERE DES AFFAIRES SOCIALES ET DE LA SOLIDARITE</p>
<p>Ensp</p>
<p>2007-157p.-300gr</p>
<p>ISBN: 978-2-85952-929-1</p>
<p>Cote doc: 4-00-MSS-Q</p>
<span class="et_bloom_bottom_trigger"></span>

<p>Les difficultés rencontrées par les personnes handicapées pour accomplir les « actes d&rsquo;insertion » élémentaires d&rsquo;une vie ordinaire, qu&rsquo;il s&rsquo;agisse de l&rsquo;accès à l&rsquo;école ou l&rsquo;Université, du déplacement dans la ville, du droit à l&#8217;emploi, à la santé&#8230; sont considérables.</p>
