{"id":2952,"date":"2023-05-09T08:47:39","date_gmt":"2023-05-09T06:47:39","guid":{"rendered":"https:\/\/www.parthages.be\/eboutique\/?post_type=product&#038;p=2952"},"modified":"2023-05-09T08:47:40","modified_gmt":"2023-05-09T06:47:40","slug":"la-deficience-intellectuelle-pratique-de-lintegration-tome-2","status":"publish","type":"product","link":"https:\/\/www.parthages.be\/eboutique\/produit\/la-deficience-intellectuelle-pratique-de-lintegration-tome-2\/","title":{"rendered":"La d\u00e9ficience intellectuelle : pratique de l&rsquo;int\u00e9gration &#8211; tome 2"},"content":{"rendered":"<p>Le\u00a0tome 2\u00a0est consacr\u00e9 aux pratiques de l&rsquo;int\u00e9gration, consid\u00e9r\u00e9e dans une perspective de \u00abcycle de vie\u00bb qui va de l&rsquo;int\u00e9gration pr\u00e9coce en garderie aux probl\u00e8mes qu&rsquo;engendre le vieillissement des personnes d\u00e9ficientes intellectuelles. Les obstacles \u00e0 la r\u00e9alisation de l&rsquo;int\u00e9gration sont \u00e9galement analys\u00e9s. Enfin est pr\u00e9sent\u00e9e, \u00e0 titre d&rsquo;exemples, la situation dans diff\u00e9rentes parties du monde. (Pr\u00e9sentation de l\u2019\u00e9diteur)<\/p>\n<p>IONESCU S.<\/p>\n<p>Nathan Universit\u00e9, Editions Nouvelles<\/p>\n<p>1995-352p<\/p>\n<p>ISBN : 2-09-190287-X<\/p>\n<p>Cote doc\u00a0: 4-00-ION-D<\/p>\n<p><strong><em>Uniquement \u00e0 la location<\/em><\/strong><\/p>\n<span class=\"et_bloom_bottom_trigger\"><\/span>","protected":false},"excerpt":{"rendered":"<p>Le\u00a0tome 2\u00a0est consacr\u00e9 aux pratiques de l&rsquo;int\u00e9gration, consid\u00e9r\u00e9e dans une perspective de \u00abcycle de vie\u00bb qui va de l&rsquo;int\u00e9gration pr\u00e9coce en garderie aux probl\u00e8mes qu&rsquo;engendre le vieillissement des personnes d\u00e9ficientes intellectuelles.<\/p>\n","protected":false},"featured_media":2953,"comment_status":"closed","ping_status":"closed","template":"","meta":{"_et_pb_use_builder":"","_et_pb_old_content":"","_et_gb_content_width":"","spay_email":""},"class_list":["post-2952","product","type-product","status-publish","has-post-thumbnail","hentry","product_cat-livres","product_tag-amerique-du-nord","product_tag-amerique-latine","product_tag-automutilation","product_tag-centre-daccueil","product_tag-deficience-intellectuelle","product_tag-enfant","product_tag-enseignement-specialise","product_tag-europe-de-lest","product_tag-evaluation","product_tag-integration-sociale","product_tag-japon","product_tag-prevention","product_tag-prise-en-charge","product_tag-psychopedagogie","product_tag-qualite-de-vie","product_tag-roumanie","product_tag-socialisation","product_tag-vieillissement"],"jetpack_sharing_enabled":true,"jetpack_likes_enabled":true,"_links":{"self":[{"href":"https:\/\/www.parthages.be\/eboutique\/wp-json\/wp\/v2\/product\/2952","targetHints":{"allow":["GET"]}}],"collection":[{"href":"https:\/\/www.parthages.be\/eboutique\/wp-json\/wp\/v2\/product"}],"about":[{"href":"https:\/\/www.parthages.be\/eboutique\/wp-json\/wp\/v2\/types\/product"}],"replies":[{"embeddable":true,"href":"https:\/\/www.parthages.be\/eboutique\/wp-json\/wp\/v2\/comments?post=2952"}],"wp:featuredmedia":[{"embeddable":true,"href":"https:\/\/www.parthages.be\/eboutique\/wp-json\/wp\/v2\/media\/2953"}],"wp:attachment":[{"href":"https:\/\/www.parthages.be\/eboutique\/wp-json\/wp\/v2\/media?parent=2952"}],"curies":[{"name":"wp","href":"https:\/\/api.w.org\/{rel}","templated":true}]}}

La déficience intellectuelle : pratique de l&rsquo;intégration &#8211; tome 2

<p>Le tome 2 est consacré aux pratiques de l&rsquo;intégration, considérée dans une perspective de «cycle de vie» qui va de l&rsquo;intégration précoce en garderie aux problèmes qu&rsquo;engendre le vieillissement des personnes déficientes intellectuelles. Les obstacles à la réalisation de l&rsquo;intégration sont également analysés. Enfin est présentée, à titre d&rsquo;exemples, la situation dans différentes parties du monde. (Présentation de l’éditeur)</p>
<p>IONESCU S.</p>
<p>Nathan Université, Editions Nouvelles</p>
<p>1995-352p</p>
<p>ISBN : 2-09-190287-X</p>
<p>Cote doc : 4-00-ION-D</p>
<p><strong><em>Uniquement à la location</em></strong></p>
<span class="et_bloom_bottom_trigger"></span>

<p>Le tome 2 est consacré aux pratiques de l&rsquo;intégration, considérée dans une perspective de «cycle de vie» qui va de l&rsquo;intégration précoce en garderie aux problèmes qu&rsquo;engendre le vieillissement des personnes déficientes intellectuelles.</p>
