{"id":2964,"date":"2023-05-09T09:06:19","date_gmt":"2023-05-09T07:06:19","guid":{"rendered":"https:\/\/www.parthages.be\/eboutique\/?post_type=product&#038;p=2964"},"modified":"2024-01-15T12:03:08","modified_gmt":"2024-01-15T11:03:08","slug":"lacces-des-handicapes-a-la-communication","status":"publish","type":"product","link":"https:\/\/www.parthages.be\/eboutique\/produit\/lacces-des-handicapes-a-la-communication\/","title":{"rendered":"L&rsquo;acc\u00e8s des handicap\u00e9s \u00e0 la communication"},"content":{"rendered":"<p><strong><em>Rapport<\/em><\/strong><\/p>\n<p>COMMISSION DES COMMUNAUTES EUROPEENNES<\/p>\n<p>1982-137p.<\/p>\n<p>Cote doc\u00a0: 3-30-KIT-A<\/p>\n<p><strong><em>Uniquement \u00e0 la location<\/em><\/strong><\/p>\n<span class=\"et_bloom_bottom_trigger\"><\/span>","protected":false},"excerpt":{"rendered":"<p><strong><em>Rapport &#8211; <\/em><\/strong>COMMISSION DES COMMUNAUTES EUROPEENNES<\/p>\n","protected":false},"featured_media":0,"comment_status":"closed","ping_status":"closed","template":"","meta":{"_et_pb_use_builder":"","_et_pb_old_content":"","_et_gb_content_width":"","spay_email":""},"class_list":["post-2964","product","type-product","status-publish","hentry","product_cat-livres","product_tag-aide-technique","product_tag-cee","product_tag-communication","product_tag-handicap","product_tag-personne-handicapee","product_tag-readaptation","product_tag-therapeutique","product_tag-union-europeenne"],"jetpack_sharing_enabled":true,"jetpack_likes_enabled":true,"_links":{"self":[{"href":"https:\/\/www.parthages.be\/eboutique\/wp-json\/wp\/v2\/product\/2964","targetHints":{"allow":["GET"]}}],"collection":[{"href":"https:\/\/www.parthages.be\/eboutique\/wp-json\/wp\/v2\/product"}],"about":[{"href":"https:\/\/www.parthages.be\/eboutique\/wp-json\/wp\/v2\/types\/product"}],"replies":[{"embeddable":true,"href":"https:\/\/www.parthages.be\/eboutique\/wp-json\/wp\/v2\/comments?post=2964"}],"wp:attachment":[{"href":"https:\/\/www.parthages.be\/eboutique\/wp-json\/wp\/v2\/media?parent=2964"}],"curies":[{"name":"wp","href":"https:\/\/api.w.org\/{rel}","templated":true}]}}

L&rsquo;accès des handicapés à la communication

<p><strong><em>Rapport</em></strong></p>
<p>COMMISSION DES COMMUNAUTES EUROPEENNES</p>
<p>1982-137p.</p>
<p>Cote doc : 3-30-KIT-A</p>
<p><strong><em>Uniquement à la location</em></strong></p>
<span class="et_bloom_bottom_trigger"></span>
