{"id":2975,"date":"2023-09-12T11:21:21","date_gmt":"2023-09-12T09:21:21","guid":{"rendered":"https:\/\/www.parthages.be\/eboutique\/?post_type=product&#038;p=2975"},"modified":"2024-02-19T14:23:39","modified_gmt":"2024-02-19T13:23:39","slug":"le-dictionnaire-du-handicap-10eme-edition","status":"publish","type":"product","link":"https:\/\/www.parthages.be\/eboutique\/produit\/le-dictionnaire-du-handicap-10eme-edition\/","title":{"rendered":"Le dictionnaire du handicap &#8211; 10\u00e8me \u00e9dition"},"content":{"rendered":"<p>Cette dixi\u00e8me \u00e9dition,\u00a0enti\u00e8rement revue, augment\u00e9e et mise \u00e0 jour, propose une\u00a0grande vari\u00e9t\u00e9 de termes\u00a0autour du handicap\u2009:<br \/>\nles d\u00e9finitions et classifications des handicaps et des maladies qui les causent\u00a0;<br \/>\nles principaux \u00e9l\u00e9ments de politique sociale\u00a0;<br \/>\nles caract\u00e9ristiques des prestations, \u00e9tablissements et services sp\u00e9cialis\u00e9s, ainsi que les droits des usagers\u00a0;<br \/>\nles professionnels \u0153uvrant aupr\u00e8s des personnes handicap\u00e9es\u00a0;<br \/>\nles courants de pens\u00e9e, m\u00e9thodes \u00e9ducatives, approches th\u00e9rapeutiques et pratiques sociales.<br \/>\nCette\u00a0nouvelle \u00e9dition\u00a0met particuli\u00e8rement l\u2019accent sur les\u00a0derni\u00e8res nouveaut\u00e9s\u00a0en mati\u00e8re d\u2019accompagnement des personnes en situation de handicap, notamment la cr\u00e9ation de la plateforme\u00a0\u00ab Mon parcours handicap \u00bb, l\u2019allocation journali\u00e8re du proche aidant, les modifications apport\u00e9es \u00e0 la prestation de compensation du handicap, la d\u00e9conjugalisation de l\u2019AAH et surtout, le plan de transformation des ESAT.<br \/>\nAu total, nous retrouvons plus de\u00a0400 articles, pr\u00e9c\u00e9d\u00e9s d\u2019une br\u00e8ve chronologie de la\u00a0politique du handicap, suivis d\u2019un index de pr\u00e8s de\u00a0500 entr\u00e9es\u00a0et d\u2019un\u00a0guide pratique\u00a0destin\u00e9 aux usagers et \u00e0 leurs familles. (Pr\u00e9sentation de l\u2019\u00e9diteur)<br \/>\nZRIBI G. -POUPEE-FONTAINE D.<br \/>\nEditeur Presses de l\u2019EHESP<br \/>\n2023- 380p.-<br \/>\n600 gr<br \/>\nISBN\u00a0: 978-2-8109-1110-3<br \/>\nCote doc\u00a0: 1-40-ZRI-D\/2<\/p>\n<span class=\"et_bloom_bottom_trigger\"><\/span>","protected":false},"excerpt":{"rendered":"<p>Cette dixi\u00e8me \u00e9dition,\u00a0enti\u00e8rement revue, augment\u00e9e et mise \u00e0 jour, propose une\u00a0grande vari\u00e9t\u00e9 de termes\u00a0autour du handicap<\/p>\n","protected":false},"featured_media":2976,"comment_status":"closed","ping_status":"closed","template":"","meta":{"_et_pb_use_builder":"","_et_pb_old_content":"","_et_gb_content_width":"","spay_email":""},"class_list":["post-2975","product","type-product","status-publish","has-post-thumbnail","hentry","product_cat-livres","product_tag-accompagnement","product_tag-autonomie","product_tag-droit","product_tag-education","product_tag-emploi","product_tag-france","product_tag-guide","product_tag-lois","product_tag-methode","product_tag-outil","product_tag-personne-handicapee","product_tag-politique-du-handicap"],"jetpack_sharing_enabled":true,"jetpack_likes_enabled":true,"_links":{"self":[{"href":"https:\/\/www.parthages.be\/eboutique\/wp-json\/wp\/v2\/product\/2975","targetHints":{"allow":["GET"]}}],"collection":[{"href":"https:\/\/www.parthages.be\/eboutique\/wp-json\/wp\/v2\/product"}],"about":[{"href":"https:\/\/www.parthages.be\/eboutique\/wp-json\/wp\/v2\/types\/product"}],"replies":[{"embeddable":true,"href":"https:\/\/www.parthages.be\/eboutique\/wp-json\/wp\/v2\/comments?post=2975"}],"wp:featuredmedia":[{"embeddable":true,"href":"https:\/\/www.parthages.be\/eboutique\/wp-json\/wp\/v2\/media\/2976"}],"wp:attachment":[{"href":"https:\/\/www.parthages.be\/eboutique\/wp-json\/wp\/v2\/media?parent=2975"}],"curies":[{"name":"wp","href":"https:\/\/api.w.org\/{rel}","templated":true}]}}