{"id":298,"date":"2013-01-31T14:57:26","date_gmt":"2013-01-31T13:57:26","guid":{"rendered":"https:\/\/www.parthages.be\/wordpress\/produit\/regards-peripheriques-sur-l-autisme-evaluer-pour-mieux-accompagner\/"},"modified":"2021-09-03T09:42:55","modified_gmt":"2021-09-03T07:42:55","slug":"regards-peripheriques-sur-l-autisme-evaluer-pour-mieux-accompagner","status":"publish","type":"product","link":"https:\/\/www.parthages.be\/eboutique\/produit\/regards-peripheriques-sur-l-autisme-evaluer-pour-mieux-accompagner\/","title":{"rendered":"Regards p\u00e9riph\u00e9riques sur l&rsquo;autisme : Evaluer pour mieux accompagner"},"content":{"rendered":"<p>Cet ouvrage vise, \u00e0 travers l&rsquo;exp\u00e9rience de plus de dix ans d&rsquo;un centre diagnostique pour l&rsquo;autisme au sein du centre hospitalier Sainte-Anne, \u00e0 t\u00e9moigner de l&rsquo;\u00e9volution des pratiques diagnostiques, d&rsquo;\u00e9valuation et d&rsquo;accompagnement de l&rsquo;autisme.<\/p>\n<p>Les th\u00e8mes abord\u00e9s par l&rsquo;\u00e9quipe pluridisciplinaire d&rsquo;auteurs ont \u00e9t\u00e9 choisis en lien avec l&rsquo;actualit\u00e9 th\u00e9orique et pratique dans le champ des troubles du spectre autistique. Ainsi, l&rsquo;\u00e9volution des descriptions cliniques et son corollaire, le d\u00e9veloppement des nouvelles classifications, les instruments d&rsquo;\u00e9valuation, l&rsquo;essor du cognitivisme via les nouvelles formes de psychoth\u00e9rapies et les techniques d&rsquo;imagerie, les approches m\u00e9dicamenteuses parfois n\u00e9cessaires et l&rsquo;inclusion scolaire font l&rsquo;objet des diff\u00e9rents chapitres illustr\u00e9s par de nombreuses vignettes cliniques.<\/p>\n<p>Cet ouvrage s&rsquo;accorde ainsi l&rsquo;ambition de repr\u00e9senter une passerelle entre une approche fondatrice des prises en charge de l&rsquo;autisme et une approche plus contemporaine dans une perspective d&rsquo;enrichissement r\u00e9ciproque.<\/p>\n<p>Ce livre int\u00e9ressera tous les acteurs du soin en psychiatrie impliqu\u00e9s dans la prise en charge des personnes avec autisme ou autres troubles envahissants du d\u00e9veloppement, sans oublier les patients et leurs proches. (Pr\u00e9sentation de l\u2019\u00e9diteur)<\/p>\n<p>CONTEJEAN Y.- DOYEN C.<\/p>\n<p>2012-186p.<\/p>\n<p>ISBN\u00a0: 978-2-257-20520-9<\/p>\n<p>Cote doc\u00a0: 1.70-CON-R<\/p>\n<span class=\"et_bloom_bottom_trigger\"><\/span>","protected":false},"excerpt":{"rendered":"<p>Cet ouvrage vise, \u00e0 travers l&rsquo;exp\u00e9rience de plus de dix ans d&rsquo;un centre diagnostique pour l&rsquo;autisme au sein du centre hospitalier Sainte-Anne, \u00e0 t\u00e9moigner de l&rsquo;\u00e9volution des pratiques diagnostiques, d&rsquo;\u00e9valuation et d&rsquo;accompagnement de l&rsquo;autisme.<\/p>\n","protected":false},"featured_media":297,"comment_status":"open","ping_status":"closed","template":"","meta":{"_et_pb_use_builder":"","_et_pb_old_content":"","_et_gb_content_width":"","spay_email":""},"class_list":["post-298","product","type-product","status-publish","has-post-thumbnail","hentry","product_cat-livres","product_tag-accompagnement","product_tag-approche-cognitive","product_tag-approche-pluridisciplinaire","product_tag-autisme","product_tag-evaluation","product_tag-inclusion","product_tag-trouble-du-comportement"],"jetpack_sharing_enabled":true,"jetpack_likes_enabled":true,"_links":{"self":[{"href":"https:\/\/www.parthages.be\/eboutique\/wp-json\/wp\/v2\/product\/298","targetHints":{"allow":["GET"]}}],"collection":[{"href":"https:\/\/www.parthages.be\/eboutique\/wp-json\/wp\/v2\/product"}],"about":[{"href":"https:\/\/www.parthages.be\/eboutique\/wp-json\/wp\/v2\/types\/product"}],"replies":[{"embeddable":true,"href":"https:\/\/www.parthages.be\/eboutique\/wp-json\/wp\/v2\/comments?post=298"}],"wp:featuredmedia":[{"embeddable":true,"href":"https:\/\/www.parthages.be\/eboutique\/wp-json\/wp\/v2\/media\/297"}],"wp:attachment":[{"href":"https:\/\/www.parthages.be\/eboutique\/wp-json\/wp\/v2\/media?parent=298"}],"curies":[{"name":"wp","href":"https:\/\/api.w.org\/{rel}","templated":true}]}}

Regards périphériques sur l&rsquo;autisme : Evaluer pour mieux accompagner

<p>Cet ouvrage vise, à travers l&rsquo;expérience de plus de dix ans d&rsquo;un centre diagnostique pour l&rsquo;autisme au sein du centre hospitalier Sainte-Anne, à témoigner de l&rsquo;évolution des pratiques diagnostiques, d&rsquo;évaluation et d&rsquo;accompagnement de l&rsquo;autisme.</p>
<p>Les thèmes abordés par l&rsquo;équipe pluridisciplinaire d&rsquo;auteurs ont été choisis en lien avec l&rsquo;actualité théorique et pratique dans le champ des troubles du spectre autistique. Ainsi, l&rsquo;évolution des descriptions cliniques et son corollaire, le développement des nouvelles classifications, les instruments d&rsquo;évaluation, l&rsquo;essor du cognitivisme via les nouvelles formes de psychothérapies et les techniques d&rsquo;imagerie, les approches médicamenteuses parfois nécessaires et l&rsquo;inclusion scolaire font l&rsquo;objet des différents chapitres illustrés par de nombreuses vignettes cliniques.</p>
<p>Cet ouvrage s&rsquo;accorde ainsi l&rsquo;ambition de représenter une passerelle entre une approche fondatrice des prises en charge de l&rsquo;autisme et une approche plus contemporaine dans une perspective d&rsquo;enrichissement réciproque.</p>
<p>Ce livre intéressera tous les acteurs du soin en psychiatrie impliqués dans la prise en charge des personnes avec autisme ou autres troubles envahissants du développement, sans oublier les patients et leurs proches. (Présentation de l’éditeur)</p>
<p>CONTEJEAN Y.- DOYEN C.</p>
<p>2012-186p.</p>
<p>ISBN : 978-2-257-20520-9</p>
<p>Cote doc : 1.70-CON-R</p>
<span class="et_bloom_bottom_trigger"></span>

<p>Cet ouvrage vise, à travers l&rsquo;expérience de plus de dix ans d&rsquo;un centre diagnostique pour l&rsquo;autisme au sein du centre hospitalier Sainte-Anne, à témoigner de l&rsquo;évolution des pratiques diagnostiques, d&rsquo;évaluation et d&rsquo;accompagnement de l&rsquo;autisme.</p>
