{"id":2996,"date":"2023-09-12T12:51:07","date_gmt":"2023-09-12T10:51:07","guid":{"rendered":"https:\/\/www.parthages.be\/eboutique\/?post_type=product&#038;p=2996"},"modified":"2024-02-19T14:20:53","modified_gmt":"2024-02-19T13:20:53","slug":"lespoir-de-laube","status":"publish","type":"product","link":"https:\/\/www.parthages.be\/eboutique\/produit\/lespoir-de-laube\/","title":{"rendered":"L\u2019espoir de l\u2019aube"},"content":{"rendered":"<p>Comment conqu\u00e9rir son autonomie face aux failles des services d&rsquo;aide \u00e0 domicile<\/p>\n<p>Le r\u00e9cit de \u00ab\u00a0L&rsquo;espoir de l&rsquo;aube\u00a0\u00bb est une odyss\u00e9e de 24 ans, comparable \u00e0 celle d&rsquo;Ulysse ou de Marco Polo. Les \u00e9tapes initiatiques s&rsquo;y succ\u00e8dent, \u00e9voquant par leurs difficult\u00e9s les 12 travaux d&rsquo;Hercule. Pour surmonter l&rsquo;adversit\u00e9, ce combattant de l&rsquo;ombre se m\u00e9tamorphose et donne naissance \u00e0 un pionnier pour conqu\u00e9rir chaque jour de son existence. En effet, apr\u00e8s un grave accident de moto survenu en 1996, J\u00e9r\u00f4me Gaudinat aurait pu vivre dans une structure d&rsquo;accueil. Il fait le choix de vivre chez lui, d\u00e8s la fin des ann\u00e9es. Dans ces circonstances, exister est un travail quotidien qui demande courage, lucidit\u00e9, capacit\u00e9 d&rsquo;analyse et d&rsquo;innovation, d\u00e9termination et s\u00e9r\u00e9nit\u00e9. (Pr\u00e9sentation de l\u2019\u00e9diteur)<br \/>\nGAUDINAT J.<br \/>\nEditeur l\u2019Harmattan<br \/>\n2022- 298p.-<br \/>\n500 gr<br \/>\nISBN\u00a0: 978-2-14-027027-7<br \/>\nCote doc\u00a0: 5-20-GAU-E<\/p>\n<span class=\"et_bloom_bottom_trigger\"><\/span>","protected":false},"excerpt":{"rendered":"<p>Le r\u00e9cit de \u00ab\u00a0L&rsquo;espoir de l&rsquo;aube\u00a0\u00bb est une odyss\u00e9e de 24 ans, comparable \u00e0 celle d&rsquo;Ulysse ou de Marco Polo.<\/p>\n","protected":false},"featured_media":2997,"comment_status":"closed","ping_status":"closed","template":"","meta":{"_et_pb_use_builder":"","_et_pb_old_content":"","_et_gb_content_width":"","spay_email":""},"class_list":["post-2996","product","type-product","status-publish","has-post-thumbnail","hentry","product_cat-livres","product_tag-accident","product_tag-autonomie","product_tag-combat","product_tag-deuil","product_tag-equite","product_tag-personne-handicapee","product_tag-projet-de-vie","product_tag-tetraplegie"],"jetpack_sharing_enabled":true,"jetpack_likes_enabled":true,"_links":{"self":[{"href":"https:\/\/www.parthages.be\/eboutique\/wp-json\/wp\/v2\/product\/2996","targetHints":{"allow":["GET"]}}],"collection":[{"href":"https:\/\/www.parthages.be\/eboutique\/wp-json\/wp\/v2\/product"}],"about":[{"href":"https:\/\/www.parthages.be\/eboutique\/wp-json\/wp\/v2\/types\/product"}],"replies":[{"embeddable":true,"href":"https:\/\/www.parthages.be\/eboutique\/wp-json\/wp\/v2\/comments?post=2996"}],"wp:featuredmedia":[{"embeddable":true,"href":"https:\/\/www.parthages.be\/eboutique\/wp-json\/wp\/v2\/media\/2997"}],"wp:attachment":[{"href":"https:\/\/www.parthages.be\/eboutique\/wp-json\/wp\/v2\/media?parent=2996"}],"curies":[{"name":"wp","href":"https:\/\/api.w.org\/{rel}","templated":true}]}}