{"id":3015,"date":"2024-02-19T14:18:35","date_gmt":"2024-02-19T13:18:35","guid":{"rendered":"https:\/\/www.parthages.be\/eboutique\/?post_type=product&#038;p=3015"},"modified":"2024-08-16T11:34:53","modified_gmt":"2024-08-16T09:34:53","slug":"langue-des-signes-et-malaise-du-sujet","status":"publish","type":"product","link":"https:\/\/www.parthages.be\/eboutique\/produit\/langue-des-signes-et-malaise-du-sujet\/","title":{"rendered":"Langue des signes et malaise du sujet"},"content":{"rendered":"<p>La langue des signes conna\u00eet aujourd\u2019hui une reconnaissance sociale indiscutable. Elle est le fruit de la mutation d\u2019une conception d\u00e9ficitaire de la surdit\u00e9 en une repr\u00e9sentation culturelle et identitaire des sourds. Dans nos soci\u00e9t\u00e9s occidentales, les sourds sont en effet aujourd\u2019hui consid\u00e9r\u00e9s comme une minorit\u00e9 sociale parmi les autres posant la question de leur inclusion dans le champ du handicap. Cette repr\u00e9sentation ne rend pourtant pas compte de la diversit\u00e9\u2028des surdit\u00e9s, des sourds, de leurs trajectoires de vie r\u00e9elles et singuli\u00e8res. Elle fait obstacle \u00e0 la compr\u00e9hension des enjeux \u00e9ducatifs, linguistiques et psychiques propres aux surdit\u00e9s cong\u00e9nitales s\u00e9v\u00e8res et profondes chez l\u2019enfant. D\u00e8s lors, que recouvrent les dynamiques militantes inscrites dans les espaces professionnels, sociaux et culturels de la surdit\u00e9 ? Plus largement, quelles images, quels espoirs, quels fantasmes la langue des signes vient-elle faire r\u00e9sonner et condenser ? Comment comprendre l\u2019\u00e9conomie psychique qui sous-tend cette fascination contemporaine pour la langue des signes ?<br \/>\nAvec le soutien du\u00a0Conseil scientifique de l\u2019universit\u00e9 Rennes 2.<br \/>\n(Pr\u00e9sentation de l\u2019\u00e9diteur)<br \/>\nGOSMAT G.<br \/>\nPresses universitaires de Rennes (PUR)<br \/>\n2023- 410p. &#8211;<br \/>\n700gr<br \/>\nISBN\u00a0: 978-2-7535-9220-9<br \/>\nCote doc\u00a0: 9-20-GOS-L<\/p>\n<span class=\"et_bloom_bottom_trigger\"><\/span>","protected":false},"excerpt":{"rendered":"<p>La langue des signes conna\u00eet aujourd\u2019hui une reconnaissance sociale indiscutable.<\/p>\n","protected":false},"featured_media":3016,"comment_status":"closed","ping_status":"closed","template":"","meta":{"_et_pb_use_builder":"","_et_pb_old_content":"","_et_gb_content_width":"","spay_email":""},"class_list":["post-3015","product","type-product","status-publish","has-post-thumbnail","hentry","product_cat-livres","product_tag-communication","product_tag-identite","product_tag-implant-cochleaire","product_tag-inclusion","product_tag-langue-des-signes","product_tag-personne-handicapee","product_tag-reconnaissance","product_tag-surdite"],"jetpack_sharing_enabled":true,"jetpack_likes_enabled":true,"_links":{"self":[{"href":"https:\/\/www.parthages.be\/eboutique\/wp-json\/wp\/v2\/product\/3015","targetHints":{"allow":["GET"]}}],"collection":[{"href":"https:\/\/www.parthages.be\/eboutique\/wp-json\/wp\/v2\/product"}],"about":[{"href":"https:\/\/www.parthages.be\/eboutique\/wp-json\/wp\/v2\/types\/product"}],"replies":[{"embeddable":true,"href":"https:\/\/www.parthages.be\/eboutique\/wp-json\/wp\/v2\/comments?post=3015"}],"wp:featuredmedia":[{"embeddable":true,"href":"https:\/\/www.parthages.be\/eboutique\/wp-json\/wp\/v2\/media\/3016"}],"wp:attachment":[{"href":"https:\/\/www.parthages.be\/eboutique\/wp-json\/wp\/v2\/media?parent=3015"}],"curies":[{"name":"wp","href":"https:\/\/api.w.org\/{rel}","templated":true}]}}