{"id":302,"date":"2013-04-04T14:09:30","date_gmt":"2013-04-04T12:09:30","guid":{"rendered":"https:\/\/www.parthages.be\/wordpress\/produit\/musique-autiste-vivre-et-composer-avec-le-syndrome-d-asperger\/"},"modified":"2022-06-03T08:32:36","modified_gmt":"2022-06-03T06:32:36","slug":"musique-autiste-vivre-et-composer-avec-le-syndrome-d-asperger","status":"publish","type":"product","link":"https:\/\/www.parthages.be\/eboutique\/produit\/musique-autiste-vivre-et-composer-avec-le-syndrome-d-asperger\/","title":{"rendered":"Musique autiste. Vivre et composer avec le syndrome d&rsquo;Asperger"},"content":{"rendered":"<p>En novembre 2007, l&rsquo;\u00e9crivain et compositeur Antoine Ouellette est diagnostiqu\u00e9 Asperger, un syndrome appartenant au spectre autistique. Dans cet ouvrage, l&rsquo;auteur t\u00e9moigne de son exp\u00e9rience et offre une visite guid\u00e9e du monde autiste. Il souhaite aussi informer et sensibiliser sur un sujet tabou, la \u00ab folie \u00bb, afin de donner un message d&rsquo;espoir aux personnes marginales et marginalis\u00e9es de notre soci\u00e9t\u00e9.<\/p>\n<p>OUELLETTE A.<\/p>\n<p>Editions Triptyque<\/p>\n<p>2011 &#8211; 310 p.-500gr<\/p>\n<p>ISBN\u00a0: 978-2-89031-729-1<\/p>\n<p>Cote doc: 1-70-OUE-M<\/p>\n<p><strong><em>Uniquement \u00e0 la location<\/em><\/strong><\/p>\n<span class=\"et_bloom_bottom_trigger\"><\/span>","protected":false},"excerpt":{"rendered":"<p>En novembre 2007, l&rsquo;\u00e9crivain et compositeur Antoine Ouellette est diagnostiqu\u00e9 Asperger, un syndrome appartenant au spectre autistique.<\/p>\n","protected":false},"featured_media":301,"comment_status":"open","ping_status":"closed","template":"","meta":{"_et_pb_use_builder":"","_et_pb_old_content":"","_et_gb_content_width":"","spay_email":""},"class_list":["post-302","product","type-product","status-publish","has-post-thumbnail","hentry","product_cat-livres","product_tag-autisme","product_tag-experience-de-vie","product_tag-musicotherapie","product_tag-syndrome-dasperger","product_tag-temoignage"],"jetpack_sharing_enabled":true,"jetpack_likes_enabled":true,"_links":{"self":[{"href":"https:\/\/www.parthages.be\/eboutique\/wp-json\/wp\/v2\/product\/302","targetHints":{"allow":["GET"]}}],"collection":[{"href":"https:\/\/www.parthages.be\/eboutique\/wp-json\/wp\/v2\/product"}],"about":[{"href":"https:\/\/www.parthages.be\/eboutique\/wp-json\/wp\/v2\/types\/product"}],"replies":[{"embeddable":true,"href":"https:\/\/www.parthages.be\/eboutique\/wp-json\/wp\/v2\/comments?post=302"}],"wp:featuredmedia":[{"embeddable":true,"href":"https:\/\/www.parthages.be\/eboutique\/wp-json\/wp\/v2\/media\/301"}],"wp:attachment":[{"href":"https:\/\/www.parthages.be\/eboutique\/wp-json\/wp\/v2\/media?parent=302"}],"curies":[{"name":"wp","href":"https:\/\/api.w.org\/{rel}","templated":true}]}}

<p>En novembre 2007, l&rsquo;écrivain et compositeur Antoine Ouellette est diagnostiqué Asperger, un syndrome appartenant au spectre autistique. Dans cet ouvrage, l&rsquo;auteur témoigne de son expérience et offre une visite guidée du monde autiste. Il souhaite aussi informer et sensibiliser sur un sujet tabou, la « folie », afin de donner un message d&rsquo;espoir aux personnes marginales et marginalisées de notre société.</p>
<p>OUELLETTE A.</p>
<p>Editions Triptyque</p>
<p>2011 &#8211; 310 p.-500gr</p>
<p>ISBN : 978-2-89031-729-1</p>
<p>Cote doc: 1-70-OUE-M</p>
<p><strong><em>Uniquement à la location</em></strong></p>
<span class="et_bloom_bottom_trigger"></span>

<p>En novembre 2007, l&rsquo;écrivain et compositeur Antoine Ouellette est diagnostiqué Asperger, un syndrome appartenant au spectre autistique.</p>
