{"id":3020,"date":"2024-02-19T14:38:02","date_gmt":"2024-02-19T13:38:02","guid":{"rendered":"https:\/\/www.parthages.be\/eboutique\/?post_type=product&#038;p=3020"},"modified":"2024-08-16T11:34:31","modified_gmt":"2024-08-16T09:34:31","slug":"accompagner-les-proches-aidants","status":"publish","type":"product","link":"https:\/\/www.parthages.be\/eboutique\/produit\/accompagner-les-proches-aidants\/","title":{"rendered":"Accompagner les proches aidants"},"content":{"rendered":"<p>Guide \u00e0 l\u2019attention des intervenants psycho-sociaux<\/p>\n<p>Accompagner les proches aidants est un ouvrage qui s&rsquo;adresse aux professionnels de la relation d&rsquo;aide. Il s&rsquo;appuie sur les nombreuses ann\u00e9es d&rsquo;exp\u00e9rience des deux auteures. Ce livre d\u00e9passe largement la description des sympt\u00f4mes et des effets de l&rsquo;\u00e9puisement. Il propose une d\u00e9marche structur\u00e9e et pragmatique, afin de comprendre les m\u00e9canismes psychologiques qui am\u00e8nent un proche aidant \u00e0 s&rsquo;\u00e9puiser. Il propose des r\u00e9flexions et des outils pratiques d&rsquo;intervention, tant en individuel qu&rsquo;en groupe. (Pr\u00e9sentation de l\u2019\u00e9diteur)<br \/>\nBRISSETTE L. &#8211;\u00a0ARCAND M.<br \/>\nl\u2019Harmattan<br \/>\n2020- 382p.<br \/>\n689 g<br \/>\nISBN\u00a0: 978-2-343-19945-0<br \/>\nCote doc\u00a0: 5-20-BRI-A<\/p>\n<span class=\"et_bloom_bottom_trigger\"><\/span>","protected":false},"excerpt":{"rendered":"<p>Guide \u00e0 l\u2019attention des intervenants psycho-sociaux<\/p>\n","protected":false},"featured_media":3021,"comment_status":"closed","ping_status":"closed","template":"","meta":{"_et_pb_use_builder":"","_et_pb_old_content":"","_et_gb_content_width":"","spay_email":""},"class_list":["post-3020","product","type-product","status-publish","has-post-thumbnail","hentry","product_cat-livres","product_tag-accompagnement","product_tag-aidants-proches","product_tag-approche-psycho-educative","product_tag-epuisement","product_tag-guide","product_tag-intervenant","product_tag-outils"],"jetpack_sharing_enabled":true,"jetpack_likes_enabled":true,"_links":{"self":[{"href":"https:\/\/www.parthages.be\/eboutique\/wp-json\/wp\/v2\/product\/3020","targetHints":{"allow":["GET"]}}],"collection":[{"href":"https:\/\/www.parthages.be\/eboutique\/wp-json\/wp\/v2\/product"}],"about":[{"href":"https:\/\/www.parthages.be\/eboutique\/wp-json\/wp\/v2\/types\/product"}],"replies":[{"embeddable":true,"href":"https:\/\/www.parthages.be\/eboutique\/wp-json\/wp\/v2\/comments?post=3020"}],"wp:featuredmedia":[{"embeddable":true,"href":"https:\/\/www.parthages.be\/eboutique\/wp-json\/wp\/v2\/media\/3021"}],"wp:attachment":[{"href":"https:\/\/www.parthages.be\/eboutique\/wp-json\/wp\/v2\/media?parent=3020"}],"curies":[{"name":"wp","href":"https:\/\/api.w.org\/{rel}","templated":true}]}}