{"id":3022,"date":"2024-02-19T14:39:38","date_gmt":"2024-02-19T13:39:38","guid":{"rendered":"https:\/\/www.parthages.be\/eboutique\/?post_type=product&#038;p=3022"},"modified":"2024-08-16T11:34:22","modified_gmt":"2024-08-16T09:34:22","slug":"cyber-harcelee-10-etapes-pour-comprendre-et-lutter","status":"publish","type":"product","link":"https:\/\/www.parthages.be\/eboutique\/produit\/cyber-harcelee-10-etapes-pour-comprendre-et-lutter\/","title":{"rendered":"Cyber harcel\u00e9e. 10 \u00e9tapes pour comprendre et lutter"},"content":{"rendered":"<p>\u00ab\u00a0Ce livre est une trousse de premiers soins. Puis une r\u00e9serve de munitions.\u00a0\u00bb Myriam Leroy<br \/>\n85% des filles et des femmes connect\u00e9es \u00e0 Internet sont confront\u00e9es \u00e0 des cyberviolences.<br \/>\nTrop souvent consid\u00e9r\u00e9 comme un mal virtuel sans grande importance, le cyberharc\u00e8lement a un effet sur presque toutes, anonymes ou figures publiques, avec des s\u00e9quelles physiques et psychologiques d\u00e9vastatrices. Pour l&rsquo;\u00e9viter, les femmes se retirent petit \u00e0 petit du d\u00e9bat d\u00e9mocratique, tant en ligne que hors ligne.<br \/>\nDans ce livre d\u2019utilit\u00e9 publique, Florence Hainaut nous donne les codes pour comprendre le fonctionnement du cyberharc\u00e8lement misogyne et nous livre les cl\u00e9s pour s\u2019en prot\u00e9ger, s\u2019en d\u00e9fendre ou s\u2019en remettre. (Pr\u00e9sentation de l\u2019\u00e9diteur)<\/p>\n<p>HAINAUT F.<br \/>\nEditions De Boeck Sup\u00e9rieur<br \/>\n2023-144 p.-<br \/>\n204gr<br \/>\nISBN\u00a0: 978-2-8073-5147-9<br \/>\nCote doc\u00a0: 10-30-HAI-C<\/p>\n<span class=\"et_bloom_bottom_trigger\"><\/span>","protected":false},"excerpt":{"rendered":"<p>\u00ab\u00a0Ce livre est une trousse de premiers soins. Puis une r\u00e9serve de munitions.\u00a0\u00bb Myriam Leroy<br \/>\n85% des filles et des femmes connect\u00e9es \u00e0 Internet sont confront\u00e9es \u00e0 des cyberviolences.<\/p>\n","protected":false},"featured_media":3023,"comment_status":"closed","ping_status":"closed","template":"","meta":{"_et_pb_use_builder":"","_et_pb_old_content":"","_et_gb_content_width":"","spay_email":""},"class_list":["post-3022","product","type-product","status-publish","has-post-thumbnail","hentry","product_cat-livres","product_tag-conseils","product_tag-femme","product_tag-harcelement","product_tag-internet","product_tag-misogynie","product_tag-sensibilisation","product_tag-violence"],"jetpack_sharing_enabled":true,"jetpack_likes_enabled":true,"_links":{"self":[{"href":"https:\/\/www.parthages.be\/eboutique\/wp-json\/wp\/v2\/product\/3022","targetHints":{"allow":["GET"]}}],"collection":[{"href":"https:\/\/www.parthages.be\/eboutique\/wp-json\/wp\/v2\/product"}],"about":[{"href":"https:\/\/www.parthages.be\/eboutique\/wp-json\/wp\/v2\/types\/product"}],"replies":[{"embeddable":true,"href":"https:\/\/www.parthages.be\/eboutique\/wp-json\/wp\/v2\/comments?post=3022"}],"wp:featuredmedia":[{"embeddable":true,"href":"https:\/\/www.parthages.be\/eboutique\/wp-json\/wp\/v2\/media\/3023"}],"wp:attachment":[{"href":"https:\/\/www.parthages.be\/eboutique\/wp-json\/wp\/v2\/media?parent=3022"}],"curies":[{"name":"wp","href":"https:\/\/api.w.org\/{rel}","templated":true}]}}