{"id":3036,"date":"2024-02-20T10:49:31","date_gmt":"2024-02-20T09:49:31","guid":{"rendered":"https:\/\/www.parthages.be\/eboutique\/?post_type=product&#038;p=3036"},"modified":"2024-08-16T10:29:24","modified_gmt":"2024-08-16T08:29:24","slug":"handicap-et-travail-ordinaire-comment-favoriser-linclusion","status":"publish","type":"product","link":"https:\/\/www.parthages.be\/eboutique\/produit\/handicap-et-travail-ordinaire-comment-favoriser-linclusion\/","title":{"rendered":"Handicap et travail ordinaire: comment favoriser l&rsquo;inclusion?"},"content":{"rendered":"<p>Approche juridique et psychologique de l&rsquo;inclusion\u00a0professionnelle des personnes handicap\u00e9es<br \/>\nEn premi\u00e8re partie, nous verrons que l&rsquo;inclusion des personnes en situation de handicap au sein du milieu de travail ordinaire passe par une s\u00e9rie de mesures: l&rsquo;existence de quotas d&#8217;embauche, les lois contre la discrimination, des incitants financiers, &#8230; Nous chercherons \u00e0 comprendre l&rsquo;impact de celles-ci. Nous nous pencherons \u00e9galement sur la question de la collaboration des acteurs concern\u00e9s, en ciblant une partie de ceux-ci, \u00e0 savoir : le travailleur en situation de handicap, l&#8217;employeur, le m\u00e9decin du travail, le m\u00e9decin traitant, le m\u00e9decin-conseil mandat\u00e9 par l&rsquo;Inami. A travers ces points, nous aborderons aussi la probl\u00e9matique des am\u00e9nagements raisonnables. Nous analyserons dans la seconde partie ce qui peut constituer des freins \u00e0 l&#8217;embauche de la personne en situation de handicap. Nous aborderons la question des st\u00e9r\u00e9otypes et pr\u00e9jug\u00e9s, les r\u00e9actions possibles des employeurs face \u00e0 la contrainte l\u00e9gale constitu\u00e9e par les quotas et leurs motivations lorsqu&rsquo;ils n&rsquo;y sont pas soumis, les effets de la pr\u00e9sence d&rsquo;une personne en situation de handicap dans les relations entre coll\u00e8gues et enfin la question de l&rsquo;identit\u00e9 du travailleur en situation de handicap. (Pr\u00e9sentation de l\u2019\u00e9diteur)<br \/>\nVANROESSEL F.<\/p>\n<p>Editions Universitaires Europ\u00e9ennes<br \/>\n2018- 108p.-<br \/>\n209gr<br \/>\nISBN\u00a0: 978-3-639-62210-2<br \/>\nCote doc\u00a0: 4-60-VAN-H<\/p>\n<span class=\"et_bloom_bottom_trigger\"><\/span>","protected":false},"excerpt":{"rendered":"<p>Approche juridique et psychologique de l&rsquo;inclusion\u00a0professionnelle des personnes handicap\u00e9es<\/p>\n","protected":false},"featured_media":3037,"comment_status":"closed","ping_status":"closed","template":"","meta":{"_et_pb_use_builder":"","_et_pb_old_content":"","_et_gb_content_width":"","spay_email":""},"class_list":["post-3036","product","type-product","status-publish","has-post-thumbnail","hentry","product_cat-livres","product_tag-approche-juridique","product_tag-discrimination","product_tag-emploi","product_tag-identite","product_tag-inclusion-professionnelle","product_tag-personne-handicapee","product_tag-quota","product_tag-relation-employeur-employe","product_tag-travail-ordinaire"],"jetpack_sharing_enabled":true,"jetpack_likes_enabled":true,"_links":{"self":[{"href":"https:\/\/www.parthages.be\/eboutique\/wp-json\/wp\/v2\/product\/3036","targetHints":{"allow":["GET"]}}],"collection":[{"href":"https:\/\/www.parthages.be\/eboutique\/wp-json\/wp\/v2\/product"}],"about":[{"href":"https:\/\/www.parthages.be\/eboutique\/wp-json\/wp\/v2\/types\/product"}],"replies":[{"embeddable":true,"href":"https:\/\/www.parthages.be\/eboutique\/wp-json\/wp\/v2\/comments?post=3036"}],"wp:featuredmedia":[{"embeddable":true,"href":"https:\/\/www.parthages.be\/eboutique\/wp-json\/wp\/v2\/media\/3037"}],"wp:attachment":[{"href":"https:\/\/www.parthages.be\/eboutique\/wp-json\/wp\/v2\/media?parent=3036"}],"curies":[{"name":"wp","href":"https:\/\/api.w.org\/{rel}","templated":true}]}}

<p>Approche juridique et psychologique de l&rsquo;inclusion professionnelle des personnes handicapées<br />
En première partie, nous verrons que l&rsquo;inclusion des personnes en situation de handicap au sein du milieu de travail ordinaire passe par une série de mesures: l&rsquo;existence de quotas d&#8217;embauche, les lois contre la discrimination, des incitants financiers, &#8230; Nous chercherons à comprendre l&rsquo;impact de celles-ci. Nous nous pencherons également sur la question de la collaboration des acteurs concernés, en ciblant une partie de ceux-ci, à savoir : le travailleur en situation de handicap, l&#8217;employeur, le médecin du travail, le médecin traitant, le médecin-conseil mandaté par l&rsquo;Inami. A travers ces points, nous aborderons aussi la problématique des aménagements raisonnables. Nous analyserons dans la seconde partie ce qui peut constituer des freins à l&#8217;embauche de la personne en situation de handicap. Nous aborderons la question des stéréotypes et préjugés, les réactions possibles des employeurs face à la contrainte légale constituée par les quotas et leurs motivations lorsqu&rsquo;ils n&rsquo;y sont pas soumis, les effets de la présence d&rsquo;une personne en situation de handicap dans les relations entre collègues et enfin la question de l&rsquo;identité du travailleur en situation de handicap. (Présentation de l’éditeur)<br />
VANROESSEL F.</p>
<p>Editions Universitaires Européennes<br />
2018- 108p.-<br />
209gr<br />
ISBN : 978-3-639-62210-2<br />
Cote doc : 4-60-VAN-H</p>
<span class="et_bloom_bottom_trigger"></span>

<p>Approche juridique et psychologique de l&rsquo;inclusion professionnelle des personnes handicapées</p>
